Select a Year or Month report
Report for 2014 Feb
Monthly Climatological Summary for Feb 2014
Name: Reigate Weather City: Reigate State: Surrey, United Kingdom
Elevation: 71 m Lat: N 51° 14' 04" Lon: W 000° 12' 00"
Temperature (°C), Rain (mm), Wind Speed (mph)
Heat Cool Avg
Mean Deg Deg Wind Dom
Day Temp High Time Low Time Days Days Rain Speed High Time Dir
----------------------------------------------------------------------------------
1 6.3 8.9 00:57 3.8 09:23 12.0 0.0 5.7 3.8 26.4 15:09 SSW
2 6.2 10.9 13:13 2.9 23:53 12.1 0.0 0.0 1.8 23.9 10:07 SSW
3 5.3 8.2 14:23 2.7 00:08 13.2 0.0 0.0 1.2 15.3 14:27 WSW
4 5.9 9.2 13:38 2.8 08:43 12.4 0.0 7.8 2.5 25.0 21:51 SW
5 7.2 8.8 18:06 5.1 01:45 11.1 0.0 10.4 6.8 34.7 17:11 SSW
6 7.2 9.2 18:57 5.4 13:55 11.2 0.0 14.5 2.6 25.7 17:59 SSW
7 7.4 10.1 14:43 3.6 08:17 10.9 0.0 5.7 3.4 34.7 14:07 SSW
8 7.0 8.3 05:07 5.6 20:01 11.3 0.0 14.5 6.5 38.8 10:26 SSW
9 6.1 9.2 14:46 3.3 20:02 12.3 0.0 0.5 5.5 31.2 12:55 SW
10 5.1 9.8 13:25 1.6 23:59 13.2 0.0 2.1 0.5 13.9 14:14 SSW
11 3.8 8.1 15:01 -0.7 04:04 14.5 0.0 5.7 2.1 32.2 11:35 SSW
12 5.1 7.6 12:14 1.3 01:15 13.3 0.0 7.3 5.0 38.5 13:30 SSW
13 4.5 8.4 13:16 0.6 06:39 13.8 0.0 0.0 2.4 25.0 15:30 SSW
14 5.0 10.8 19:00 -0.4 03:55 13.3 0.0 15.5 3.4 39.2 19:00 SSW
15 6.4 10.9 12:28 -0.4 03:52 25.5 0.0 19.2 6.5 39.2 18:58 SSW
16 4.0 11.3 13:49 -1.2 07:07 14.3 0.0 0.0 0.7 14.6 14:28 SSW
17 6.3 10.1 13:27 1.5 04:31 12.0 0.0 3.6 1.4 21.8 12:07 SSW
18 6.8 10.1 14:41 1.1 23:58 11.5 0.0 3.6 0.2 13.9 13:26 SSW
19 5.6 8.8 13:30 0.4 02:10 12.7 0.0 1.0 0.4 13.9 23:01 SSW
20 8.8 11.9 15:11 4.9 22:18 9.5 0.0 4.7 2.6 22.2 07:56 SSW
21 5.5 11.0 13:31 0.4 06:10 12.8 0.0 0.0 2.4 26.4 16:38 SSW
22 6.7 12.9 13:26 0.8 07:51 12.4 0.0 0.0 1.6 25.0 13:13 SSW
23 9.4 11.4 15:44 8.0 01:37 9.0 0.0 0.5 4.2 31.9 10:40 SSW
24 9.6 14.8 13:05 4.3 07:32 8.8 0.0 0.0 2.6 31.6 23:47 SSW
25 7.9 10.5 00:02 5.1 21:45 10.5 0.0 5.2 3.2 21.8 00:32 SSW
26 5.7 11.8 13:13 -0.1 07:25 12.8 0.0 0.0 0.9 11.1 10:30 SSW
27 6.3 11.6 13:12 0.2 23:56 12.1 0.0 8.8 2.3 16.3 07:01 SSW
28 5.1 11.8 12:20 -0.1 00:21 13.3 0.0 8.3 0.6 17.0 17:44 N
----------------------------------------------------------------------------------
6.3 14.8 24 -1.2 16 351.8 0.0 144.6 2.7 39.2 14 SSW
Max >= 25.0: 0
Max <= 0.0: 0
Min <= 0.0: 6
Min <= -5.0: 0
Max Rain: 19.2 on day 15
Days of Rain: 20 (>= 0.2 mm) 17 (>= 2.0 mm) 0 (>= 20.0 mm)
Heat Base: 18.3 Cool Base: 18.3 Method: Integration