Select a Year or Month report
Report for 2014 Jan
Monthly Climatological Summary for Jan 2014
Name: Reigate Weather City: Reigate State: Surrey, United Kingdom
Elevation: 71 m Lat: N 51° 14' 04" Lon: W 000° 12' 00"
Temperature (°C), Rain (mm), Wind Speed (mph)
Heat Cool Avg
Mean Deg Deg Wind Dom
Day Temp High Time Low Time Days Days Rain Speed High Time Dir
----------------------------------------------------------------------------------
1 8.2 10.1 19:49 5.3 01:00 10.2 0.0 19.7 5.0 31.2 15:22 S
2 8.1 10.4 14:38 5.1 08:48 10.3 0.0 7.8 2.3 23.9 22:07 S
3 7.9 9.9 02:06 5.9 17:30 10.4 0.0 8.3 5.7 51.0 15:42 S
4 6.8 8.9 10:25 0.5 23:55 11.6 0.0 9.8 2.4 31.6 08:20 S
5 3.7 11.4 23:50 -1.5 07:25 14.7 0.0 8.3 1.9 19.1 15:56 S
6 10.5 11.9 01:45 8.2 08:19 7.8 0.0 8.8 6.3 30.2 07:15 S
7 9.6 10.9 13:23 7.5 23:56 8.7 0.0 4.7 5.5 28.4 07:26 S
8 8.6 10.9 23:33 6.3 03:26 9.8 0.0 2.1 1.2 17.0 10:25 S
9 7.7 11.1 02:53 0.4 23:48 10.6 0.0 0.5 3.7 33.3 06:41 SSW
10 3.8 10.1 13:42 -1.3 07:35 14.6 0.0 3.1 0.6 11.8 13:37 S
11 5.2 9.6 13:17 -1.4 23:52 13.2 0.0 1.0 0.6 9.7 10:05 SSE
12 3.1 9.0 23:53 -2.1 03:17 15.3 0.0 6.2 0.5 12.5 11:26 SSW
13 5.9 9.3 13:41 1.6 08:56 12.5 0.0 1.0 1.1 15.9 00:48 S
14 3.8 7.6 14:06 1.2 08:31 14.6 0.0 2.1 0.6 8.3 14:41 SSW
15 8.8 9.8 11:45 5.5 00:02 9.6 0.0 5.2 1.7 20.1 16:58 S
16 7.9 9.8 13:33 6.1 08:21 10.4 0.0 9.8 2.3 25.3 22:26 S
17 6.0 6.9 11:52 4.2 21:11 12.4 0.0 18.7 1.3 21.2 00:18 S
18 7.8 9.8 13:00 6.9 00:00 10.6 0.0 0.5 0.6 19.8 14:11 SW
19 5.6 9.9 14:12 -0.1 22:41 12.7 0.0 0.5 0.3 10.7 11:18 SSW
20 2.3 8.5 14:35 -1.4 07:12 16.1 0.0 0.5 0.0 2.4 13:35 S
21 4.0 8.7 14:38 0.6 00:15 14.3 0.0 0.0 0.5 19.1 23:46 SW
22 6.8 10.3 13:34 5.4 23:58 11.6 0.0 5.7 0.2 8.3 00:18 SW
23 4.3 8.1 14:24 1.8 08:13 14.0 0.0 1.0 0.8 12.1 18:25 SE
24 4.4 7.7 14:56 0.4 02:29 14.1 0.0 5.7 0.3 9.0 16:07 SW
25 7.5 11.4 13:47 4.3 23:53 10.8 0.0 3.6 1.8 29.8 16:38 S
26 5.0 9.0 15:29 2.6 21:03 13.4 0.0 7.8 2.1 24.3 11:56 SSW
27 4.0 7.9 14:26 1.2 05:25 14.4 0.0 0.0 1.7 22.5 11:55 SSW
28 5.4 8.7 11:48 3.6 00:03 12.9 0.0 13.0 1.1 21.8 12:41 SSW
29 3.7 4.8 00:59 2.6 21:43 14.7 0.0 14.5 0.2 8.3 09:13 W
30 3.3 5.9 15:44 -0.1 21:55 15.0 0.0 2.6 0.0 3.1 06:06 ---
31 4.3 8.4 23:26 0.6 00:03 14.0 0.0 21.8 2.3 23.2 19:30 SSW
----------------------------------------------------------------------------------
5.9 11.9 6 -2.1 12 385.3 0.0 194.3 1.8 51.0 3 S
Max >= 25.0: 0
Max <= 0.0: 0
Min <= 0.0: 7
Min <= -5.0: 0
Max Rain: 21.8 on day 31
Days of Rain: 29 (>= 0.2 mm) 22 (>= 2.0 mm) 1 (>= 20.0 mm)
Heat Base: 18.3 Cool Base: 18.3 Method: Integration