Select a Year or Month report
Report for 2013 Dec
Monthly Climatological Summary for Dec 2013
Name: Reigate Weather City: Reigate State: Surrey, United Kingdom
Elevation: 71 m Lat: N 51° 14' 04" Lon: W 000° 12' 00"
Temperature (°C), Rain (mm), Wind Speed (mph)
Heat Cool Avg
Mean Deg Deg Wind Dom
Day Temp High Time Low Time Days Days Rain Speed High Time Dir
----------------------------------------------------------------------------------
1 4.7 8.3 13:48 -0.2 03:22 13.9 0.0 0.0 0.0 6.7 13:17 ESE
2 6.2 8.8 12:56 2.9 20:18 12.2 0.0 0.0 0.1 4.8 10:06 NNE
3 5.2 6.2 12:17 3.9 00:04 13.3 0.0 0.0 0.0 3.6 21:18 SSE
4 4.6 8.3 11:46 -1.3 22:25 13.8 0.0 0.0 0.2 8.1 10:48 SSW
5 3.6 9.8 14:08 -3.2 05:50 14.7 0.0 1.0 2.1 23.5 16:15 S
6 4.5 8.4 13:03 -0.1 05:30 13.9 0.0 0.0 0.3 5.3 09:53 SE
7 6.7 8.8 14:37 4.0 01:12 11.6 0.0 0.0 0.4 8.4 14:55 S
8 6.4 12.1 14:05 1.3 05:55 12.0 0.0 0.0 0.6 12.9 13:28 S
9 5.1 11.4 14:27 1.1 23:59 13.4 0.0 0.0 0.1 3.2 19:19 SSW
10 3.1 8.8 14:14 -0.4 03:34 15.2 0.0 0.5 0.0 2.5 16:47 S
11 1.6 9.9 14:00 -2.5 08:07 16.9 0.0 0.0 0.0 2.0 20:39 S
12 3.6 7.5 14:31 -1.2 03:43 14.8 0.0 0.5 0.0 1.1 11:41 SW
13 8.7 10.6 14:19 6.6 22:56 9.7 0.0 3.1 0.3 11.5 13:50 S
14 6.6 10.5 13:49 0.1 08:05 11.7 0.0 2.6 2.1 22.1 20:57 S
15 10.1 11.4 21:43 6.2 07:59 8.2 0.0 9.3 2.0 17.9 21:55 S
16 10.3 11.4 02:35 7.3 23:57 8.0 0.0 11.4 3.0 21.3 07:54 S
17 5.4 7.3 00:00 3.9 07:16 12.9 0.0 7.3 0.2 8.1 01:22 NNW
18 7.5 9.3 12:50 3.4 08:15 10.8 0.0 9.8 2.7 24.6 22:15 S
19 5.4 10.1 14:10 1.3 23:56 12.9 0.0 5.2 0.6 19.6 00:42 S
20 4.3 9.6 14:23 -1.2 07:37 14.0 0.0 0.0 2.0 22.1 19:47 S
21 9.6 10.9 19:39 8.3 23:44 8.8 0.0 13.5 4.8 26.8 15:55 S
22 6.8 10.6 13:23 2.9 23:54 11.5 0.0 2.1 1.8 19.6 12:18 S
23 7.6 10.7 21:36 0.8 04:39 10.7 0.0 23.6 5.4 39.2 23:25 S
24 7.4 10.6 00:00 4.8 23:52 10.9 0.0 23.8 3.9 38.1 00:42 S
25 3.2 5.1 12:52 1.2 05:47 15.2 0.0 3.6 0.1 7.3 22:31 S
26 3.0 7.3 14:33 0.4 19:30 15.4 0.0 0.5 0.4 22.2 23:13 S
27 8.3 10.3 12:14 5.9 23:50 10.0 0.0 6.2 5.5 32.2 03:13 S
28 3.6 9.1 13:12 0.4 22:14 14.9 0.0 0.0 0.3 12.1 13:02 S
29 2.0 8.6 14:26 -2.1 07:54 16.3 0.0 0.0 0.4 12.8 22:22 S
30 7.7 10.0 14:15 3.8 23:10 10.7 0.0 8.3 3.8 31.6 11:40 S
31 7.1 9.8 11:29 3.3 20:20 11.2 0.0 8.3 2.1 24.6 12:07 S
----------------------------------------------------------------------------------
5.8 12.1 8 -3.2 5 389.5 0.0 140.6 1.5 39.2 23 S
Max >= 25.0: 0
Max <= 0.0: 0
Min <= 0.0: 9
Min <= -5.0: 0
Max Rain: 23.8 on day 24
Days of Rain: 19 (>= 0.2 mm) 15 (>= 2.0 mm) 2 (>= 20.0 mm)
Heat Base: 18.3 Cool Base: 18.3 Method: Integration