Select a Year or Month report
Report for 2013 Nov
Monthly Climatological Summary for Nov 2013
Name: Reigate Weather City: Reigate State: Surrey, United Kingdom
Elevation: 71 m Lat: N 51° 14' 04" Lon: W 000° 12' 00"
Temperature (°C), Rain (mm), Wind Speed (mph)
Heat Cool Avg
Mean Deg Deg Wind Dom
Day Temp High Time Low Time Days Days Rain Speed High Time Dir
----------------------------------------------------------------------------------
1 11.8 13.2 14:28 10.8 08:28 6.5 0.0 1.0 0.9 3.9 16:28 SSW
2 11.1 15.8 14:28 9.9 06:28 7.2 0.0 2.6 2.1 6.7 16:28 S
3 9.0 11.3 14:29 6.9 08:28 12.9 0.0 9.8 2.6 10.1 15:45 SW
4 6.4 11.6 00:59 1.8 22:55 16.0 0.0 13.0 1.2 5.9 00:59 NE
5 8.0 12.3 13:56 0.8 00:55 14.9 0.0 8.5 1.1 7.8 16:01 W
6 11.0 14.9 16:24 8.4 04:49 8.5 0.0 1.6 0.6 4.5 18:36 SSW
7 9.8 13.9 00:36 4.8 23:58 9.2 0.0 1.0 0.2 13.1 00:36 SE
8 6.4 13.7 12:32 1.8 04:13 12.0 0.0 5.7 0.2 3.6 21:28 SW
9 4.1 7.1 14:44 -0.1 07:38 14.3 0.0 6.2 0.0 3.6 17:20 SW
10 4.6 11.1 13:40 -0.3 23:25 13.8 0.0 1.0 0.3 13.1 12:44 NE
11 8.0 11.8 20:36 -0.3 00:00 10.4 0.0 6.7 0.4 9.5 08:10 S
12 9.9 12.4 01:29 4.6 23:55 8.4 0.0 1.0 0.2 11.7 06:55 N
13 4.6 11.8 13:11 -0.7 07:36 13.8 0.0 0.5 0.1 4.8 12:56 S
14 7.0 10.1 13:23 3.8 23:39 11.3 0.0 0.5 1.2 10.3 18:48 SE
15 4.7 11.6 13:00 1.1 23:53 13.6 0.0 0.0 0.3 6.7 05:48 N
16 4.4 11.9 13:25 -1.2 07:03 14.0 0.0 0.0 0.1 7.8 13:37 ESE
17 7.7 8.9 13:33 6.3 04:50 10.7 0.0 0.0 0.0 7.5 09:22 N
18 7.8 9.0 15:01 6.1 23:51 10.7 0.0 1.0 0.1 7.8 19:45 NNE
19 3.1 7.3 13:30 -1.1 23:55 15.4 0.0 0.0 0.4 12.0 14:33 NNE
20 2.0 6.4 12:29 -2.2 04:50 16.4 0.0 9.3 0.6 7.8 10:33 SSW
21 4.0 6.9 14:23 1.8 00:02 14.4 0.0 2.1 0.9 20.1 07:42 NNW
22 4.4 8.6 13:45 1.6 03:23 14.0 0.0 0.5 0.9 10.6 18:12 NNW
23 4.8 8.4 12:38 2.5 07:01 13.6 0.0 0.0 0.5 13.4 14:38 NNW
24 5.7 7.6 12:39 2.9 23:59 12.6 0.0 0.0 0.4 11.2 15:23 NNW
25 4.7 6.9 12:48 2.9 00:04 13.7 0.0 0.0 0.2 6.7 12:58 N
26 4.8 7.8 14:14 2.3 09:19 13.6 0.0 0.0 0.1 4.2 06:29 NNE
27 6.9 8.6 14:39 4.9 01:49 11.5 0.0 0.5 0.0 2.2 07:01 W
28 8.4 9.2 14:29 7.6 23:45 9.9 0.0 0.0 0.0 7.8 20:46 NNW
29 7.7 9.4 12:29 5.8 23:45 10.7 0.0 0.0 1.0 10.9 22:45 E
30 5.8 9.9 13:21 1.9 23:52 12.7 0.0 0.0 0.7 71.6 15:52 N
----------------------------------------------------------------------------------
6.6 15.8 2 -2.2 20 366.7 0.0 72.5 0.4 71.6 30 SSW
Max >= 25.0: 0
Max <= 0.0: 0
Min <= 0.0: 7
Min <= -5.0: 0
Max Rain: 13.0 on day 4
Days of Rain: 19 (>= 0.2 mm) 9 (>= 2.0 mm) 0 (>= 20.0 mm)
Heat Base: 18.3 Cool Base: 18.3 Method: Integration