Select a Year or Month report
Report for 2013 Sep
Monthly Climatological Summary for Sep 2013
Name: Reigate Weather City: Reigate State: Surrey, United Kingdom
Elevation: 71 m Lat: N 51° 14' 04" Lon: W 000° 12' 00"
Temperature (°C), Rain (mm), Wind Speed (mph)
Heat Cool Avg
Mean Deg Deg Wind Dom
Day Temp High Time Low Time Days Days Rain Speed High Time Dir
----------------------------------------------------------------------------------
1 14.8 20.8 14:46 8.3 06:25 3.8 0.4 0.0 0.4 10.6 14:02 SE
2 17.7 26.4 16:00 9.2 06:34 2.8 2.3 0.0 0.3 6.2 14:38 ESE
3 19.2 28.3 16:09 12.3 06:48 1.7 2.6 0.0 0.0 4.5 18:40 SSW
4 19.9 30.7 16:42 11.3 06:47 2.3 3.9 0.0 0.3 7.0 12:12 SW
5 21.2 31.4 16:03 13.4 06:29 1.5 4.4 0.0 0.1 8.1 16:50 SE
6 15.1 18.5 17:38 10.6 23:11 3.2 0.0 5.7 0.3 9.2 15:03 S
7 13.2 19.3 14:04 8.9 23:46 5.2 0.0 2.1 0.6 13.1 16:56 SSW
8 10.6 16.7 11:55 6.4 06:47 7.7 0.0 3.6 0.5 12.9 13:40 SSW
9 10.7 14.3 13:12 6.3 02:09 7.7 0.0 3.6 0.0 3.6 18:26 N
10 12.3 17.8 15:17 8.4 05:17 6.0 0.0 0.5 0.7 7.3 18:48 ENE
11 13.4 16.4 13:39 11.3 06:08 4.9 0.0 1.5 0.4 6.7 10:56 ENE
12 14.5 18.1 16:21 12.1 02:03 3.8 0.0 1.5 0.1 5.0 19:06 SSW
13 16.6 19.1 13:14 14.6 00:02 1.8 0.1 18.7 0.1 9.2 23:03 SSW
14 11.4 15.9 00:03 8.2 23:55 6.9 0.0 1.6 0.4 8.9 11:15 ESE
15 10.4 15.0 21:14 4.1 06:20 7.9 0.0 4.1 1.7 23.2 12:39 SSW
16 10.4 15.3 15:31 5.7 06:44 8.0 0.0 0.0 1.1 12.3 10:26 E
17 10.3 14.9 20:31 4.4 02:42 8.1 0.0 6.2 0.6 7.5 12:26 S
18 12.3 16.1 13:39 7.6 23:55 6.0 0.0 2.1 0.4 5.6 17:47 ENE
19 10.8 15.4 18:11 5.4 04:40 7.6 0.0 0.5 0.9 14.0 15:29 SSW
20 13.5 20.9 15:46 8.8 01:44 5.1 0.3 0.0 0.2 4.8 16:16 SE
21 13.4 17.5 15:27 8.3 02:48 4.9 0.0 0.0 0.4 10.1 13:17 SSW
22 16.5 18.8 15:18 11.8 23:47 1.9 0.0 0.0 0.0 0.0 00:00 E
23 15.1 21.7 17:59 10.7 02:07 3.6 0.4 0.0 0.0 3.1 19:04 SW
24 16.1 25.4 15:11 9.9 03:39 3.7 1.4 0.0 0.0 0.0 00:04 E
25 16.2 21.9 14:54 11.8 02:24 2.8 0.7 3.6 0.0 0.0 00:04 E
26 15.1 19.0 15:39 11.5 23:57 3.2 0.0 0.0 0.0 0.0 00:04 E
27 12.9 18.9 15:05 8.7 05:42 5.4 0.0 0.0 0.1 6.4 17:58 WSW
28 14.6 17.7 11:51 11.9 00:02 3.7 0.0 0.5 0.2 8.7 20:53 WSW
29 14.5 18.2 12:15 12.8 05:10 3.8 0.0 0.0 0.6 12.0 13:17 WSW
30 14.7 18.8 15:33 12.1 21:27 3.7 0.0 0.0 0.0 3.9 22:41 SW
----------------------------------------------------------------------------------
14.2 31.4 5 4.1 15 138.7 16.5 55.8 0.4 23.2 15 S
Max >= 25.0: 5
Max <= 0.0: 0
Min <= 0.0: 0
Min <= -5.0: 0
Max Rain: 18.7 on day 13
Days of Rain: 15 (>= 0.2 mm) 9 (>= 2.0 mm) 0 (>= 20.0 mm)
Heat Base: 18.3 Cool Base: 18.3 Method: Integration