Select a Year or Month report
Report for 2013 Aug
Monthly Climatological Summary for Aug 2013
Name: Reigate Weather City: Reigate State: Surrey, United Kingdom
Elevation: 71 m Lat: N 51° 14' 04" Lon: W 000° 12' 00"
Temperature (°C), Rain (mm), Wind Speed (mph)
Heat Cool Avg
Mean Deg Deg Wind Dom
Day Temp High Time Low Time Days Days Rain Speed High Time Dir
----------------------------------------------------------------------------------
1 24.0 34.3 16:24 15.0 05:21 0.6 6.3 0.0 0.6 15.9 16:04 SW
2 19.6 25.7 16:49 16.3 04:52 0.5 1.8 1.6 0.8 12.9 12:36 SSW
3 18.2 24.3 16:30 14.3 04:51 1.6 1.5 4.7 1.4 18.2 14:02 SW
4 18.4 24.0 16:30 13.8 04:21 1.4 1.5 0.0 1.2 13.7 16:50 SW
5 18.5 23.9 16:34 15.8 23:17 0.9 1.2 4.1 0.7 9.5 17:12 SSW
6 17.8 25.4 16:12 11.9 06:32 2.2 1.7 0.0 0.2 5.9 18:19 SSE
7 17.8 24.4 14:19 12.9 04:49 2.1 1.6 0.0 0.2 6.2 14:39 WSW
8 17.3 25.9 15:19 9.9 06:22 2.8 1.8 0.0 0.4 17.6 17:52 SW
9 19.0 25.1 16:24 14.9 02:12 1.3 2.0 2.1 0.7 8.1 16:18 S
10 17.2 21.3 15:44 12.7 06:44 1.9 0.8 0.0 0.4 3.6 14:14 SSE
11 18.0 23.8 15:44 13.7 23:14 1.6 1.3 0.0 0.7 4.2 18:44 SSW
12 16.4 20.6 14:14 11.9 06:44 2.5 0.6 0.0 0.7 5.6 12:44 S
13 15.1 20.6 14:14 10.9 05:14 3.5 0.3 0.0 0.3 3.1 11:14 ESE
14 15.5 22.3 15:44 9.2 06:44 3.6 0.8 0.5 0.2 3.9 15:44 SW
15 19.1 23.3 14:14 15.9 00:44 0.7 1.5 0.0 1.5 6.4 09:44 S
16 17.7 19.9 18:44 15.2 23:39 0.0 0.6 1.0 0.2 4.5 19:10 SW
17 16.6 19.9 18:44 12.8 05:39 3.9 0.3 1.6 2.6 17.6 16:18 SW
18 17.5 22.9 14:54 14.6 06:44 1.3 0.5 1.6 0.9 11.5 14:46 SSW
19 17.3 23.8 17:03 10.9 06:26 2.4 1.3 0.0 0.3 8.4 14:32 ESE
20 17.9 26.9 15:14 10.9 05:07 2.8 2.4 0.0 0.3 7.5 19:49 SW
21 18.1 27.4 16:44 9.9 05:54 2.8 2.6 0.0 0.5 11.7 16:03 SSW
22 18.8 24.6 16:16 15.9 06:23 0.9 1.3 6.7 0.1 5.0 13:02 SW
23 20.7 28.3 14:06 15.8 05:06 0.8 3.2 0.0 0.2 7.0 13:41 SW
24 16.9 19.1 00:00 13.6 23:56 1.5 0.0 12.9 0.3 10.6 19:43 E
25 16.9 24.5 16:09 11.9 04:51 2.7 1.3 4.7 0.4 8.7 14:30 NW
26 19.5 27.5 15:24 13.2 23:57 1.5 2.7 0.0 0.3 11.2 09:25 NNW
27 16.9 26.0 15:06 10.6 06:38 3.2 1.8 0.0 0.1 5.9 17:12 NE
28 17.3 26.6 14:34 9.5 04:03 3.3 2.3 0.0 0.1 3.9 12:44 SSE
29 17.9 25.5 15:37 11.4 05:13 2.3 2.0 0.0 0.3 6.4 14:17 SSE
30 18.4 25.6 16:53 12.4 03:28 1.8 1.9 0.5 0.9 15.1 13:07 SSW
31 17.6 23.9 15:50 12.5 23:50 1.8 1.1 0.0 0.5 9.8 13:58 ENE
----------------------------------------------------------------------------------
18.0 34.3 1 9.2 14 60.2 50.0 42.0 0.6 18.2 3 SSW
Max >= 25.0: 13
Max <= 0.0: 0
Min <= 0.0: 0
Min <= -5.0: 0
Max Rain: 12.9 on day 24
Days of Rain: 12 (>= 0.2 mm) 6 (>= 2.0 mm) 0 (>= 20.0 mm)
Heat Base: 18.3 Cool Base: 18.3 Method: Integration