Select a Year or Month report
Report for 2013 Jul
Monthly Climatological Summary for Jul 2013
Name: Reigate Weather City: Reigate State: Surrey, United Kingdom
Elevation: 71 m Lat: N 51° 14' 04" Lon: W 000° 12' 00"
Temperature (°C), Rain (mm), Wind Speed (mph)
Heat Cool Avg
Mean Deg Deg Wind Dom
Day Temp High Time Low Time Days Days Rain Speed High Time Dir
----------------------------------------------------------------------------------
1 16.8 22.5 17:28 12.1 03:25 2.5 1.0 0.0 0.7 9.5 14:08 SSW
2 13.9 17.4 14:35 10.3 05:29 4.4 0.0 0.0 0.7 8.7 20:56 SSW
3 16.4 20.6 17:05 13.6 23:53 2.3 0.3 3.1 0.5 8.7 18:11 S
4 16.5 22.3 17:33 11.1 03:23 2.6 0.8 0.0 0.9 14.3 19:23 SSW
5 18.4 27.3 15:48 10.1 04:25 2.6 2.7 0.0 0.1 6.4 10:55 WSW
6 19.8 30.3 16:30 10.3 04:58 2.4 3.9 0.0 0.1 8.7 13:04 SW
7 21.5 30.2 16:37 13.8 05:36 1.1 4.3 0.0 0.2 8.4 15:20 W
8 20.3 29.2 16:38 13.1 05:30 1.4 3.4 0.0 0.6 9.5 12:33 W
9 19.5 29.3 16:46 12.3 05:41 1.9 3.1 0.0 0.4 10.3 11:05 WNW
10 18.2 25.7 12:38 12.2 04:14 2.3 2.2 0.0 0.4 10.3 15:23 NW
11 16.5 25.8 16:53 11.1 05:19 3.2 1.5 0.0 0.3 7.0 00:49 WNW
12 17.4 26.9 16:43 10.4 05:05 3.0 2.1 0.0 0.1 5.0 11:38 ESE
13 21.7 33.4 16:46 12.3 05:50 1.7 5.1 0.0 0.2 7.5 14:22 SW
14 22.7 30.8 16:10 15.0 05:46 0.7 5.1 0.0 0.2 8.4 12:07 ESE
15 23.6 32.9 16:41 17.2 06:47 0.1 5.4 0.0 0.3 9.2 17:02 SSW
16 22.7 31.1 14:54 14.9 05:33 0.6 5.1 0.0 0.3 9.2 16:43 SW
17 23.1 32.7 16:18 14.7 06:13 0.7 5.4 0.0 0.2 7.5 11:55 SW
18 22.2 31.1 15:28 15.8 04:42 0.5 4.5 0.0 0.3 11.5 15:16 WNW
19 21.2 29.8 16:08 14.1 05:43 1.1 4.0 0.0 0.5 12.3 13:08 W
20 18.8 24.4 16:51 15.5 05:38 0.7 1.3 0.0 0.5 7.0 08:29 W
21 20.9 29.3 16:30 15.3 04:33 0.8 3.4 0.0 0.2 7.8 16:30 WSW
22 24.7 34.1 15:19 17.1 03:05 0.1 6.6 0.0 0.4 12.0 15:21 SW
23 22.3 28.4 14:07 17.3 23:58 0.0 4.0 2.1 0.3 10.1 12:18 SW
24 19.9 27.6 15:47 13.6 05:18 1.3 2.9 0.0 0.9 16.2 16:44 SW
25 19.7 26.4 16:44 15.7 02:04 0.8 2.1 3.1 0.8 19.6 15:32 SW
26 20.2 27.9 15:28 13.9 05:17 1.2 3.2 0.0 0.3 5.3 14:09 SW
27 19.3 30.2 14:17 12.5 04:15 1.8 2.8 7.3 0.1 9.8 15:19 SW
28 18.9 24.1 14:31 14.3 05:34 1.0 1.6 1.6 1.9 20.1 12:35 SW
29 18.2 22.6 17:31 15.6 04:00 1.1 1.0 2.6 2.0 19.0 17:57 SW
30 16.6 20.1 17:27 14.4 03:58 1.9 0.2 5.2 0.9 14.3 12:20 SW
31 18.3 22.5 15:30 14.8 05:15 1.0 1.0 0.0 1.0 16.2 13:53 SW
----------------------------------------------------------------------------------
19.7 34.1 22 10.1 5 46.8 90.0 25.0 0.5 20.1 28 SW
Max >= 25.0: 22
Max <= 0.0: 0
Min <= 0.0: 0
Min <= -5.0: 0
Max Rain: 7.3 on day 27
Days of Rain: 7 (>= 0.2 mm) 6 (>= 2.0 mm) 0 (>= 20.0 mm)
Heat Base: 18.3 Cool Base: 18.3 Method: Integration