Select a Year or Month report
Report for 2013 Jun
Monthly Climatological Summary for Jun 2013
Name: Reigate Weather City: Reigate State: Surrey, United Kingdom
Elevation: 71 m Lat: N 51° 14' 04" Lon: W 000° 12' 00"
Temperature (°C), Rain (mm), Wind Speed (mph)
Heat Cool Avg
Mean Deg Deg Wind Dom
Day Temp High Time Low Time Days Days Rain Speed High Time Dir
----------------------------------------------------------------------------------
1 14.4 19.3 17:50 9.9 05:41 3.9 0.0 0.0 0.8 18.7 12:13 E
2 14.1 20.6 16:27 8.6 04:47 4.5 0.2 0.0 0.3 9.8 12:25 ENE
3 12.9 20.8 15:43 5.3 05:34 5.7 0.3 0.0 0.5 12.3 15:41 WNW
4 14.1 22.8 16:37 6.4 05:15 5.1 0.9 0.0 0.6 8.7 07:26 NNW
5 14.6 23.9 16:22 7.7 05:49 4.7 1.0 0.0 0.4 7.8 07:59 NNW
6 15.0 23.4 15:04 8.4 04:41 4.4 1.1 0.0 0.7 10.1 08:59 NW
7 14.6 21.5 17:05 10.4 05:34 4.0 0.3 3.6 0.5 12.6 15:23 W
8 13.6 20.6 15:26 8.1 04:25 5.1 0.3 0.0 1.1 15.4 17:42 WNW
9 12.0 15.5 16:24 9.8 05:54 6.3 0.0 0.0 0.5 10.6 11:44 NW
10 12.2 16.6 16:19 8.4 23:58 6.1 0.0 0.0 0.1 4.8 20:35 WSW
11 12.6 15.4 16:29 7.3 00:53 5.7 0.0 1.0 0.5 10.3 11:22 SSW
12 14.4 15.9 17:33 13.2 00:04 3.9 0.0 4.1 2.8 22.9 13:41 SW
13 13.4 17.0 16:27 11.2 23:57 4.9 0.0 0.0 2.8 22.1 12:09 SSW
14 13.1 19.9 16:30 6.1 04:22 5.4 0.1 0.0 1.1 14.0 13:44 SW
15 13.4 16.5 16:22 9.8 06:06 4.9 0.0 2.6 3.1 23.2 13:44 SW
16 13.9 19.9 17:26 10.6 04:51 4.5 0.1 0.0 0.9 10.6 13:41 SSW
17 16.0 22.1 15:03 11.9 05:27 2.8 0.5 0.5 0.9 10.9 18:22 W
18 16.9 21.9 14:03 12.4 05:19 2.0 0.6 0.0 0.3 11.2 16:19 SSW
19 20.5 28.5 15:29 14.2 02:50 1.2 3.4 0.0 0.1 5.9 16:57 ESE
20 17.7 20.1 17:39 14.3 23:53 0.8 0.2 0.0 0.2 11.5 18:38 SSW
21 15.7 20.4 16:03 13.2 01:23 2.8 0.1 0.0 0.9 11.5 18:00 SW
22 13.4 16.3 12:59 11.1 06:04 4.9 0.0 2.6 3.4 26.6 14:30 SW
23 13.9 17.1 11:03 11.4 23:35 4.4 0.0 1.0 1.6 14.0 14:21 SSW
24 13.2 17.0 16:46 9.9 04:20 5.1 0.0 0.0 0.6 9.8 10:35 ESE
25 15.0 20.6 14:10 9.6 06:11 3.7 0.3 0.0 0.1 5.6 08:04 ESE
26 15.5 21.6 16:24 7.6 04:44 3.6 0.8 0.0 0.2 8.1 16:08 SE
27 15.4 21.9 14:56 10.6 05:23 3.3 0.4 0.0 0.4 9.8 07:12 SSE
28 15.8 19.9 17:07 11.9 00:29 2.8 0.2 2.1 0.4 7.0 20:42 SSW
29 17.7 23.9 16:38 13.0 07:37 1.8 1.3 0.0 0.4 12.3 11:42 ESE
30 19.4 26.6 16:06 13.6 05:40 1.3 2.5 0.0 1.1 13.1 13:46 SW
----------------------------------------------------------------------------------
14.8 28.5 19 5.3 3 119.6 14.6 17.5 0.9 26.6 22 SW
Max >= 25.0: 2
Max <= 0.0: 0
Min <= 0.0: 0
Min <= -5.0: 0
Max Rain: 4.1 on day 12
Days of Rain: 8 (>= 0.2 mm) 5 (>= 2.0 mm) 0 (>= 20.0 mm)
Heat Base: 18.3 Cool Base: 18.3 Method: Integration