Select a Year or Month report
Report for 2013 May
Monthly Climatological Summary for May 2013
Name: Reigate Weather City: Reigate State: Surrey, United Kingdom
Elevation: 71 m Lat: N 51° 14' 04" Lon: W 000° 12' 00"
Temperature (°C), Rain (mm), Wind Speed (mph)
Heat Cool Avg
Mean Deg Deg Wind Dom
Day Temp High Time Low Time Days Days Rain Speed High Time Dir
----------------------------------------------------------------------------------
1 10.8 20.6 16:17 3.9 02:27 7.9 0.3 0.0 0.3 7.3 07:47 N
2 11.5 21.9 16:07 2.4 04:19 7.5 0.6 0.0 0.4 7.0 18:54 N
3 12.1 22.9 15:44 1.4 06:25 7.2 0.9 0.0 0.6 12.3 18:51 S
4 10.9 16.6 15:23 4.5 05:06 7.4 0.0 1.0 1.6 19.6 09:33 SSW
5 12.8 19.3 12:39 3.8 06:04 5.5 0.0 0.0 0.3 11.7 17:43 SSW
6 15.5 23.2 15:25 9.2 23:56 3.7 0.9 0.0 0.4 12.0 18:20 SW
7 14.6 24.3 14:41 4.7 06:11 5.1 1.3 0.0 0.2 6.4 13:56 WSW
8 12.7 15.6 16:30 10.8 23:57 5.7 0.0 3.6 1.7 16.5 18:26 SW
9 9.9 13.7 15:32 5.3 05:17 8.4 0.0 1.5 3.8 26.3 18:12 SW
10 12.0 17.8 15:06 8.6 02:40 6.4 0.0 0.0 2.8 17.6 18:58 SW
11 9.4 14.1 12:09 5.6 23:59 8.9 0.0 8.3 1.6 25.4 15:21 SW
12 9.5 15.8 13:33 4.9 02:27 8.8 0.0 1.0 1.9 15.9 15:49 SSW
13 11.0 15.3 15:12 7.1 23:46 7.3 0.0 3.1 2.2 20.1 18:13 SW
14 8.1 10.5 13:22 5.6 06:01 10.2 0.0 7.3 1.2 19.0 23:43 SW
15 8.3 14.3 16:50 4.9 23:54 10.1 0.0 5.7 2.8 17.1 08:20 SW
16 9.6 17.5 17:24 2.7 02:29 8.7 0.0 0.0 0.5 10.9 13:39 SSW
17 8.7 12.9 12:51 3.6 06:14 9.6 0.0 0.0 0.3 6.4 08:09 NE
18 11.1 17.2 16:12 5.3 02:35 7.2 0.0 0.0 0.2 8.1 12:23 SSE
19 14.1 22.7 16:27 8.6 02:54 4.8 0.5 0.0 0.4 13.4 14:32 NNE
20 13.3 16.6 18:23 9.7 01:42 5.1 0.0 0.0 0.3 7.5 21:02 ENE
21 13.3 15.5 00:02 10.1 21:55 5.1 0.0 0.0 0.9 15.4 10:12 NE
22 11.1 13.8 13:54 7.8 23:43 7.2 0.0 0.0 0.4 7.0 20:42 NE
23 8.5 13.1 17:35 5.7 04:48 9.8 0.0 0.5 1.1 8.7 07:46 E
24 6.3 8.8 18:17 4.6 04:25 12.1 0.0 7.3 0.8 11.2 11:42 SSE
25 10.4 17.6 17:12 5.0 05:27 8.0 0.0 1.6 0.7 12.9 15:47 NE
26 13.0 21.5 16:00 4.2 01:54 5.9 0.6 0.0 0.8 11.2 11:14 SSE
27 11.7 18.4 16:18 3.7 05:35 6.7 0.0 0.0 1.9 24.9 13:13 SW
28 10.3 12.3 17:53 9.1 23:02 8.0 0.0 15.0 0.1 6.2 17:09 SSW
29 10.4 14.1 11:43 7.2 06:17 7.9 0.0 1.6 0.3 9.8 11:27 ENE
30 12.1 16.1 15:04 10.6 06:40 6.3 0.0 8.3 0.4 9.2 12:33 NE
31 15.6 23.8 15:57 10.4 03:36 3.7 1.0 0.5 0.5 19.9 11:36 ENE
----------------------------------------------------------------------------------
11.2 24.3 7 1.4 3 226.2 6.1 66.3 1.0 26.3 9 SSW
Max >= 25.0: 0
Max <= 0.0: 0
Min <= 0.0: 0
Min <= -5.0: 0
Max Rain: 15.0 on day 28
Days of Rain: 15 (>= 0.2 mm) 8 (>= 2.0 mm) 0 (>= 20.0 mm)
Heat Base: 18.3 Cool Base: 18.3 Method: Integration