Select a Year or Month report
Report for 2013 Apr
Monthly Climatological Summary for Apr 2013
Name: Reigate Weather City: Reigate State: Surrey, United Kingdom
Elevation: 71 m Lat: N 51° 14' 04" Lon: W 000° 12' 00"
Temperature (°C), Rain (mm), Wind Speed (mph)
Heat Cool Avg
Mean Deg Deg Wind Dom
Day Temp High Time Low Time Days Days Rain Speed High Time Dir
----------------------------------------------------------------------------------
1 2.4 7.6 15:58 -0.8 00:58 15.9 0.0 0.0 1.9 6.4 12:58 NE
2 3.5 9.8 14:28 -1.1 06:58 14.8 0.0 0.0 2.1 6.7 08:28 N
3 1.5 3.8 14:28 -0.9 06:58 16.8 0.0 0.0 2.9 7.3 23:28 NNE
4 1.2 3.0 15:58 -0.2 23:28 17.1 0.0 0.5 1.4 7.3 00:58 NNE
5 3.1 6.9 17:28 -0.2 00:58 15.2 0.0 1.0 1.9 6.7 15:58 N
6 4.8 14.4 17:28 0.3 08:28 13.5 0.0 0.0 1.8 6.4 11:28 SSW
7 3.9 12.7 14:28 -3.6 06:58 14.4 0.0 0.0 0.2 1.7 11:28 S
8 6.1 13.1 14:28 3.1 02:28 0.0 12.2 0.0 1.2 8.7 19:50 N
9 6.5 7.4 14:35 3.0 02:45 0.0 11.8 2.6 0.6 10.6 11:00 ENE
10 6.1 9.6 16:18 3.0 02:45 41.0 0.0 6.2 0.7 11.2 14:55 NE
11 8.3 13.9 16:36 5.8 06:13 10.0 0.0 2.1 0.5 12.9 16:35 S
12 8.5 11.6 13:29 5.8 23:47 9.8 0.0 9.3 1.8 14.0 12:19 SSW
13 7.9 10.8 11:25 2.5 06:52 10.5 0.0 7.8 2.0 18.7 19:29 SSW
14 14.2 20.6 15:52 9.9 07:11 4.4 0.3 0.0 2.8 26.8 12:36 SSW
15 11.9 14.9 11:44 7.8 23:29 6.5 0.0 0.0 2.3 13.7 08:01 SSW
16 11.3 16.9 16:10 7.5 01:59 7.0 0.0 0.0 3.1 23.5 14:40 SSW
17 12.5 19.3 17:44 9.2 04:29 5.8 0.0 1.0 2.9 26.8 20:49 SSW
18 10.2 15.2 14:44 7.2 23:58 8.1 0.0 0.5 5.5 28.0 05:34 SW
19 9.4 15.6 16:27 4.6 23:57 8.9 0.0 0.0 1.1 12.6 16:23 WSW
20 7.6 16.9 14:09 -0.6 06:42 10.8 0.0 0.0 0.7 14.3 16:14 ESE
21 7.2 16.6 13:27 -1.6 06:11 11.2 0.0 0.0 1.1 16.2 17:28 SSW
22 9.8 13.9 12:50 5.6 00:09 8.6 0.0 0.0 1.7 18.7 17:42 SSW
23 15.0 23.4 16:40 9.4 00:19 4.3 1.1 0.0 0.9 9.2 17:00 SW
24 12.5 19.6 14:26 7.1 06:02 5.9 0.1 0.0 0.9 10.6 17:06 S
25 15.3 23.8 15:24 9.4 05:43 4.3 1.2 0.0 1.3 17.1 17:51 SSW
26 9.8 15.3 14:45 4.7 23:26 8.5 0.0 4.1 0.9 14.8 06:58 NW
27 6.9 14.5 16:25 2.8 03:41 11.6 0.0 0.5 0.3 13.1 18:14 N
28 6.2 12.6 13:35 -1.1 06:19 12.1 0.0 0.5 1.1 19.6 17:49 SSW
29 10.2 15.4 16:00 4.9 23:42 8.2 0.0 0.0 1.1 12.6 13:40 S
30 9.9 17.9 13:34 3.6 06:32 8.5 0.0 0.0 0.4 7.8 17:29 NNW
----------------------------------------------------------------------------------
8.1 23.8 25 -3.6 7 313.7 26.7 36.1 1.6 28.0 18 SW
Max >= 25.0: 0
Max <= 0.0: 0
Min <= 0.0: 9
Min <= -5.0: 0
Max Rain: 9.3 on day 12
Days of Rain: 12 (>= 0.2 mm) 6 (>= 2.0 mm) 0 (>= 20.0 mm)
Heat Base: 18.3 Cool Base: 18.3 Method: Integration