Select a Year or Month report
Report for 2013 Mar
Monthly Climatological Summary for Mar 2013
Name: Reigate Weather City: Reigate State: Surrey, United Kingdom
Elevation: 71 m Lat: N 51° 14' 04" Lon: W 000° 12' 00"
Temperature (°C), Rain (mm), Wind Speed (mph)
Heat Cool Avg
Mean Deg Deg Wind Dom
Day Temp High Time Low Time Days Days Rain Speed High Time Dir
----------------------------------------------------------------------------------
1 3.8 5.8 14:19 2.1 01:27 15.1 0.0 0.5 0.6 6.2 07:45 N
2 2.4 7.3 15:49 -2.6 23:51 16.1 0.0 0.0 0.2 8.4 11:05 NW
3 4.9 6.9 15:30 -3.4 03:37 0.0 13.4 0.0 0.9 11.2 13:15 S
4 3.6 12.9 14:25 -0.4 06:55 0.0 14.7 0.0 0.3 7.5 07:00 SSE
5 4.5 17.6 13:55 -3.4 03:37 43.7 0.0 0.0 0.2 11.2 13:12 SSW
6 9.7 14.8 14:55 5.3 02:59 8.7 0.0 0.5 0.2 5.6 19:37 ENE
7 9.1 10.9 13:12 7.8 06:25 9.3 0.0 5.2 0.1 3.9 21:27 WSW
8 9.1 9.8 10:31 8.4 22:42 9.3 0.0 11.9 0.0 6.2 08:12 NE
9 6.9 8.5 00:02 3.6 23:54 11.5 0.0 0.0 0.2 6.4 16:05 NW
10 2.2 3.6 00:04 0.5 23:29 16.2 0.0 0.0 1.6 20.4 13:14 NNE
11 -0.9 0.5 00:04 -2.5 23:26 19.3 0.0 0.5 3.9 24.3 18:51 NE
12 0.7 6.3 14:31 -2.7 00:41 17.6 0.0 0.5 3.0 25.7 10:24 NNE
13 2.5 8.1 14:10 -0.6 23:12 15.8 0.0 0.0 0.6 14.0 18:21 NNW
14 2.1 9.7 15:13 -2.2 06:42 16.2 0.0 0.0 0.3 5.9 01:47 NW
15 4.5 6.6 11:19 0.6 00:24 13.9 0.0 3.1 2.7 26.3 19:31 S
16 5.7 6.5 14:52 4.6 23:53 12.7 0.0 12.9 3.7 22.9 11:24 SSW
17 4.1 5.9 09:39 -0.1 23:57 14.3 0.0 10.4 0.8 13.1 11:48 SSW
18 3.0 7.3 11:33 -1.8 04:32 15.4 0.0 5.7 0.0 7.3 13:07 SSE
19 4.4 10.4 14:39 0.5 23:53 14.0 0.0 1.0 0.3 5.0 11:37 S
20 3.6 7.3 13:58 0.4 00:08 14.7 0.0 0.0 0.4 7.3 07:16 NNE
21 3.5 6.5 12:52 0.1 04:22 14.8 0.0 0.5 1.6 13.7 20:26 SSE
22 3.9 7.9 13:57 1.8 03:25 14.6 0.0 4.7 2.8 19.0 19:51 NNE
23 1.3 3.1 00:04 0.4 08:09 17.0 0.0 9.8 1.7 11.7 12:56 NNE
24 0.1 0.9 00:01 -0.5 15:49 18.3 0.0 0.0 2.5 17.1 13:36 N
25 0.7 1.2 11:52 0.2 07:00 17.8 0.0 0.0 1.9 15.9 10:08 NE
26 0.8 2.1 10:50 0.1 05:03 17.6 0.0 0.0 1.5 16.2 09:43 NNE
27 1.9 7.1 13:40 -0.5 22:02 16.4 0.0 0.0 1.2 14.5 13:14 NE
28 1.6 4.4 13:11 -1.2 03:35 17.4 0.0 0.0 1.0 12.0 12:26 NNE
----------------------------------------------------------------------------------
3.6 17.6 5 -3.4 3 417.7 28.1 67.2 1.3 26.3 15 NE
Max >= 25.0: 0
Max <= 0.0: 0
Min <= 0.0: 13
Min <= -5.0: 0
Max Rain: 12.9 on day 16
Days of Rain: 14 (>= 0.2 mm) 8 (>= 2.0 mm) 0 (>= 20.0 mm)
Heat Base: 18.3 Cool Base: 18.3 Method: Integration