Select a Year or Month report
Report for 2013 Feb
Monthly Climatological Summary for Feb 2013
Name: Reigate Weather City: Reigate State: Surrey, United Kingdom
Elevation: 71 m Lat: N 51° 14' 04" Lon: W 000° 12' 00"
Temperature (°C), Rain (mm), Wind Speed (mph)
Heat Cool Avg
Mean Deg Deg Wind Dom
Day Temp High Time Low Time Days Days Rain Speed High Time Dir
----------------------------------------------------------------------------------
1 4.9 7.1 03:28 1.0 21:15 13.4 0.0 5.2 0.3 6.4 14:39 SW
2 3.0 6.1 14:07 -0.4 22:32 15.3 0.0 0.5 1.0 17.1 13:15 NNW
3 3.9 8.5 23:59 -1.8 01:17 14.5 0.0 0.0 0.7 14.3 11:44 SW
4 8.4 10.9 14:09 5.6 23:15 10.0 0.0 0.0 3.2 15.9 20:21 SW
5 4.2 7.9 13:14 1.5 08:29 14.2 0.0 1.0 3.3 20.7 01:20 SW
6 3.7 5.3 00:00 1.4 23:50 14.7 0.0 4.1 1.9 35.8 18:43 NNW
7 2.2 6.3 12:55 -0.4 08:00 16.3 0.0 0.5 0.9 9.2 03:35 WNW
8 2.6 8.4 13:42 -0.4 07:06 15.8 0.0 0.5 0.6 9.2 12:12 NNW
9 2.1 3.2 12:26 0.4 05:56 16.3 0.0 1.0 0.1 4.5 01:01 W
10 2.8 4.4 09:19 0.6 23:57 15.4 0.0 14.5 0.8 12.9 14:55 SSW
11 0.8 1.6 14:05 0.3 03:47 17.6 0.0 6.2 0.3 11.5 16:50 NNW
12 0.8 1.7 15:21 0.1 07:22 17.6 0.0 0.0 0.3 5.9 08:41 NNE
13 1.0 3.3 23:45 -0.1 03:11 17.4 0.0 0.0 1.1 11.7 12:35 SW
14 7.0 11.4 14:27 3.4 00:00 0.0 11.3 5.7 1.2 11.2 07:10 SSW
15 5.8 11.4 14:27 2.4 09:03 26.3 0.0 5.7 0.1 11.2 07:05 SSW
16 4.9 10.9 14:06 0.5 23:26 13.9 0.0 0.0 0.1 2.0 14:06 S
18 3.6 10.9 14:36 -1.1 04:06 29.2 0.0 0.0 0.2 3.1 13:26 SSW
19 2.4 13.2 15:36 -3.4 08:36 16.2 0.0 0.5 0.3 5.0 13:16 SSE
20 2.9 7.8 14:56 -0.9 00:56 15.0 0.0 0.5 2.2 10.3 18:26 NE
21 0.6 2.6 15:26 -0.9 06:06 18.0 0.0 0.0 2.2 7.3 15:26 NE
22 0.0 1.0 15:56 -0.4 06:36 17.8 0.0 0.0 0.8 3.6 08:56 NNW
23 0.2 1.4 12:56 -0.7 04:46 19.0 0.0 0.0 0.9 6.4 19:59 NNE
25 1.5 3.6 15:19 0.0 07:05 35.4 0.0 0.0 1.5 15.1 15:29 NNW
26 3.3 4.4 13:39 2.1 02:35 16.0 0.0 1.0 1.1 10.6 08:20 ENE
27 3.0 6.6 16:04 1.8 07:18 16.2 0.0 0.0 1.5 14.3 21:41 NNW
28 3.7 6.3 15:52 1.9 05:56 14.9 0.0 0.0 0.9 14.3 05:49 NE
----------------------------------------------------------------------------------
3.0 13.2 19 -3.4 19 436.4 11.3 46.9 1.1 35.8 6 NW
Max >= 25.0: 0
Max <= 0.0: 0
Min <= 0.0: 12
Min <= -5.0: 0
Max Rain: 14.5 on day 10
Days of Rain: 14 (>= 0.2 mm) 6 (>= 2.0 mm) 0 (>= 20.0 mm)
Heat Base: 18.3 Cool Base: 18.3 Method: Integration