Select a Year or Month report
Report for 2013 Jan
Monthly Climatological Summary for Jan 2013
Name: Reigate Weather City: Reigate State: Surrey, United Kingdom
Elevation: 71 m Lat: N 51° 14' 04" Lon: W 000° 12' 00"
Temperature (°C), Rain (mm), Wind Speed (mph)
Heat Cool Avg
Mean Deg Deg Wind Dom
Day Temp High Time Low Time Days Days Rain Speed High Time Dir
----------------------------------------------------------------------------------
1 5.4 8.7 14:17 3.3 08:01 12.9 0.0 0.0 0.6 9.8 14:24 SW
2 5.4 10.1 23:08 0.4 04:10 12.9 0.0 0.5 0.3 10.1 20:55 SW
3 9.8 11.9 14:21 8.5 06:13 8.5 0.0 0.0 0.6 10.1 11:10 SW
4 8.9 9.9 00:00 7.5 23:31 9.5 0.0 0.0 1.0 8.7 14:56 SW
5 8.4 9.8 13:38 5.6 23:55 9.9 0.0 0.0 0.5 12.0 17:55 SW
6 6.2 7.6 20:26 4.2 02:00 12.1 0.0 0.5 0.2 8.1 23:16 SSW
7 7.0 7.9 23:40 6.4 06:51 11.3 0.0 0.0 0.4 4.8 02:11 SSW
8 8.6 10.2 12:39 6.7 08:39 9.8 0.0 2.1 0.8 9.5 19:52 SSW
9 6.5 10.4 14:37 -0.4 22:52 11.9 0.0 3.6 0.2 6.7 07:22 NNE
10 2.7 4.1 13:56 -0.5 00:27 15.7 0.0 0.0 0.2 7.5 19:31 W
11 2.8 8.7 14:19 -0.1 22:24 15.6 0.0 0.5 0.2 4.5 19:06 SSW
12 2.6 3.8 13:23 0.9 00:04 15.7 0.0 2.6 1.2 12.6 10:52 NNE
13 1.8 3.8 13:16 -0.6 23:12 16.6 0.0 0.0 0.6 9.5 12:22 N
14 0.6 2.3 19:19 -0.9 07:32 17.8 0.0 3.1 0.5 12.6 20:35 WSW
15 0.4 2.3 13:50 -3.2 23:52 18.0 0.0 0.0 0.9 15.9 06:03 N
16 -2.2 4.1 13:34 -5.1 03:27 20.7 0.0 0.5 0.0 3.1 05:21 N
17 -1.6 4.6 13:21 -6.4 07:46 20.1 0.0 0.0 0.1 4.5 20:02 SE
18 -1.1 0.1 00:01 -1.9 10:49 19.5 0.0 0.0 1.3 10.3 19:11 SSW
19 -0.6 0.3 12:51 -1.2 00:03 19.0 0.0 0.0 1.2 16.5 19:36 NE
20 -0.9 0.0 14:44 -1.8 07:42 19.4 0.0 0.0 0.6 10.3 06:57 NNE
21 -1.0 1.1 13:47 -4.4 23:52 19.5 0.0 0.5 0.0 2.8 07:58 E
22 -1.6 1.8 12:35 -7.3 05:52 20.1 0.0 0.5 1.0 12.9 18:04 NNW
23 1.1 1.6 10:49 0.8 21:39 17.2 0.0 3.1 1.3 9.5 19:47 N
24 0.4 1.1 12:11 -0.2 23:02 18.0 0.0 0.5 0.1 8.7 00:19 NNE
25 0.5 2.4 23:11 -0.4 02:27 17.9 0.0 0.5 1.0 15.7 23:05 SSW
26 4.4 8.1 12:44 1.2 02:16 13.9 0.0 4.7 1.4 19.6 23:32 SSW
27 7.0 10.8 13:12 2.3 23:56 11.4 0.0 10.9 3.1 26.0 14:34 SSW
28 4.9 9.8 23:30 -1.0 07:56 13.5 0.0 4.7 2.7 26.3 18:08 SSW
29 10.8 11.9 12:22 8.9 05:15 7.6 0.0 3.6 3.8 24.6 17:05 SSW
30 9.5 12.1 14:29 5.9 23:48 8.9 0.0 6.2 4.0 28.0 11:44 SW
31 8.2 11.1 13:03 5.9 00:03 10.2 0.0 3.6 4.0 19.9 18:08 SW
----------------------------------------------------------------------------------
3.7 12.1 30 -7.3 22 455.1 0.0 52.2 1.1 28.0 30 SW
Max >= 25.0: 0
Max <= 0.0: 1
Min <= 0.0: 16
Min <= -5.0: 3
Max Rain: 10.9 on day 27
Days of Rain: 19 (>= 0.2 mm) 11 (>= 2.0 mm) 0 (>= 20.0 mm)
Heat Base: 18.3 Cool Base: 18.3 Method: Integration