Select a Year or Month report
Report for 2012 Dec
Monthly Climatological Summary for Dec 2012
Name: Reigate Weather City: Reigate State: Surrey, United Kingdom
Elevation: 71 m Lat: N 51° 14' 04" Lon: W 000° 12' 00"
Temperature (°C), Rain (mm), Wind Speed (mph)
Heat Cool Avg
Mean Deg Deg Wind Dom
Day Temp High Time Low Time Days Days Rain Speed High Time Dir
----------------------------------------------------------------------------------
1 0.2 5.2 14:08 -3.5 05:54 18.2 0.0 0.0 0.1 10.9 14:07 WSW
2 0.6 6.4 13:38 -1.8 02:16 17.8 0.0 1.0 0.0 6.7 13:57 SW
3 5.4 9.9 11:06 0.9 23:39 13.0 0.0 5.2 0.3 7.5 11:31 SSW
4 3.0 8.7 13:40 -2.2 23:56 15.4 0.0 0.0 0.5 8.1 11:45 WSW
5 0.1 4.8 14:17 -3.6 04:01 18.3 0.0 1.0 0.2 9.2 18:36 WNW
6 -0.4 4.5 23:55 -4.4 07:00 18.7 0.0 4.1 0.1 7.5 20:37 S
7 4.1 7.6 13:52 1.9 07:27 14.3 0.0 2.1 1.2 21.5 22:04 W
8 2.9 7.7 13:06 -1.5 21:21 15.5 0.0 0.0 0.1 6.7 00:39 NNW
9 5.6 8.4 12:59 0.1 00:03 12.7 0.0 0.0 0.7 16.5 14:24 SW
10 2.7 6.1 13:59 -0.9 23:36 15.6 0.0 0.0 0.2 7.3 12:49 NW
11 -1.1 4.6 14:07 -5.3 23:56 19.3 0.0 0.0 0.0 2.2 14:12 NNW
12 -3.4 0.9 14:59 -6.6 04:31 21.8 0.0 0.5 0.0 0.0 00:01 E
13 -0.6 1.6 23:30 -3.2 03:01 18.9 0.0 0.0 0.0 6.7 14:50 NE
14 6.4 9.8 14:26 1.6 00:00 12.0 0.0 16.6 1.5 24.0 16:40 SSW
15 7.1 10.2 12:23 4.4 23:50 11.2 0.0 3.1 0.7 16.2 11:40 SSW
16 5.1 9.6 13:04 1.3 03:15 13.3 0.0 2.6 0.1 5.9 12:59 S
17 4.4 9.6 13:47 1.6 08:37 14.0 0.0 0.0 0.2 7.3 11:47 SW
18 4.9 7.6 13:55 0.9 23:51 13.5 0.0 0.0 0.1 6.4 05:26 SW
19 4.3 6.3 12:55 -0.1 01:51 14.1 0.0 3.1 0.5 12.6 21:39 SSW
20 7.8 9.4 17:24 6.3 00:01 10.5 0.0 19.2 0.6 7.3 17:44 SW
21 5.8 9.1 13:17 2.2 21:14 12.6 0.0 0.0 0.2 5.6 10:27 WSW
22 8.9 11.8 15:22 2.5 00:03 9.4 0.0 17.6 1.4 19.3 21:10 SSW
23 10.6 11.9 02:55 8.5 23:52 7.7 0.0 1.6 2.0 24.6 02:20 SW
24 8.9 11.1 12:14 6.9 05:47 9.5 0.0 8.3 1.6 25.4 13:15 SSW
25 7.3 8.6 14:13 4.7 23:59 11.1 0.0 15.0 1.2 16.8 15:28 SW
26 6.4 9.3 19:22 2.2 02:44 11.9 0.0 4.7 1.3 20.4 14:57 SSW
27 6.1 7.4 12:58 4.6 07:28 12.2 0.0 2.1 1.2 17.1 14:13 WSW
28 8.5 10.9 20:32 4.3 03:55 9.9 0.0 4.1 2.3 27.7 22:15 SSW
29 9.1 10.8 03:11 4.8 23:54 9.3 0.0 2.1 3.9 26.3 22:03 SSW
30 6.8 10.1 22:41 4.3 00:34 11.5 0.0 0.0 2.5 26.6 21:15 SW
31 9.6 10.3 01:01 8.2 23:55 8.8 0.0 7.8 4.0 28.0 15:37 SSW
----------------------------------------------------------------------------------
4.7 11.9 23 -6.6 12 422.0 0.0 121.8 0.9 28.0 31 SW
Max >= 25.0: 0
Max <= 0.0: 0
Min <= 0.0: 11
Min <= -5.0: 2
Max Rain: 19.2 on day 20
Days of Rain: 20 (>= 0.2 mm) 16 (>= 2.0 mm) 0 (>= 20.0 mm)
Heat Base: 18.3 Cool Base: 18.3 Method: Integration