Select a Year or Month report
Report for 2012 Nov
Monthly Climatological Summary for Nov 2012
Name: Reigate Weather City: Reigate State: Surrey, United Kingdom
Elevation: 71 m Lat: N 51° 14' 04" Lon: W 000° 12' 00"
Temperature (°C), Rain (mm), Wind Speed (mph)
Heat Cool Avg
Mean Deg Deg Wind Dom
Day Temp High Time Low Time Days Days Rain Speed High Time Dir
----------------------------------------------------------------------------------
1 6.9 10.5 00:01 2.8 23:01 11.4 0.0 15.0 0.6 4.2 00:01 SE
2 4.8 11.6 13:01 0.8 23:19 14.0 0.0 1.6 0.1 4.5 11:01 SW
3 4.2 10.8 12:42 -0.7 02:19 15.6 0.0 1.0 0.5 19.6 11:33 SW
4 3.3 7.8 10:54 -0.6 01:52 15.0 0.0 16.1 0.5 17.3 12:30 SSW
5 4.5 10.1 12:47 -0.9 00:45 13.9 0.0 0.5 0.1 3.6 13:22 NNW
6 5.3 10.3 12:36 -0.2 07:46 13.1 0.0 0.5 0.1 8.7 21:32 SW
7 7.0 9.9 13:11 2.1 07:26 11.4 0.0 0.0 0.4 9.2 15:26 SW
8 8.0 13.1 12:08 4.5 04:20 10.4 0.0 0.0 0.1 5.9 10:23 SSW
9 7.8 10.9 12:40 5.6 07:30 10.6 0.0 0.0 0.1 9.2 13:30 S
10 7.7 9.8 04:06 1.0 23:50 10.7 0.0 4.1 0.1 5.0 06:36 S
11 3.4 12.4 14:02 -0.8 06:35 14.9 0.0 0.0 0.0 7.8 12:47 SW
12 6.6 11.2 20:42 0.4 01:02 11.7 0.0 2.6 0.1 4.5 13:13 S
13 11.3 13.8 13:39 9.3 03:56 7.0 0.0 0.0 0.1 7.8 15:04 SSW
14 9.3 15.8 13:28 3.1 23:10 9.1 0.0 0.0 0.0 2.2 13:43 W
15 6.8 12.4 14:00 3.3 00:00 11.6 0.0 0.0 0.0 3.1 12:50 S
16 7.0 9.0 23:58 5.4 03:41 11.3 0.0 0.0 0.0 3.1 19:00 SE
17 9.9 11.9 10:08 6.9 23:39 8.4 0.0 0.0 0.2 8.7 10:34 SSW
18 4.1 11.6 13:58 -0.5 23:50 14.3 0.0 0.0 0.0 4.5 11:48 SSW
19 7.0 10.5 11:51 -0.6 00:10 11.4 0.0 1.6 0.7 10.6 13:56 S
20 11.1 11.9 11:51 9.8 00:03 7.2 0.0 6.7 0.9 16.5 17:40 S
21 7.7 11.0 00:01 1.4 23:43 10.6 0.0 6.7 1.0 11.5 15:57 SSW
22 9.9 13.2 12:22 1.4 00:03 8.4 0.0 4.7 3.2 27.7 20:38 S
23 6.3 11.8 14:13 1.8 23:27 12.0 0.0 7.8 0.2 14.3 00:01 SSW
24 6.0 10.7 23:57 0.8 02:37 12.3 0.0 10.4 0.4 13.7 10:38 S
25 9.5 12.4 12:36 6.6 08:27 8.8 0.0 4.7 3.1 26.3 02:47 SSW
26 7.6 9.9 01:11 6.5 23:49 10.7 0.0 8.8 0.3 9.2 00:01 SSW
27 6.5 7.6 11:12 5.6 23:35 11.9 0.0 4.1 0.4 16.5 19:05 NNW
28 5.0 6.2 14:00 1.9 23:55 13.3 0.0 0.0 0.7 10.6 19:40 N
29 2.3 7.3 13:47 -1.0 22:50 16.1 0.0 0.0 0.2 6.4 03:00 NNW
30 0.1 5.5 13:46 -2.6 08:31 18.3 0.0 0.5 0.0 0.0 00:00 E
----------------------------------------------------------------------------------
6.6 15.8 14 -2.6 30 355.4 0.0 97.4 0.5 27.7 22 SSW
Max >= 25.0: 0
Max <= 0.0: 0
Min <= 0.0: 9
Min <= -5.0: 0
Max Rain: 16.1 on day 4
Days of Rain: 18 (>= 0.2 mm) 12 (>= 2.0 mm) 0 (>= 20.0 mm)
Heat Base: 18.3 Cool Base: 18.3 Method: Integration