Select a Year or Month report
Report for 2012 Aug
Monthly Climatological Summary for Aug 2012
Name: Reigate Weather City: Reigate State: Surrey, United Kingdom
Elevation: 71 m Lat: N 51° 14' 04" Lon: W 000° 12' 00"
Temperature (°C), Rain (mm), Wind Speed (mph)
Heat Cool Avg
Mean Deg Deg Wind Dom
Day Temp High Time Low Time Days Days Rain Speed High Time Dir
----------------------------------------------------------------------------------
1 17.3 23.9 15:25 13.3 05:30 1.8 0.9 0.5 0.3 15.4 18:08 SSW
2 16.9 20.7 14:30 14.4 05:35 1.7 0.3 1.6 1.0 25.4 17:02 SSW
3 16.4 22.7 14:35 11.4 04:35 2.7 0.8 0.0 0.8 18.2 18:01 SSW
4 14.5 22.5 15:40 11.3 04:55 3.9 0.5 11.4 0.6 8.7 13:40 S
5 17.7 22.2 16:25 14.9 23:30 0.5 0.3 0.0 0.1 15.1 16:25 SSW
6 16.6 22.3 13:00 13.5 05:20 2.2 0.5 1.0 0.3 15.9 16:38 SW
7 14.4 19.3 14:10 9.1 06:10 4.0 0.0 0.5 0.2 10.6 19:27 SW
8 18.3 23.1 17:20 14.9 00:00 1.3 1.3 0.0 0.1 4.8 15:50 SW
9 19.6 28.9 15:00 11.7 06:29 2.0 3.4 0.0 0.0 2.8 14:30 SW
10 19.5 28.9 16:03 12.6 06:30 1.9 3.1 0.0 0.0 3.6 11:40 SE
11 20.4 25.2 13:50 13.2 05:55 0.2 1.0 0.0 0.4 8.4 15:16 S
12 19.7 27.6 13:40 14.9 06:05 1.2 2.5 0.0 0.3 11.7 18:00 SSW
13 18.1 22.8 13:15 14.9 01:10 1.2 1.0 1.0 0.2 7.5 12:30 S
14 20.2 26.1 16:47 16.9 00:10 0.5 2.3 0.5 0.1 10.1 17:11 SSW
15 18.8 22.5 14:05 15.6 23:00 0.5 1.0 0.5 0.8 20.7 16:01 SSW
16 18.2 22.1 14:35 15.4 05:05 1.0 0.9 0.0 0.9 11.7 16:43 SSW
17 21.2 29.3 16:11 17.0 00:00 0.3 3.3 0.0 0.5 14.5 14:29 SSW
18 23.2 32.1 15:17 15.6 06:35 0.4 5.3 0.0 0.5 12.0 14:13 SSW
19 22.9 30.7 16:26 16.5 06:15 0.2 4.8 0.0 0.3 13.4 17:27 SW
20 19.5 26.3 17:02 14.8 04:55 0.9 2.1 0.0 0.3 16.8 13:14 SW
21 17.8 23.8 12:19 14.3 23:50 1.5 1.1 0.0 0.2 12.3 19:16 SW
22 16.4 22.8 15:39 10.9 05:45 2.8 0.9 0.0 0.6 20.7 16:27 SW
23 16.1 23.8 13:02 9.7 06:20 3.4 1.1 0.0 0.2 10.9 17:16 SSW
24 15.8 21.1 13:42 12.4 05:10 2.9 0.3 2.6 0.2 13.1 13:20 S
25 16.5 20.6 15:12 14.2 23:50 2.1 0.3 4.1 0.7 18.5 13:50 SW
26 16.5 22.8 13:05 12.5 23:57 2.7 0.8 0.0 0.2 10.1 12:51 WSW
27 16.1 22.3 17:09 9.9 04:10 2.8 0.6 0.5 0.5 19.9 13:03 S
28 17.5 23.1 12:43 13.3 23:50 1.8 0.9 2.6 0.7 16.5 11:17 SSW
29 14.3 20.5 12:04 12.2 06:17 4.1 0.1 2.1 0.7 19.6 11:46 SSW
30 14.2 18.1 16:33 9.8 23:58 4.1 0.0 3.6 0.5 19.0 16:50 NE
31 13.0 20.7 15:06 6.2 06:34 5.6 0.3 0.0 0.1 9.8 11:09 NE
----------------------------------------------------------------------------------
17.7 32.1 18 6.2 31 62.2 41.7 32.5 0.4 25.4 2 SSW
Max >= 25.0: 9
Max <= 0.0: 0
Min <= 0.0: 0
Min <= -5.0: 0
Max Rain: 11.4 on day 4
Days of Rain: 14 (>= 0.2 mm) 6 (>= 2.0 mm) 0 (>= 20.0 mm)
Heat Base: 18.3 Cool Base: 18.3 Method: Integration