Select a Year or Month report
Report for 2012 Jul
Monthly Climatological Summary for Jul 2012
Name: Reigate Weather City: Reigate State: Surrey, United Kingdom
Elevation: 71 m Lat: N 51° 14' 04" Lon: W 000° 12' 00"
Temperature (°C), Rain (mm), Wind Speed (mph)
Heat Cool Avg
Mean Deg Deg Wind Dom
Day Temp High Time Low Time Days Days Rain Speed High Time Dir
----------------------------------------------------------------------------------
1 13.5 18.8 12:25 8.4 05:20 4.8 0.0 1.6 0.5 10.1 19:11 SW
2 14.2 18.8 13:00 10.3 03:15 4.2 0.0 5.2 0.4 8.5 20:02 SSW
3 15.7 17.5 16:55 14.4 01:35 2.6 0.0 1.0 0.2 8.7 11:05 SSW
4 17.4 23.4 16:29 15.1 03:00 1.5 0.7 8.8 0.1 8.5 17:00 S
5 17.9 25.8 16:05 12.7 06:30 1.8 1.4 0.0 0.2 7.6 16:33 SSW
6 15.8 22.7 16:20 13.3 23:50 2.8 0.3 0.5 0.2 9.6 17:28 S
7 15.2 19.9 16:02 12.2 03:25 3.2 0.0 6.7 0.1 9.8 15:45 SSE
8 16.1 23.9 13:42 13.0 07:30 2.8 0.6 23.3 0.1 7.4 17:02 SW
9 15.4 18.1 13:51 12.8 23:45 2.9 0.0 0.0 0.2 8.7 10:56 SW
10 14.4 18.5 17:45 12.1 02:35 3.9 0.0 17.6 0.3 13.7 14:56 SSW
11 13.6 19.5 12:55 11.0 04:50 4.8 0.1 25.4 0.5 13.4 17:49 SW
12 13.1 18.5 14:35 8.1 06:08 5.2 0.0 6.2 0.4 13.4 20:45 S
13 15.4 18.3 16:41 13.3 00:00 2.9 0.0 1.0 1.5 21.0 16:46 SW
14 14.4 17.3 11:35 12.5 23:35 3.9 0.0 8.8 0.2 11.5 14:01 W
15 14.9 19.6 16:20 10.7 23:35 3.8 0.1 1.0 0.3 10.3 13:33 SW
16 13.9 15.6 09:50 10.7 00:00 4.4 0.0 2.6 1.2 15.4 18:57 SW
17 17.4 22.3 13:06 13.1 05:40 1.8 0.9 0.0 0.5 16.2 11:59 SW
18 15.6 17.8 12:08 13.9 04:05 2.7 0.0 3.6 1.3 22.9 09:51 SW
19 15.9 19.5 16:33 12.8 05:25 2.6 0.1 0.0 0.4 16.5 11:36 SW
20 14.8 19.9 15:11 10.1 04:00 3.6 0.1 1.0 0.1 9.2 14:37 WNW
21 15.6 21.3 15:17 11.1 05:25 3.2 0.4 0.0 0.0 6.7 18:34 ESE
22 16.5 24.8 15:38 9.3 05:10 3.4 1.6 0.0 0.4 13.1 14:07 SSW
23 18.9 28.4 16:30 9.8 05:45 2.8 3.4 0.0 0.7 13.4 14:40 S
24 21.1 32.4 16:15 11.8 05:55 2.0 4.8 0.0 0.2 10.9 17:54 SW
25 22.4 33.3 15:22 12.9 05:48 1.4 5.6 0.0 0.1 9.5 18:44 SW
26 22.4 31.1 15:20 15.8 06:05 0.5 4.7 0.0 0.3 9.5 18:01 SSW
27 20.1 25.9 13:15 14.4 04:20 1.0 2.8 1.0 0.1 4.2 15:30 NNE
28 17.6 23.1 13:35 12.3 23:55 1.8 1.1 0.0 0.2 13.4 17:13 SW
29 13.0 20.6 12:05 8.4 05:15 5.5 0.1 8.3 0.3 10.3 11:25 SW
30 13.5 19.9 14:44 7.1 03:55 5.0 0.2 0.0 0.5 26.0 14:32 SW
31 15.4 19.8 17:00 11.3 05:30 3.1 0.2 0.5 0.5 14.3 18:54 SSW
----------------------------------------------------------------------------------
16.2 33.3 25 7.1 30 95.9 29.2 124.1 0.4 26.0 30 SW
Max >= 25.0: 6
Max <= 0.0: 0
Min <= 0.0: 0
Min <= -5.0: 0
Max Rain: 25.4 on day 11
Days of Rain: 19 (>= 0.2 mm) 11 (>= 2.0 mm) 2 (>= 20.0 mm)
Heat Base: 18.3 Cool Base: 18.3 Method: Integration