Select a Year or Month report
Report for 2012 Jun
Monthly Climatological Summary for Jun 2012
Name: Reigate Weather City: Reigate State: Surrey, United Kingdom
Elevation: 71 m Lat: N 51° 14' 04" Lon: W 000° 12' 00"
Temperature (°C), Rain (mm), Wind Speed (mph)
Heat Cool Avg
Mean Deg Deg Wind Dom
Day Temp High Time Low Time Days Days Rain Speed High Time Dir
----------------------------------------------------------------------------------
1 16.7 20.9 16:15 12.3 03:55 2.2 0.6 0.0 0.2 6.0 20:27 E
2 15.1 20.4 16:30 10.5 23:25 3.4 0.2 8.3 0.3 8.7 20:32 SSE
3 12.3 14.8 13:28 10.5 00:00 6.0 0.0 5.7 0.0 6.9 02:18 SSE
4 10.7 13.6 18:22 6.9 23:45 7.6 0.0 2.6 0.3 9.2 10:31 N
5 10.4 14.5 12:59 5.9 01:55 8.0 0.0 6.2 0.2 9.2 12:17 SE
6 13.8 16.6 13:00 11.5 05:50 4.6 0.0 1.0 0.5 12.5 16:53 SSE
7 13.6 15.6 11:55 11.9 00:00 4.7 0.0 10.9 1.1 21.7 20:19 SSE
8 12.8 14.9 17:01 11.3 23:20 5.5 0.0 3.1 3.4 23.7 14:57 S
9 13.6 18.6 16:52 10.3 04:20 4.7 0.0 0.0 1.3 12.8 09:25 S
10 12.4 15.9 13:02 8.8 02:55 5.9 0.0 16.1 0.0 3.1 10:26 SSE
11 12.4 13.9 13:45 10.3 00:45 4.3 0.0 29.5 0.2 9.4 17:17 N
12 11.0 14.4 14:40 9.4 23:50 7.4 0.0 3.6 0.3 9.4 04:00 NNW
13 14.4 18.7 13:50 4.4 04:50 6.0 2.1 0.0 0.1 3.1 18:41 SE
14 14.5 19.2 09:55 6.8 04:35 4.7 0.9 3.6 0.6 10.3 15:17 SSW
15 14.3 18.4 09:15 11.8 00:20 4.0 0.0 4.1 1.7 15.0 20:20 SW
16 14.5 19.6 13:41 11.6 02:45 3.8 0.0 0.5 2.4 23.5 20:00 SSW
17 15.8 22.7 15:57 10.1 05:35 3.3 0.8 0.0 1.1 14.5 16:08 SW
18 14.0 22.1 14:55 8.8 23:40 4.5 0.2 4.1 0.4 10.5 17:23 SW
19 14.7 24.3 16:00 5.9 04:25 4.7 1.1 0.0 0.4 8.5 17:57 SSW
20 16.5 26.9 14:30 8.1 05:30 3.5 1.8 0.0 0.4 9.2 18:03 SSW
21 14.8 19.8 11:45 10.3 23:21 3.6 0.0 5.2 1.0 19.0 21:37 SSW
22 13.0 17.3 16:35 10.4 00:00 5.3 0.0 10.4 2.4 17.2 15:20 SW
23 13.6 19.2 12:12 8.5 05:30 4.7 0.0 0.0 1.2 17.2 17:21 SW
24 14.9 21.9 15:03 10.5 01:55 3.7 0.3 9.8 0.5 19.0 12:35 SW
25 16.2 23.6 16:56 10.4 03:40 3.1 1.0 0.0 0.1 6.9 18:31 SW
26 17.3 25.8 13:00 11.1 06:10 2.4 1.4 0.0 0.3 9.6 17:44 SSW
27 18.3 22.9 16:40 15.8 03:40 1.0 1.0 0.0 0.2 6.0 09:45 SSW
28 21.0 29.6 13:00 13.5 23:50 1.0 3.7 0.0 0.8 16.3 18:12 SSW
29 15.7 21.9 15:05 11.8 02:45 2.9 0.3 0.0 1.6 17.2 20:29 SW
30 16.3 22.1 12:55 12.1 22:55 2.7 0.6 3.6 1.6 20.8 14:27 SW
----------------------------------------------------------------------------------
14.5 29.6 28 4.4 13 129.2 16.0 128.3 0.8 23.7 8 SSW
Max >= 25.0: 3
Max <= 0.0: 0
Min <= 0.0: 0
Min <= -5.0: 0
Max Rain: 29.5 on day 11
Days of Rain: 18 (>= 0.2 mm) 16 (>= 2.0 mm) 1 (>= 20.0 mm)
Heat Base: 18.3 Cool Base: 18.3 Method: Integration