Select a Year or Month report
Report for 2012 May
Monthly Climatological Summary for May 2012
Name: Reigate Weather City: Reigate State: Surrey, United Kingdom
Elevation: 71 m Lat: N 51° 14' 04" Lon: W 000° 12' 00"
Temperature (°C), Rain (mm), Wind Speed (mph)
Heat Cool Avg
Mean Deg Deg Wind Dom
Day Temp High Time Low Time Days Days Rain Speed High Time Dir
----------------------------------------------------------------------------------
1 12.5 16.4 16:58 8.1 23:50 5.9 0.0 7.8 0.3 8.7 14:59 SE
2 10.6 13.0 18:34 7.6 00:50 7.7 0.0 0.5 0.2 6.7 15:00 N
3 8.6 9.4 00:00 7.8 23:35 9.8 0.0 3.6 0.0 3.1 13:11 NNE
4 7.9 9.2 15:50 6.9 22:50 10.5 0.0 0.0 0.0 5.8 17:22 N
5 6.9 9.6 16:39 4.8 09:49 11.4 0.0 3.6 0.3 8.3 16:44 N
6 6.0 7.5 16:41 3.9 23:45 12.5 0.0 1.6 0.2 8.3 00:28 N
7 8.8 13.9 17:55 3.9 00:00 9.5 0.0 4.1 0.4 11.6 17:42 SSE
8 12.2 16.4 17:13 9.6 03:25 6.1 0.0 2.1 0.2 6.9 18:33 SE
9 12.5 14.2 18:16 10.4 03:50 5.8 0.0 5.7 0.4 11.6 14:51 SE
10 14.2 15.8 13:40 12.9 23:40 4.2 0.0 9.3 1.2 19.0 18:43 SE
11 12.6 16.4 14:35 8.3 23:50 5.7 0.0 0.0 0.6 9.8 18:30 ESE
12 10.2 15.8 14:55 4.9 06:05 8.1 0.0 0.0 0.1 7.6 10:15 NNW
13 10.1 16.3 13:35 3.6 04:50 8.2 0.0 0.0 0.4 13.6 15:38 SE
14 8.6 11.6 10:29 4.6 05:55 9.8 0.0 3.1 0.2 8.3 10:06 SE
15 7.0 11.6 13:55 4.6 08:25 11.4 0.0 6.7 0.2 8.1 20:17 N
16 9.1 14.0 15:30 3.8 05:10 9.3 0.0 0.0 0.1 4.3 13:40 NNW
17 10.2 16.0 15:20 5.5 03:10 8.2 0.0 0.0 0.0 4.3 17:47 SSE
18 11.6 15.8 11:50 8.6 05:20 6.7 0.0 0.5 0.1 6.7 18:17 SE
19 13.1 17.8 15:46 10.3 05:15 5.2 0.0 0.0 0.1 5.4 17:46 SE
20 10.8 14.3 15:32 8.4 04:05 7.5 0.0 0.0 0.2 8.7 18:59 N
21 12.9 18.1 15:40 9.2 05:15 5.4 0.0 0.0 0.2 9.6 08:05 NNE
22 17.9 25.8 17:17 11.4 05:30 2.6 2.2 0.0 0.3 6.9 03:20 N
23 20.2 27.2 16:05 14.1 05:45 1.1 3.0 0.0 0.1 5.1 11:40 NNE
24 20.7 27.3 15:53 15.8 03:30 0.5 2.9 0.0 0.0 4.5 16:40 NE
25 19.8 25.8 14:15 15.6 05:05 0.8 2.3 0.0 0.3 15.7 17:04 S
26 19.5 25.9 14:40 14.4 05:15 1.2 2.5 0.0 0.3 8.5 11:52 SW
27 20.4 28.1 14:47 12.9 05:15 1.4 3.5 0.0 0.1 7.2 12:22 S
28 19.5 26.1 16:20 12.4 05:30 1.5 2.8 0.0 0.2 6.3 15:10 SE
29 18.8 25.9 16:10 14.5 05:25 1.2 1.8 0.0 0.1 7.8 18:44 NW
30 17.1 23.2 15:54 12.4 05:25 2.4 1.2 0.0 0.2 8.9 16:24 SSE
31 15.8 19.3 13:35 12.9 03:15 2.6 0.1 0.0 0.1 12.5 18:35 E
----------------------------------------------------------------------------------
13.1 28.1 27 3.6 13 184.2 22.3 48.6 0.2 19.0 10 ESE
Max >= 25.0: 8
Max <= 0.0: 0
Min <= 0.0: 0
Min <= -5.0: 0
Max Rain: 9.3 on day 10
Days of Rain: 12 (>= 0.2 mm) 9 (>= 2.0 mm) 0 (>= 20.0 mm)
Heat Base: 18.3 Cool Base: 18.3 Method: Integration