Select a Year or Month report
Report for 2012 Apr
Monthly Climatological Summary for Apr 2012
Name: Reigate Weather City: Reigate State: Surrey, United Kingdom
Elevation: 71 m Lat: N 51° 14' 04" Lon: W 000° 12' 00"
Temperature (°C), Rain (mm), Wind Speed (mph)
Heat Cool Avg
Mean Deg Deg Wind Dom
Day Temp High Time Low Time Days Days Rain Speed High Time Dir
----------------------------------------------------------------------------------
1 7.1 11.9 13:56 0.9 03:56 11.2 0.0 1.1 0.0 0.0 00:00 ---
2 8.7 12.2 13:56 1.4 05:56 9.6 0.0 4.1 0.0 0.0 00:00 ---
3 12.5 13.1 15:56 2.1 03:56 5.8 0.0 0.0 0.0 0.0 00:00 ---
4 6.5 11.9 13:56 5.9 21:56 11.8 0.0 0.0 0.0 0.0 00:00 ---
5 6.6 9.1 17:56 -0.7 23:56 11.7 0.0 0.0 0.0 0.0 00:00 ---
6 6.9 16.8 13:56 -3.1 05:56 11.4 0.0 0.0 0.0 0.0 00:00 ---
7 8.9 11.5 09:56 5.2 21:56 9.4 0.0 0.0 0.0 0.0 00:00 ---
8 10.2 14.8 13:56 5.6 01:56 8.1 0.0 0.0 0.0 0.0 00:00 ---
9 9.6 10.8 13:56 8.5 05:56 8.7 0.0 0.0 0.0 0.0 00:00 ---
10 10.5 16.7 13:56 5.5 23:56 7.8 0.0 0.0 0.0 0.0 00:00 ---
11 11.4 16.0 13:56 3.3 23:56 6.9 0.0 0.0 0.0 0.0 00:00 ---
12 6.9 15.7 15:56 1.1 03:56 11.4 0.0 0.0 0.0 0.0 00:00 ---
13 7.1 13.1 15:56 0.9 03:56 54.4 0.0 21.8 0.0 3.4 03:17 SE
14 9.2 10.5 19:19 8.9 19:49 0.2 0.0 0.0 0.4 10.7 19:26 NE
15 6.4 10.8 14:39 2.9 05:59 12.7 0.0 0.0 0.9 10.3 15:14 NNW
16 5.7 10.6 16:00 0.1 06:00 13.1 0.0 0.0 0.2 7.4 19:34 SSE
17 7.4 14.4 14:50 3.1 01:05 10.9 0.0 4.1 0.6 8.1 08:50 SSE
18 6.9 9.1 15:15 5.0 03:00 11.5 0.0 13.0 0.7 13.9 07:44 SSE
19 6.7 9.2 15:20 5.8 05:45 11.7 0.0 8.3 0.0 5.1 12:25 S
20 7.0 12.1 11:55 4.1 06:35 11.4 0.0 3.6 0.1 11.9 18:15 SE
21 7.5 13.2 16:09 2.4 05:50 10.9 0.0 1.0 0.1 10.5 15:46 E
22 7.3 14.8 14:44 1.6 06:20 11.0 0.0 1.6 0.2 13.0 15:31 SE
23 6.9 8.8 10:00 5.0 06:05 11.4 0.0 4.1 0.0 7.2 13:34 S
24 8.3 12.7 17:41 5.6 23:45 10.1 0.0 3.6 0.1 6.9 15:49 N
25 7.7 10.6 17:20 5.3 07:40 10.6 0.0 22.3 0.8 13.4 21:30 SSE
26 10.1 13.0 15:48 8.1 06:25 8.2 0.0 3.1 1.4 17.0 10:35 SE
27 11.1 14.8 14:30 8.2 05:05 7.2 0.0 0.0 0.8 11.9 15:27 SSE
28 8.3 9.7 12:01 5.5 23:40 10.0 0.0 9.3 0.6 14.3 19:56 N
29 8.2 11.8 16:45 5.3 01:04 10.1 0.0 11.4 1.0 18.8 01:14 NNE
30 12.7 19.5 15:05 7.7 05:20 5.7 0.0 0.0 1.0 13.9 17:28 SSW
----------------------------------------------------------------------------------
8.3 19.5 30 -3.1 6 334.9 0.0 112.4 0.5 18.8 29 SE
Max >= 25.0: 0
Max <= 0.0: 0
Min <= 0.0: 2
Min <= -5.0: 0
Max Rain: 22.3 on day 25
Days of Rain: 15 (>= 0.2 mm) 12 (>= 2.0 mm) 2 (>= 20.0 mm)
Heat Base: 18.3 Cool Base: 18.3 Method: Integration