Select a Year or Month report
Report for 2012 Mar
Monthly Climatological Summary for Mar 2012
Name: Reigate Weather City: Reigate State: Surrey, United Kingdom
Elevation: 71 m Lat: N 51° 14' 04" Lon: W 000° 12' 00"
Temperature (°C), Rain (mm), Wind Speed (mph)
Heat Cool Avg
Mean Deg Deg Wind Dom
Day Temp High Time Low Time Days Days Rain Speed High Time Dir
----------------------------------------------------------------------------------
1 9.1 15.4 15:15 5.0 07:38 9.2 0.0 0.0 0.0 2.9 12:45 WNW
2 7.3 12.5 13:30 3.6 04:25 11.1 0.0 0.0 0.0 3.8 17:08 WSW
3 8.6 13.3 14:21 6.3 21:35 9.7 0.0 0.5 0.2 12.8 16:10 SSE
4 5.5 8.1 11:00 2.4 15:52 12.8 0.0 13.5 0.5 14.1 21:58 NNW
5 5.5 9.1 15:15 2.6 02:25 12.8 0.0 0.0 1.4 18.6 17:29 NNW
6 3.9 7.3 14:10 1.8 21:47 14.5 0.0 0.0 0.2 6.3 07:25 NNW
7 6.3 9.8 13:45 3.0 00:30 12.1 0.0 4.1 0.7 13.0 16:40 SSE
8 6.3 12.1 14:25 2.6 03:05 12.0 0.0 0.0 0.1 3.6 10:05 NNE
9 7.2 10.1 12:25 2.1 04:55 11.2 0.0 0.0 0.1 4.7 11:50 SSE
10 10.9 14.9 14:40 8.4 06:35 7.4 0.0 0.0 0.1 7.4 15:18 NNW
11 9.6 14.8 15:25 5.3 23:50 8.7 0.0 0.0 0.0 1.8 10:10 N
12 8.3 15.1 15:05 2.9 04:45 10.0 0.0 0.0 0.0 2.9 16:10 N
13 7.6 11.9 14:45 5.4 20:20 10.8 0.0 0.0 0.0 1.6 18:02 NW
14 7.3 13.1 15:10 4.3 23:50 11.0 0.0 0.0 0.0 1.3 07:02 E
15 7.9 16.2 15:00 1.5 03:30 10.5 0.0 0.0 0.1 7.6 20:21 SSE
16 8.3 9.4 12:38 7.4 23:50 10.0 0.0 0.0 0.3 10.3 14:16 SSE
17 7.9 9.4 09:58 5.9 23:55 10.4 0.0 4.7 0.1 6.0 16:45 SE
18 6.1 10.8 12:48 1.9 06:45 12.2 0.0 0.5 0.1 9.6 15:21 NNW
19 6.8 13.9 14:00 1.3 02:15 11.6 0.0 0.0 0.1 3.1 10:20 NE
20 7.7 14.5 15:30 1.3 04:00 10.6 0.0 0.0 0.0 3.4 12:05 ENE
21 10.4 16.6 13:45 6.3 00:00 7.9 0.0 0.0 0.0 1.8 11:40 WNW
22 11.4 19.0 13:45 6.4 06:25 7.0 0.0 0.0 0.0 5.1 17:41 SE
23 11.9 20.5 13:45 4.6 06:15 6.7 0.3 0.0 0.0 5.1 14:31 SSE
24 11.5 20.1 12:44 4.7 05:55 7.1 0.2 0.0 0.0 6.3 13:34 NE
25 8.9 15.9 14:03 3.7 06:05 9.1 0.0 0.0 0.0 5.8 15:05 NNW
26 10.0 19.6 14:20 3.1 07:11 8.4 0.1 0.0 0.0 4.0 17:24 NW
27 10.4 19.3 14:25 3.3 07:21 8.0 0.1 0.0 0.0 2.9 11:30 SSE
28 11.4 20.9 15:15 2.8 06:30 7.4 0.5 0.0 0.0 5.8 14:55 NW
29 12.0 19.8 15:05 4.5 05:55 6.6 0.2 0.0 0.0 4.3 12:13 NNW
30 11.9 18.5 15:35 7.2 06:20 6.6 0.0 0.0 0.1 4.0 09:13 NE
31 8.5 11.8 13:56 3.3 23:56 9.8 0.0 16.5 0.0 0.0 00:00 SE
----------------------------------------------------------------------------------
8.6 20.9 28 1.3 19 303.2 1.4 39.8 0.1 18.6 5 N
Max >= 25.0: 0
Max <= 0.0: 0
Min <= 0.0: 0
Min <= -5.0: 0
Max Rain: 16.5 on day 31
Days of Rain: 6 (>= 0.2 mm) 4 (>= 2.0 mm) 0 (>= 20.0 mm)
Heat Base: 18.3 Cool Base: 18.3 Method: Integration