Select a Year or Month report
Report for 2012 Feb
Monthly Climatological Summary for Feb 2012
Name: Reigate Weather City: Reigate State: Surrey, United Kingdom
Elevation: 71 m Lat: N 51° 14' 04" Lon: W 000° 12' 00"
Temperature (°C), Rain (mm), Wind Speed (mph)
Heat Cool Avg
Mean Deg Deg Wind Dom
Day Temp High Time Low Time Days Days Rain Speed High Time Dir
----------------------------------------------------------------------------------
1 -0.1 2.9 13:35 -2.1 23:39 18.4 0.0 0.0 0.5 12.8 11:28 N
2 -1.6 1.8 13:49 -3.1 05:29 19.9 0.0 0.0 0.4 11.9 10:34 N
3 -1.5 1.8 13:43 -3.7 03:34 19.8 0.0 0.0 0.1 8.1 23:39 NW
4 -2.0 1.0 13:38 -5.9 08:04 20.3 0.0 0.0 0.1 6.9 17:45 SSE
5 0.4 1.0 14:43 0.1 00:04 17.9 0.0 0.5 0.0 0.0 00:04 E
6 1.1 3.5 14:51 -0.4 23:44 17.2 0.0 12.4 0.0 0.0 00:04 E
7 -0.8 2.0 13:09 -3.9 20:06 19.2 0.0 1.0 0.1 8.9 15:57 N
8 -0.9 0.2 14:23 -3.1 00:04 19.2 0.0 0.0 0.2 9.6 17:03 N
9 0.0 1.6 14:05 -1.1 05:29 18.4 0.0 0.0 0.0 2.5 12:19 ESE
10 -1.4 1.3 12:50 -5.6 23:20 19.4 0.0 1.6 0.0 3.6 14:37 E
11 -3.9 1.6 14:20 -8.5 06:50 22.5 0.0 0.0 0.0 0.7 14:20 NNW
12 -0.8 3.5 15:50 -7.1 03:50 19.1 0.0 0.5 0.0 0.0 00:50 E
13 3.4 5.3 12:50 0.6 03:50 14.9 0.0 1.6 0.4 3.8 12:50 NNW
14 5.4 7.4 15:50 3.7 06:50 12.9 0.0 0.0 0.0 2.2 00:50 E
15 7.6 9.8 12:50 5.6 02:20 10.7 0.0 0.0 0.7 6.3 12:50 NW
16 7.3 10.1 14:20 4.9 05:20 11.0 0.0 0.0 0.0 0.0 00:50 E
17 8.4 10.4 15:50 6.0 03:50 9.9 0.0 0.0 0.1 2.2 14:20 SSE
18 6.9 9.8 12:50 2.2 23:20 11.1 0.0 2.1 0.1 6.3 20:44 NW
19 2.2 6.8 12:42 -1.8 23:20 15.7 0.0 0.0 0.4 17.4 11:11 NNW
20 1.9 8.1 15:02 -3.8 07:50 14.9 0.0 0.0 0.1 9.2 15:01 SSE
21 7.1 11.2 13:21 3.0 00:50 11.2 0.0 0.0 0.3 9.4 14:12 SSE
22 7.5 9.1 22:10 5.5 07:30 10.9 0.0 1.0 0.9 11.6 20:14 SSE
23 12.3 17.2 14:57 9.1 00:00 6.0 0.0 0.0 0.0 6.5 13:48 SSE
24 10.5 14.3 12:56 8.6 03:35 7.8 0.0 0.0 0.1 6.9 11:52 S
25 8.1 12.1 14:54 3.2 23:55 10.3 0.0 0.0 0.1 7.4 15:09 NNW
26 6.7 13.4 14:18 1.6 07:35 11.6 0.0 0.0 0.0 4.5 13:00 ESE
27 8.0 10.3 14:55 4.8 01:35 10.3 0.0 0.0 0.1 3.8 09:55 SSE
28 10.8 13.8 14:05 9.1 02:55 7.6 0.0 0.0 0.0 2.2 01:10 SSE
29 9.8 12.6 15:20 6.7 23:50 8.5 0.0 0.0 0.0 3.6 10:55 SSE
----------------------------------------------------------------------------------
3.9 17.2 23 -8.5 11 416.6 0.0 20.7 0.2 17.4 19 N
Max >= 25.0: 0
Max <= 0.0: 0
Min <= 0.0: 13
Min <= -5.0: 4
Max Rain: 12.4 on day 6
Days of Rain: 8 (>= 0.2 mm) 2 (>= 2.0 mm) 0 (>= 20.0 mm)
Heat Base: 18.3 Cool Base: 18.3 Method: Integration