Select a Year or Month report
Report for 2012 Jan
Monthly Climatological Summary for Jan 2012
Name: Reigate Weather City: Reigate State: Surrey, United Kingdom
Elevation: 71 m Lat: N 51° 14' 04" Lon: W 000° 12' 00"
Temperature (°C), Rain (mm), Wind Speed (mph)
Heat Cool Avg
Mean Deg Deg Wind Dom
Day Temp High Time Low Time Days Days Rain Speed High Time Dir
----------------------------------------------------------------------------------
1 10.3 11.8 11:50 6.5 23:53 8.1 0.0 12.4 0.4 9.2 00:30 SSE
2 4.4 6.9 14:34 2.1 22:24 13.9 0.0 0.0 0.1 7.4 12:00 SSE
3 7.7 11.2 11:53 3.2 00:04 10.5 0.0 12.4 1.7 20.4 10:22 SSE
4 6.5 9.2 23:59 4.1 06:14 11.7 0.0 0.5 1.3 15.4 23:38 S
5 9.0 11.3 06:36 6.0 22:49 9.3 0.0 0.0 2.7 22.4 13:37 NNW
6 6.3 8.9 23:50 3.3 08:14 12.0 0.0 0.0 0.4 9.8 23:01 NNW
7 8.5 10.1 05:19 6.6 19:34 9.8 0.0 0.0 0.7 13.0 13:09 NNW
8 7.9 9.0 14:53 6.5 23:35 10.4 0.0 0.0 0.1 6.0 11:30 NNW
9 9.4 11.5 13:20 5.4 01:55 9.0 0.0 0.0 0.2 5.4 15:16 SSE
10 9.3 10.6 14:02 8.1 07:14 9.0 0.0 0.0 0.1 11.2 10:24 SSE
11 8.0 10.3 13:04 4.9 05:29 10.3 0.0 0.0 0.0 4.7 18:42 ESE
12 7.6 12.2 14:29 4.3 23:59 10.7 0.0 0.0 0.4 6.9 09:59 SE
13 2.9 6.3 14:04 -0.9 23:44 15.4 0.0 0.0 0.0 2.2 15:47 NW
14 0.6 5.4 13:54 -2.7 08:19 17.7 0.0 0.0 0.0 1.1 12:38 E
15 2.2 6.3 13:40 -0.1 06:39 16.1 0.0 0.0 0.1 5.8 13:40 SW
16 1.6 6.0 14:49 -1.2 08:04 16.7 0.0 0.0 0.0 4.5 11:57 NE
17 1.2 5.4 14:39 -2.6 06:39 17.2 0.0 0.0 0.0 1.6 11:15 E
18 8.2 10.8 20:29 2.2 00:04 10.1 0.0 0.5 0.2 8.9 09:10 SSE
19 9.1 11.2 09:14 5.9 23:54 9.2 0.0 2.6 0.6 10.1 08:19 SSE
20 7.4 9.6 13:38 4.5 04:34 11.0 0.0 0.0 0.5 13.2 12:05 NNE
21 9.8 12.3 12:09 6.9 23:54 8.5 0.0 0.0 0.8 17.2 16:33 NW
22 6.8 8.3 00:00 6.1 22:34 2.4 0.0 0.0 0.4 6.3 19:04 NNW
23 5.6 8.1 13:49 1.1 23:59 12.7 0.0 0.0 0.1 6.3 17:01 NNW
24 4.6 9.1 21:49 -0.6 03:19 13.7 0.0 9.3 0.0 0.0 00:04 E
25 8.3 8.9 00:04 7.1 21:04 8.8 0.0 0.5 0.3 10.3 20:17 SSE
26 6.3 8.8 05:04 2.2 23:54 12.0 0.0 1.0 0.5 8.7 13:41 SSE
27 3.1 8.7 14:03 -0.9 07:44 15.2 0.0 0.0 0.0 5.8 13:33 SSE
28 3.6 5.4 13:43 1.5 00:04 14.7 0.0 0.5 0.1 9.6 12:09 N
29 3.1 4.7 11:54 1.6 23:04 15.2 0.0 0.0 0.0 2.9 04:47 NNW
30 1.5 3.8 12:34 -0.7 18:59 16.8 0.0 0.0 0.0 3.6 14:51 NW
31 0.1 1.3 00:04 -1.6 07:34 18.2 0.0 0.0 0.0 5.1 13:45 N
----------------------------------------------------------------------------------
5.8 12.3 21 -2.7 14 376.3 0.0 39.7 0.4 22.4 5 WSW
Max >= 25.0: 0
Max <= 0.0: 0
Min <= 0.0: 9
Min <= -5.0: 0
Max Rain: 12.4 on day 1
Days of Rain: 9 (>= 0.2 mm) 4 (>= 2.0 mm) 0 (>= 20.0 mm)
Heat Base: 18.3 Cool Base: 18.3 Method: Integration