Select a Year or Month report
Report for 2011 Dec
Monthly Climatological Summary for Dec 2011
Name: Reigate Weather City: Reigate State: Surrey, United Kingdom
Elevation: 71 m Lat: N 51° 14' 04" Lon: W 000° 12' 00"
Temperature (°C), Rain (mm), Wind Speed (mph)
Heat Cool Avg
Mean Deg Deg Wind Dom
Day Temp High Time Low Time Days Days Rain Speed High Time Dir
----------------------------------------------------------------------------------
1 9.1 11.0 07:35 5.4 23:40 9.2 0.0 10.4 0.6 9.8 00:10 SE
2 4.3 7.5 23:55 1.1 07:55 14.1 0.0 1.0 0.1 4.7 23:20 SSE
3 9.2 10.9 11:10 6.8 20:15 9.2 0.0 2.1 0.5 9.8 12:58 SSE
4 7.2 8.7 14:25 4.2 23:10 6.9 0.0 0.5 0.3 8.3 14:08 NNW
5 3.8 5.9 12:10 2.1 07:30 14.6 0.0 0.0 0.2 8.7 12:56 SE
6 4.2 5.9 12:50 1.5 01:55 14.2 0.0 0.0 0.1 6.0 11:51 SSE
7 6.6 8.3 13:20 1.7 23:55 11.7 0.0 1.0 0.5 10.5 07:35 E
8 7.0 11.5 18:06 0.2 02:45 11.4 0.0 4.1 1.5 19.9 18:56 SSE
9 4.4 7.6 13:25 -0.2 23:25 13.9 0.0 0.0 0.4 11.9 09:55 SSE
10 0.7 5.8 13:55 -2.2 07:45 17.6 0.0 0.0 0.0 6.7 12:33 SE
11 4.1 7.9 20:15 -1.1 02:25 14.2 0.0 7.8 0.3 9.2 12:10 SSE
12 5.5 9.2 23:55 1.1 08:38 13.0 0.0 6.7 1.1 12.8 23:05 SSE
13 6.8 10.7 02:11 2.0 23:00 11.5 0.0 7.8 1.5 17.0 04:27 SSE
14 3.5 5.6 13:22 1.1 20:40 15.0 0.0 0.0 0.2 10.5 11:00 SSE
15 5.0 7.4 13:40 1.8 01:25 13.4 0.0 4.1 0.4 10.5 06:50 SSE
16 2.7 4.3 00:00 0.8 09:03 15.6 0.0 7.8 0.6 7.4 08:16 NNW
17 2.5 5.3 13:30 0.1 05:50 15.9 0.0 0.5 0.4 9.8 20:26 NNW
18 1.6 4.7 13:35 -1.2 23:55 16.9 0.0 0.5 0.3 7.4 06:03 NNW
19 1.9 6.3 19:59 -1.9 01:45 16.5 0.0 4.7 0.1 5.8 19:46 NNW
20 5.5 6.7 13:35 4.4 19:48 12.9 0.0 1.0 0.3 6.5 11:30 NNW
21 8.7 11.4 15:37 4.9 00:00 9.6 0.0 2.1 0.1 5.8 16:13 NNE
22 10.0 11.8 13:40 8.5 17:35 5.2 0.0 0.0 0.1 5.6 09:30 ESE
23 8.3 10.4 02:54 3.7 23:25 10.0 0.0 6.7 0.8 14.3 14:50 SE
24 5.0 7.6 14:00 1.9 07:23 13.4 0.0 0.0 0.1 8.5 02:35 NNE
25 9.6 10.8 14:10 7.1 00:00 8.7 0.0 0.0 0.3 11.4 18:41 SSE
26 10.2 11.1 02:02 8.9 19:54 8.2 0.0 0.0 0.3 13.0 17:15 SSE
27 8.9 9.6 12:50 7.5 21:45 9.5 0.0 0.0 0.1 5.8 14:40 SE
28 7.8 10.1 11:05 5.0 23:55 10.5 0.0 0.0 0.6 10.5 20:20 SSE
29 6.6 9.2 17:44 4.4 01:50 11.8 0.0 4.7 0.7 11.0 17:51 SE
30 6.3 10.3 23:51 4.8 07:38 12.1 0.0 5.2 0.1 6.3 07:16 NNW
31 11.2 12.1 16:12 10.3 00:01 6.9 0.0 0.5 0.3 7.6 11:18 SSE
----------------------------------------------------------------------------------
6.1 12.1 31 -2.2 10 373.6 0.0 79.2 0.4 19.9 8 SE
Max >= 25.0: 0
Max <= 0.0: 0
Min <= 0.0: 5
Min <= -5.0: 0
Max Rain: 10.4 on day 1
Days of Rain: 20 (>= 0.2 mm) 13 (>= 2.0 mm) 0 (>= 20.0 mm)
Heat Base: 18.3 Cool Base: 18.3 Method: Integration