Select a Year or Month report
Report for 2011 Nov
Monthly Climatological Summary for Nov 2011
Name: Reigate Weather City: Reigate State: Surrey, United Kingdom
Elevation: 71 m Lat: N 51° 14' 04" Lon: W 000° 12' 00"
Temperature (°C), Rain (mm), Wind Speed (mph)
Heat Cool Avg
Mean Deg Deg Wind Dom
Day Temp High Time Low Time Days Days Rain Speed High Time Dir
----------------------------------------------------------------------------------
1 11.5 15.2 13:35 7.1 23:40 6.8 0.0 6.2 0.0 2.2 02:35 SE
2 10.9 14.1 13:55 6.7 02:05 7.4 0.0 3.1 0.2 4.3 17:39 SSE
3 13.8 15.9 14:15 11.4 20:39 4.5 0.0 8.8 0.2 5.1 11:55 SE
4 12.1 13.3 12:30 9.9 23:45 6.2 0.0 10.9 0.1 4.5 12:45 SSE
5 11.1 13.1 13:20 8.8 02:50 7.2 0.0 0.0 0.1 6.0 09:16 N
6 9.9 10.9 13:11 8.7 07:15 8.5 0.0 0.0 0.8 13.2 11:43 N
7 10.6 11.9 12:35 9.3 01:00 7.7 0.0 0.5 0.2 8.5 00:00 N
8 9.4 10.6 00:00 8.8 22:25 8.9 0.0 2.1 0.0 1.1 08:25 SSW
9 10.5 13.3 13:55 8.9 00:00 7.8 0.0 1.6 0.0 2.5 13:45 SE
10 10.8 14.1 14:45 8.4 02:25 7.5 0.0 0.0 0.0 3.1 19:11 SW
11 9.9 11.1 23:21 9.1 02:50 8.5 0.0 0.5 0.0 6.3 21:57 SSE
12 12.6 15.1 13:15 11.1 00:00 5.7 0.0 1.0 0.0 3.1 16:38 WSW
13 11.3 15.4 13:34 8.9 04:55 7.0 0.0 0.0 0.0 4.7 09:49 N
14 8.5 9.9 00:00 6.8 23:50 9.8 0.0 0.0 0.1 5.6 19:01 SE
15 6.9 10.9 12:30 3.8 07:35 11.4 0.0 0.5 0.0 4.5 17:59 SW
16 6.5 8.6 23:50 4.9 03:05 11.9 0.0 0.0 0.0 5.4 17:47 NE
17 9.9 13.6 13:05 6.9 20:09 8.5 0.0 0.0 0.2 8.5 12:30 SSE
18 8.8 11.2 00:00 6.7 23:10 2.8 0.0 0.0 0.2 2.0 20:12 SSE
19 8.6 12.4 14:15 5.3 23:50 9.8 0.0 0.0 0.0 1.3 09:14 E
20 6.5 10.5 14:17 3.2 03:25 11.8 0.0 0.0 0.0 0.0 00:00 E
21 8.8 11.3 14:25 4.9 00:20 9.5 0.0 0.0 0.0 2.9 19:58 ESE
22 10.5 12.6 13:10 7.4 23:55 7.8 0.0 0.5 0.0 5.6 19:14 NNW
23 5.8 8.3 14:52 3.3 07:50 10.9 0.0 0.0 0.0 0.0 00:00 E
24 9.6 11.5 12:08 5.9 07:40 6.0 0.0 0.0 0.5 11.0 23:26 SSE
25 9.3 11.9 03:33 3.3 23:45 9.1 0.0 0.5 0.4 10.3 02:35 SSE
26 8.2 12.1 13:25 2.5 05:55 10.1 0.0 0.0 0.6 12.3 22:05 SSE
27 9.3 12.6 11:02 1.3 23:50 9.0 0.0 0.0 0.8 17.0 11:39 NE
28 5.2 11.6 22:30 -0.4 03:55 13.1 0.0 1.6 0.2 7.4 13:48 SSE
29 10.3 12.2 14:18 5.1 23:50 8.0 0.0 2.6 1.6 17.7 10:40 SSE
30 7.1 11.3 13:05 2.1 08:00 11.3 0.0 1.0 0.5 8.9 16:23 SSE
----------------------------------------------------------------------------------
9.5 15.9 3 -0.4 28 254.5 0.0 41.4 0.2 17.7 29 SE
Max >= 25.0: 0
Max <= 0.0: 0
Min <= 0.0: 1
Min <= -5.0: 0
Max Rain: 10.9 on day 4
Days of Rain: 15 (>= 0.2 mm) 6 (>= 2.0 mm) 0 (>= 20.0 mm)
Heat Base: 18.3 Cool Base: 18.3 Method: Integration