Select a Year or Month report
Report for 2011 Oct
Monthly Climatological Summary for Oct 2011
Name: Reigate Weather City: Reigate State: Surrey, United Kingdom
Elevation: 71 m Lat: N 51° 14' 04" Lon: W 000° 12' 00"
Temperature (°C), Rain (mm), Wind Speed (mph)
Heat Cool Avg
Mean Deg Deg Wind Dom
Day Temp High Time Low Time Days Days Rain Speed High Time Dir
----------------------------------------------------------------------------------
1 17.7 26.5 14:12 11.6 07:20 0.6 0.0 0.0 0.0 3.6 13:01 SSE
2 17.4 26.6 14:49 11.1 07:05 0.9 0.0 0.0 0.2 6.5 12:57 SE
3 17.1 24.6 14:27 11.8 05:30 1.2 0.0 0.0 0.4 13.0 14:35 SE
4 16.2 17.6 13:36 14.5 23:50 2.1 0.0 0.0 0.2 6.0 10:41 ESE
5 16.2 18.2 12:54 14.4 00:15 2.1 0.0 0.5 1.0 9.2 13:30 SE
6 12.8 16.1 00:56 9.6 23:15 5.5 0.0 2.6 0.8 13.6 12:58 SE
7 11.1 14.5 15:57 8.9 23:55 7.2 0.0 0.0 0.5 11.9 01:25 N
8 11.5 14.5 22:05 8.8 02:00 6.8 0.0 0.0 0.3 8.3 10:15 N
9 16.7 20.8 13:45 13.9 01:20 1.6 0.0 1.6 0.3 6.7 22:05 ESE
10 16.9 20.2 14:30 15.3 07:50 1.4 0.0 0.0 0.8 8.5 08:20 SE
11 16.7 18.4 12:40 15.4 08:05 1.6 0.0 0.0 0.5 5.4 13:30 SSE
12 16.0 18.1 16:06 13.7 08:44 2.3 0.0 0.0 0.1 7.2 10:34 E
13 14.1 17.3 12:35 12.2 23:50 4.2 0.0 0.0 0.0 5.4 14:28 WNW
14 11.1 15.9 14:15 7.8 21:45 7.2 0.0 0.0 0.1 4.7 11:40 SW
15 9.5 16.5 15:07 4.0 07:55 8.8 0.0 0.0 0.0 4.0 13:41 S
16 8.9 16.0 15:33 2.3 07:30 3.0 0.0 0.0 0.0 3.8 12:36 SE
17 10.9 16.2 14:20 4.8 07:20 7.4 0.0 0.0 0.8 11.9 18:11 SE
18 9.8 13.6 00:00 6.4 23:55 8.5 0.0 5.2 0.4 13.0 13:58 E
19 7.5 13.1 14:16 4.3 04:40 10.9 0.0 0.0 0.3 13.0 16:10 N
20 6.5 12.1 14:41 3.0 07:15 11.8 0.0 0.0 0.0 5.1 11:39 N
21 8.7 13.4 12:48 1.6 04:50 13.8 0.0 0.0 0.0 5.6 15:30 SSE
22 8.8 13.0 14:20 4.6 08:02 9.4 0.0 0.0 0.1 2.2 15:50 SE
23 12.9 17.5 14:15 7.6 00:50 5.3 0.0 0.0 0.2 8.9 12:50 SSE
24 13.2 16.3 14:20 10.5 08:15 5.1 0.0 3.1 0.1 6.3 18:28 S
25 11.7 15.3 13:15 7.6 23:55 6.5 0.0 5.7 0.1 4.5 10:55 SE
26 8.1 10.2 23:55 6.1 02:20 10.2 0.0 8.3 0.0 6.0 16:22 SE
27 11.1 12.4 16:05 9.8 01:45 7.2 0.0 1.0 0.0 6.0 13:02 S
28 11.8 13.4 13:45 10.3 08:57 6.5 0.0 0.0 0.0 4.5 08:36 NW
29 12.6 14.9 15:15 10.8 07:55 5.7 0.0 0.0 0.2 9.4 16:39 SE
30 14.1 15.3 11:38 12.9 00:00 4.2 0.0 0.5 0.2 8.9 12:39 SE
31 13.6 14.6 11:35 11.8 23:55 4.7 0.0 0.5 0.3 5.1 10:50 SSE
----------------------------------------------------------------------------------
12.6 26.6 2 1.6 21 173.7 0.0 29.0 0.3 13.6 6 ESE
Max >= 25.0: 2
Max <= 0.0: 0
Min <= 0.0: 0
Min <= -5.0: 0
Max Rain: 8.3 on day 26
Days of Rain: 10 (>= 0.2 mm) 5 (>= 2.0 mm) 0 (>= 20.0 mm)
Heat Base: 18.3 Cool Base: 18.3 Method: Integration