Select a Year or Month report
Report for 2011 Sep
Monthly Climatological Summary for Sep 2011
Name: Reigate Weather City: Reigate State: Surrey, United Kingdom
Elevation: 71 m Lat: N 51° 14' 04" Lon: W 000° 12' 00"
Temperature (°C), Rain (mm), Wind Speed (mph)
Heat Cool Avg
Mean Deg Deg Wind Dom
Day Temp High Time Low Time Days Days Rain Speed High Time Dir
----------------------------------------------------------------------------------
1 15.4 21.8 14:47 10.8 06:10 2.9 0.0 0.0 0.4 7.4 11:44 SSW
2 17.9 25.3 15:35 12.1 06:15 0.4 0.0 0.0 0.2 6.9 17:34 ESE
3 17.5 22.2 13:15 14.4 01:50 0.8 0.0 0.0 0.2 6.3 14:40 ESE
4 15.7 18.1 10:15 12.8 21:50 2.6 0.0 4.2 0.3 9.4 18:36 ESE
5 13.7 18.7 14:40 9.1 06:40 4.6 0.0 4.7 0.6 9.4 18:22 SE
6 14.8 16.3 16:30 12.2 23:55 3.5 0.0 15.5 1.4 12.8 12:20 SE
7 13.4 16.3 14:31 10.8 06:45 4.9 0.0 0.5 0.3 9.8 19:45 ESE
8 15.2 18.6 17:44 12.3 00:20 3.1 0.0 0.0 0.2 8.5 17:30 ESE
9 17.6 20.1 15:37 15.9 00:00 0.7 0.0 0.5 0.2 6.0 14:53 ESE
10 18.0 21.3 12:35 14.9 23:45 0.3 0.0 1.6 0.4 7.8 20:59 SE
11 16.1 19.9 15:15 13.9 07:00 2.2 0.0 5.2 0.9 13.2 14:20 SE
12 16.8 19.9 12:49 13.3 23:55 1.5 0.0 1.5 1.3 17.4 11:56 SE
13 14.0 18.3 12:40 11.8 23:50 4.3 0.0 1.0 0.5 6.9 10:25 ESE
14 12.8 18.2 15:30 8.1 06:55 5.5 0.0 0.0 0.1 3.8 18:25 E
15 12.4 19.1 13:50 6.9 06:26 5.9 0.0 0.0 0.0 2.7 12:40 SE
16 15.7 21.4 14:40 11.8 00:00 2.6 0.0 0.0 0.1 7.6 20:54 SSE
17 13.5 17.9 14:30 9.1 23:45 4.8 0.0 3.6 0.3 11.4 10:48 SE
18 11.2 16.4 14:29 6.9 06:55 7.1 0.0 0.0 0.0 4.7 13:46 NNE
19 13.5 18.2 15:06 9.3 05:25 4.8 0.0 0.0 0.1 7.8 16:47 SE
20 15.5 16.8 11:32 14.4 01:00 2.8 0.0 0.0 0.5 8.9 11:15 SE
21 14.6 17.7 15:06 11.9 23:05 3.7 0.0 5.2 0.3 6.9 15:20 ESE
22 13.7 18.9 14:04 9.9 06:30 4.6 0.0 0.0 0.1 9.6 12:17 E
23 12.1 17.9 13:53 7.1 07:10 6.2 0.0 0.0 0.1 7.6 13:05 SE
24 12.6 18.8 14:30 6.8 07:00 5.7 0.0 0.0 0.0 3.1 11:51 SE
25 15.0 20.3 14:12 10.3 06:25 3.3 0.0 0.0 0.5 11.0 13:44 SE
26 17.1 22.2 14:56 13.3 23:55 1.2 0.0 0.0 0.3 7.2 17:49 SE
27 15.4 21.3 15:20 12.3 06:55 2.9 0.0 0.0 0.0 4.9 15:51 SE
28 17.2 24.4 14:10 11.5 07:00 1.1 0.0 0.0 0.1 3.8 16:49 SSE
29 17.9 25.6 14:20 12.5 07:00 0.4 0.0 0.0 0.1 3.4 17:08 SE
30 17.6 26.2 14:15 11.6 06:25 0.7 0.0 0.0 0.1 6.7 16:20 SSE
----------------------------------------------------------------------------------
15.1 26.2 30 6.8 24 95.1 0.0 43.5 0.3 17.4 12 SE
Max >= 25.0: 3
Max <= 0.0: 0
Min <= 0.0: 0
Min <= -5.0: 0
Max Rain: 15.5 on day 6
Days of Rain: 11 (>= 0.2 mm) 6 (>= 2.0 mm) 0 (>= 20.0 mm)
Heat Base: 18.3 Cool Base: 18.3 Method: Integration