Select a Year or Month report
Report for 2011 Aug
Monthly Climatological Summary for Aug 2011
Name: Reigate Weather City: Reigate State: Surrey, United Kingdom
Elevation: 71 m Lat: N 51° 14' 04" Lon: W 000° 12' 00"
Temperature (°C), Rain (mm), Wind Speed (mph)
Heat Cool Avg
Mean Deg Deg Wind Dom
Day Temp High Time Low Time Days Days Rain Speed High Time Dir
----------------------------------------------------------------------------------
1 20.4 27.1 14:54 14.9 00:44 0.0 2.1 0.0 0.2 6.0 11:59 SSE
2 21.2 26.7 17:54 17.3 05:56 0.0 2.9 0.0 0.1 4.3 19:46 SE
3 20.6 28.0 14:04 15.0 04:09 0.0 2.3 0.0 0.4 9.8 16:02 SE
4 17.2 19.3 18:24 15.3 23:59 1.1 0.0 16.6 0.3 4.7 12:29 SE
5 17.2 22.5 16:39 12.8 05:14 1.1 0.0 0.5 0.2 6.3 16:29 SE
6 15.5 18.6 11:29 13.2 06:14 2.8 0.0 0.0 0.2 8.1 20:31 SE
7 15.4 19.7 13:24 11.5 06:24 2.9 0.0 0.0 0.5 8.5 15:39 SE
8 15.3 19.6 16:39 11.7 06:14 3.0 0.0 1.6 0.2 8.3 19:20 E
9 15.2 20.4 17:19 11.0 06:19 3.1 0.0 0.0 0.3 5.8 14:09 NNE
10 15.5 21.2 16:24 9.9 05:29 2.8 0.0 0.0 0.6 13.4 14:14 SE
11 16.6 19.3 16:06 14.5 05:34 1.7 0.0 0.0 0.5 9.8 15:51 SE
12 17.9 22.1 15:59 15.5 06:29 0.4 0.0 0.0 0.2 6.3 18:41 SE
13 17.8 22.0 12:33 15.6 23:00 0.5 0.0 1.5 0.3 7.8 10:49 ESE
14 17.0 20.8 15:00 14.4 05:00 1.3 0.0 0.0 0.1 2.0 13:00 NE
15 15.8 20.8 14:00 11.6 06:00 2.5 0.0 0.0 0.3 4.5 15:00 SSE
16 16.4 19.1 18:00 13.9 06:00 1.9 0.0 0.0 0.1 2.0 18:00 SSE
17 15.6 20.1 14:00 12.4 06:00 2.7 0.0 0.5 0.0 0.0 00:00 ---
18 14.7 17.9 11:00 12.8 22:00 3.6 0.0 1.0 0.3 4.3 12:00 SW
19 14.9 20.4 15:00 9.4 06:00 3.4 0.0 0.0 0.4 6.9 19:58 SE
20 16.5 21.3 17:22 13.1 07:00 1.8 0.0 0.0 0.3 6.5 11:51 SE
21 20.6 23.7 14:24 16.1 23:59 0.0 2.3 0.0 0.3 8.1 17:59 E
22 16.8 21.8 13:59 11.6 06:59 1.5 0.0 0.0 0.1 3.6 21:36 S
23 15.0 16.0 00:59 14.1 08:19 3.3 0.0 10.9 0.0 7.8 10:21 NE
24 15.8 20.4 16:15 13.3 23:45 2.5 0.0 1.0 0.2 8.3 17:02 SE
25 15.0 19.1 15:30 12.9 01:05 3.3 0.0 6.7 0.1 5.1 17:15 SE
26 14.3 17.5 16:55 11.4 23:35 4.0 0.0 5.7 0.1 5.4 17:16 SSE
27 14.5 18.8 13:54 11.4 00:00 3.8 0.0 0.0 0.3 9.2 14:31 ENE
28 13.9 19.0 15:05 10.6 23:50 4.4 0.0 1.0 0.2 9.6 15:00 ENE
29 13.1 17.2 14:55 8.9 06:30 5.2 0.0 0.5 0.2 8.9 13:27 N
30 14.0 16.1 15:10 11.9 05:55 4.3 0.0 0.0 0.0 4.0 08:45 N
31 14.6 17.8 16:00 11.4 23:55 3.7 0.0 0.0 0.0 2.7 13:49 NNW
----------------------------------------------------------------------------------
16.3 28.0 3 8.9 29 72.6 9.6 47.5 0.2 13.4 10 ESE
Max >= 25.0: 3
Max <= 0.0: 0
Min <= 0.0: 0
Min <= -5.0: 0
Max Rain: 16.6 on day 4
Days of Rain: 12 (>= 0.2 mm) 4 (>= 2.0 mm) 0 (>= 20.0 mm)
Heat Base: 18.3 Cool Base: 18.3 Method: Integration