Select a Year or Month report
Report for 2011 Jul
Monthly Climatological Summary for Jul 2011
Name: Reigate Weather City: Reigate State: Surrey, United Kingdom
Elevation: 71 m Lat: N 51° 14' 04" Lon: W 000° 12' 00"
Temperature (°C), Rain (mm), Wind Speed (mph)
Heat Cool Avg
Mean Deg Deg Wind Dom
Day Temp High Time Low Time Days Days Rain Speed High Time Dir
----------------------------------------------------------------------------------
1 15.5 20.4 17:00 10.7 05:59 2.8 0.0 0.0 0.1 6.9 09:11 N
2 16.0 20.9 15:29 12.1 03:24 2.3 0.0 0.0 0.2 4.9 15:34 SE
3 16.7 22.7 14:09 9.3 05:14 1.6 0.0 0.0 0.1 3.4 10:44 NE
4 18.0 25.4 14:49 11.1 05:09 0.3 0.0 0.0 0.1 4.7 18:59 SE
5 16.7 25.1 13:54 10.9 04:34 1.6 0.0 3.1 0.1 3.8 13:59 ESE
6 15.5 18.9 14:24 12.9 04:19 2.8 0.0 0.5 0.8 13.0 18:40 ESE
7 14.5 16.6 17:14 12.9 23:29 3.8 0.0 12.9 0.7 9.2 20:29 SE
8 13.9 16.4 16:43 12.3 06:09 4.4 0.0 16.1 0.6 12.1 17:02 SE
9 15.4 19.8 15:29 12.7 23:59 2.9 0.0 2.1 0.3 10.5 15:00 ESE
10 15.8 20.9 15:19 12.2 01:09 2.5 0.0 0.0 0.1 3.8 11:23 ESE
11 17.2 22.5 13:43 11.3 05:19 1.1 0.0 0.0 0.1 6.0 13:46 N
12 16.3 18.9 17:14 14.4 23:49 2.0 0.0 0.0 0.3 8.7 11:52 NNW
13 14.7 17.1 14:49 12.6 05:19 3.6 0.0 0.0 0.2 6.7 16:27 NW
14 16.4 21.9 17:24 11.5 06:19 1.9 0.0 0.0 0.3 8.9 09:58 N
15 17.1 23.2 15:34 10.8 05:34 1.2 0.0 0.0 0.5 8.5 14:08 SE
16 15.2 17.3 17:14 12.8 23:59 3.1 0.0 8.8 0.6 8.3 12:58 SE
17 14.3 16.9 18:09 11.6 03:09 4.0 0.0 3.6 0.4 10.1 12:11 ESE
18 13.7 16.1 16:07 12.2 23:49 4.6 0.0 11.4 0.4 9.8 14:13 ESE
19 14.5 20.3 14:29 10.4 05:59 3.8 0.0 7.3 0.1 5.6 12:00 NE
20 13.9 16.8 13:59 11.9 05:44 4.4 0.0 3.1 0.1 4.0 14:09 ESE
21 14.8 18.2 14:04 12.7 05:14 3.5 0.0 0.0 0.1 5.8 17:56 NNE
22 15.5 20.5 14:59 11.0 05:55 2.8 0.0 0.0 0.2 3.8 13:14 N
23 14.4 17.5 15:51 11.1 05:09 3.9 0.0 4.1 0.3 9.8 12:22 NNE
24 16.4 22.8 16:14 10.1 05:49 1.9 0.0 0.0 0.2 5.8 17:34 NNE
25 17.4 23.1 15:31 10.7 06:19 0.9 0.0 0.0 0.2 7.6 15:15 NNE
26 16.8 19.6 14:54 12.9 05:29 1.5 0.0 0.0 0.1 3.8 13:36 NNE
27 16.8 19.8 18:18 14.4 23:54 1.5 0.0 0.0 0.1 7.8 11:55 N
28 18.2 23.3 16:17 13.6 02:49 0.1 0.0 0.0 0.0 6.3 11:54 NW
29 17.4 21.3 13:44 13.6 05:44 0.9 0.0 0.0 0.1 4.3 17:14 W
30 16.7 21.7 17:19 11.4 06:24 1.6 0.0 0.0 0.1 8.1 00:00 NNE
31 17.2 23.5 15:39 11.0 05:56 1.1 0.0 0.0 0.2 5.4 18:55 SE
----------------------------------------------------------------------------------
15.9 25.4 4 9.3 3 74.4 0.0 73.0 0.3 13.0 6 E
Max >= 25.0: 2
Max <= 0.0: 0
Min <= 0.0: 0
Min <= -5.0: 0
Max Rain: 16.1 on day 8
Days of Rain: 11 (>= 0.2 mm) 10 (>= 2.0 mm) 0 (>= 20.0 mm)
Heat Base: 18.3 Cool Base: 18.3 Method: Integration