Select a Year or Month report
Report for 2011 Jun
Monthly Climatological Summary for Jun 2011
Name: Reigate Weather City: Reigate State: Surrey, United Kingdom
Elevation: 71 m Lat: N 51° 14' 04" Lon: W 000° 12' 00"
Temperature (°C), Rain (mm), Wind Speed (mph)
Heat Cool Avg
Mean Deg Deg Wind Dom
Day Temp High Time Low Time Days Days Rain Speed High Time Dir
----------------------------------------------------------------------------------
1 14.2 20.9 14:51 7.8 05:36 4.1 0.0 0.0 0.2 6.3 18:47 ENE
2 17.1 23.8 15:45 10.4 04:21 1.2 0.0 0.0 0.4 7.2 07:24 S
3 18.4 25.0 15:55 12.6 05:20 0.0 0.1 0.0 0.7 9.8 18:02 WNW
4 18.7 26.3 15:46 12.8 05:05 0.0 0.4 0.0 0.8 11.9 15:07 WNW
5 14.3 16.6 14:49 11.4 23:50 4.0 0.0 11.9 0.4 10.3 09:17 N
6 10.7 12.2 16:00 8.9 11:25 7.6 0.0 18.1 0.0 4.0 01:05 NW
7 13.1 17.3 15:50 9.8 04:40 5.2 0.0 0.0 0.5 10.3 16:50 SE
8 11.9 17.5 13:45 7.9 02:45 6.4 0.0 2.6 0.4 6.3 17:12 SE
9 11.9 16.3 14:45 6.5 04:50 6.4 0.0 0.0 0.3 7.6 12:37 E
10 10.6 14.3 13:53 6.5 04:05 7.7 0.0 7.3 0.1 6.0 11:07 E
11 11.6 18.1 16:30 7.1 04:40 6.7 0.0 0.5 0.2 6.0 13:13 ENE
12 11.9 13.9 23:57 7.6 01:38 6.4 0.0 6.7 0.9 11.2 18:48 SE
13 16.3 20.4 17:21 13.8 23:59 2.0 0.0 1.0 0.6 11.0 11:12 ESE
14 15.9 22.0 15:04 9.2 05:19 2.4 0.0 0.0 0.1 5.4 15:28 ESE
15 15.2 18.0 13:09 12.6 03:49 3.1 0.0 0.5 0.3 8.5 09:42 ESE
16 13.2 16.4 14:49 10.1 23:54 5.1 0.0 3.1 0.2 10.3 17:04 E
17 11.3 13.8 11:17 7.8 03:59 7.0 0.0 14.5 0.1 7.2 16:04 SSE
18 12.7 15.6 13:26 10.2 06:04 5.6 0.0 2.6 0.5 14.1 13:22 ESE
19 14.1 17.6 14:08 11.3 04:14 4.2 0.0 0.0 0.3 9.4 12:50 ESE
20 13.8 17.9 15:59 9.3 01:59 4.5 0.0 4.1 0.1 4.7 23:29 SE
21 15.8 18.4 12:14 13.5 03:34 2.5 0.0 0.5 0.8 13.0 19:28 ESE
22 13.7 15.8 17:34 11.3 03:09 4.6 0.0 3.6 0.6 10.5 13:37 ESE
23 14.5 18.4 17:19 10.9 03:59 3.8 0.0 0.0 0.2 11.9 12:38 ENE
24 13.9 18.9 14:04 9.3 05:24 4.4 0.0 0.5 0.3 10.1 16:52 ESE
25 16.4 22.3 18:09 11.4 01:59 1.9 0.0 2.1 0.3 5.4 18:32 ESE
26 20.4 27.8 16:25 14.1 04:49 0.0 2.1 0.0 0.2 5.4 16:47 SSE
27 23.3 30.1 14:39 17.8 04:59 0.0 5.0 0.0 0.2 6.0 16:54 SE
28 18.4 22.9 11:39 14.2 23:59 0.0 0.1 4.1 0.2 5.8 19:07 N
29 15.3 20.3 15:22 10.6 05:24 3.0 0.0 0.5 0.4 9.6 12:10 NNE
30 14.6 18.9 14:03 9.8 05:54 3.7 0.0 0.0 0.1 6.0 12:11 NNE
----------------------------------------------------------------------------------
14.8 30.1 27 6.5 9 113.5 7.7 84.2 0.3 14.1 18 ESE
Max >= 25.0: 4
Max <= 0.0: 0
Min <= 0.0: 0
Min <= -5.0: 0
Max Rain: 18.1 on day 6
Days of Rain: 18 (>= 0.2 mm) 12 (>= 2.0 mm) 0 (>= 20.0 mm)
Heat Base: 18.3 Cool Base: 18.3 Method: Integration