Select a Year or Month report
Report for 2011 May
Monthly Climatological Summary for May 2011
Name: Reigate Weather City: Reigate State: Surrey, United Kingdom
Elevation: 71 m Lat: N 51° 14' 04" Lon: W 000° 12' 00"
Temperature (°C), Rain (mm), Wind Speed (mph)
Heat Cool Avg
Mean Deg Deg Wind Dom
Day Temp High Time Low Time Days Days Rain Speed High Time Dir
----------------------------------------------------------------------------------
1 14.1 19.2 13:41 10.7 06:05 4.2 0.0 0.0 0.7 12.8 15:50 WNW
2 11.7 16.3 12:29 7.5 23:50 6.6 0.0 0.0 1.3 15.0 10:34 W
3 6.9 10.2 09:15 5.9 05:45 11.4 0.0 0.0 0.4 5.8 09:09 WNW
4 11.1 18.2 14:51 5.1 02:45 7.2 0.0 0.0 0.2 5.1 15:18 SSE
5 12.7 19.6 15:35 8.2 01:05 5.6 0.0 0.0 0.1 3.8 15:50 SE
6 16.4 24.4 15:25 8.9 05:35 1.9 0.0 0.0 0.4 7.2 12:45 SSE
7 17.4 23.4 14:30 13.6 04:50 0.9 0.0 3.1 0.2 8.1 13:38 SSE
8 15.6 18.6 16:30 12.1 23:55 2.7 0.0 4.1 0.5 11.4 10:31 SE
9 14.2 19.5 13:12 8.3 05:50 4.1 0.0 0.0 0.6 10.5 13:56 SE
10 14.2 20.9 14:56 8.2 05:00 4.1 0.0 0.0 0.4 9.8 14:54 SE
11 12.7 16.4 14:10 8.8 03:15 5.6 0.0 0.0 0.1 5.1 18:14 E
12 13.0 17.6 16:15 7.8 05:35 5.3 0.0 0.0 0.2 7.4 19:05 N
13 14.7 17.6 13:29 10.4 08:57 3.6 0.0 0.0 0.6 8.1 14:37 SE
14 12.2 16.9 16:18 7.6 05:47 6.1 0.0 0.0 0.4 9.6 10:29 N
15 13.5 15.5 13:42 10.6 23:55 4.8 0.0 0.0 0.4 10.3 11:15 N
16 14.1 18.6 16:05 10.1 00:35 4.2 0.0 0.0 0.3 9.4 11:50 E
17 13.6 17.4 13:24 10.2 04:50 4.7 0.0 0.0 0.2 9.4 10:15 ESE
18 14.2 17.1 16:10 11.8 23:50 4.1 0.0 0.0 0.4 5.4 17:05 SE
19 14.0 20.5 14:49 7.5 05:40 4.3 0.0 0.0 0.1 5.8 11:39 E
20 13.9 19.3 14:15 9.8 02:55 4.4 0.0 0.0 0.2 7.2 13:22 ENE
21 13.7 19.9 13:30 6.8 05:40 4.6 0.0 0.0 0.5 9.4 16:16 SE
22 13.7 18.1 16:05 10.1 23:55 4.6 0.0 1.0 0.6 8.9 15:15 SE
23 12.7 18.2 13:40 8.3 01:50 5.6 0.0 0.0 1.0 9.2 18:52 SE
24 12.8 18.9 15:40 7.3 04:55 5.5 0.0 0.0 0.4 8.3 18:07 E
25 13.2 19.8 13:31 5.4 05:25 5.1 0.0 0.0 0.4 11.0 15:00 SE
26 12.6 16.4 15:07 9.8 23:40 5.7 0.0 5.7 0.7 14.1 13:07 SE
27 11.6 15.1 17:00 9.1 01:40 6.7 0.0 0.0 0.3 8.5 11:07 NNE
28 11.6 14.3 12:10 7.9 04:45 6.7 0.0 0.0 0.6 8.5 18:37 SE
29 14.6 17.9 12:35 12.3 00:50 3.7 0.0 0.0 0.9 8.5 07:34 ESE
30 13.9 19.4 13:15 10.7 23:55 4.4 0.0 1.0 0.4 6.3 13:00 ESE
31 11.9 17.0 17:00 7.2 05:10 6.4 0.0 0.5 0.2 5.4 06:41 N
----------------------------------------------------------------------------------
13.3 24.4 6 5.1 4 154.8 0.0 15.4 0.4 15.0 2 ESE
Max >= 25.0: 0
Max <= 0.0: 0
Min <= 0.0: 0
Min <= -5.0: 0
Max Rain: 5.7 on day 26
Days of Rain: 6 (>= 0.2 mm) 3 (>= 2.0 mm) 0 (>= 20.0 mm)
Heat Base: 18.3 Cool Base: 18.3 Method: Integration