Select a Year or Month report
Report for 2011 Apr
Monthly Climatological Summary for Apr 2011
Name: Reigate Weather City: Reigate State: Surrey, United Kingdom
Elevation: 71 m Lat: N 51° 14' 04" Lon: W 000° 12' 00"
Temperature (°C), Rain (mm), Wind Speed (mph)
Heat Cool Avg
Mean Deg Deg Wind Dom
Day Temp High Time Low Time Days Days Rain Speed High Time Dir
----------------------------------------------------------------------------------
1 11.8 13.9 18:35 9.6 23:55 6.5 0.0 0.0 1.0 10.7 09:48 SSE
2 13.3 18.4 15:30 9.3 23:40 5.0 0.0 0.0 0.4 7.4 13:35 SSE
3 12.1 14.6 15:35 8.4 23:30 6.2 0.0 0.0 0.6 7.6 12:47 SSE
4 9.0 13.8 16:01 4.8 06:50 9.3 0.0 0.0 0.6 14.1 15:42 SSE
5 9.8 11.4 17:53 8.3 00:00 8.5 0.0 1.0 0.9 15.9 13:45 SSE
6 14.5 21.0 15:15 9.0 23:55 3.8 0.0 0.0 0.6 7.4 13:00 SSE
7 14.0 22.5 14:45 5.5 06:30 4.3 0.0 0.0 0.3 8.3 16:41 NNW
8 14.6 21.3 16:20 8.4 06:35 3.7 0.0 0.0 0.1 3.6 12:50 WNW
9 12.5 19.9 14:04 6.6 06:35 5.8 0.0 0.0 0.3 9.2 15:36 W
10 12.7 21.3 15:10 6.8 06:00 5.6 0.0 0.0 0.3 7.2 13:04 NW
11 12.5 20.6 14:00 6.2 06:00 5.8 0.0 0.0 0.2 2.5 18:00 NW
12 10.0 14.9 16:00 5.9 06:00 8.3 0.0 0.0 0.9 4.0 18:00 NNW
13 8.0 12.9 14:00 3.8 04:00 10.3 0.0 0.0 0.1 0.9 12:00 SSW
14 9.5 12.6 16:00 6.9 02:00 8.8 0.0 0.0 0.3 2.5 12:00 SSE
15 11.1 15.1 16:00 8.3 06:00 7.2 0.0 0.0 0.0 0.0 00:00 ---
16 12.0 17.0 14:00 8.4 06:00 6.3 0.0 0.0 0.0 0.0 00:00 ---
17 12.7 19.9 14:00 6.1 06:00 5.6 0.0 0.0 0.0 0.0 00:00 ---
18 12.9 19.1 16:00 7.3 06:00 5.4 0.0 0.0 0.5 3.8 10:00 ESE
19 15.4 23.5 14:00 8.1 06:00 2.9 0.0 0.0 0.3 2.0 16:00 SE
20 16.4 24.8 16:00 9.6 04:00 1.9 0.0 0.0 0.0 0.0 00:00 ---
21 17.7 24.5 16:00 11.9 06:00 0.6 0.0 0.0 0.2 1.3 14:00 SE
22 17.1 25.2 16:00 8.9 06:00 1.2 0.0 0.0 0.3 2.5 10:00 SE
23 18.0 26.3 14:00 9.8 06:00 0.3 0.0 0.0 0.2 1.3 12:00 WNW
24 17.6 24.1 16:00 12.6 04:00 0.7 0.0 0.0 0.1 0.9 06:00 NNW
25 15.5 22.1 16:00 10.8 06:00 2.8 0.0 0.0 0.3 3.1 16:00 NNW
26 12.5 17.1 15:15 9.0 06:00 5.8 0.0 0.0 0.7 9.2 12:43 NW
27 12.2 18.2 15:40 8.3 06:10 6.1 0.0 0.0 0.5 8.7 13:07 NW
28 11.2 17.5 14:25 6.2 04:40 7.1 0.0 0.0 0.8 8.9 13:55 NNW
29 14.0 19.5 15:45 9.1 05:10 4.3 0.0 0.0 0.3 5.6 07:50 N
30 14.7 19.5 13:14 11.1 04:15 3.6 0.0 0.0 0.6 12.3 14:21 W
----------------------------------------------------------------------------------
13.2 26.3 23 3.8 13 153.7 0.0 1.0 0.5 15.9 5 SSW
Max >= 25.0: 2
Max <= 0.0: 0
Min <= 0.0: 0
Min <= -5.0: 0
Max Rain: 1.0 on day 5
Days of Rain: 1 (>= 0.2 mm) 0 (>= 2.0 mm) 0 (>= 20.0 mm)
Heat Base: 18.3 Cool Base: 18.3 Method: Integration