Select a Year or Month report
Report for 2011 Mar
Monthly Climatological Summary for Mar 2011
Name: Reigate Weather City: Reigate State: Surrey, United Kingdom
Elevation: 71 m Lat: N 51° 14' 04" Lon: W 000° 12' 00"
Temperature (°C), Rain (mm), Wind Speed (mph)
Heat Cool Avg
Mean Deg Deg Wind Dom
Day Temp High Time Low Time Days Days Rain Speed High Time Dir
----------------------------------------------------------------------------------
1 3.5 5.6 13:59 2.6 23:24 14.8 0.0 0.0 0.3 9.8 20:15 NNW
2 3.8 7.5 13:04 0.3 23:54 14.5 0.0 0.0 0.5 10.5 09:59 N
3 1.7 5.9 14:29 -0.5 02:14 16.6 0.0 0.0 0.6 10.5 06:03 N
4 2.6 7.4 14:54 -0.1 01:14 15.7 0.0 0.0 0.2 4.7 06:10 NW
5 3.6 6.8 14:53 0.2 07:14 14.7 0.0 0.0 0.2 6.5 11:52 NNE
6 4.1 7.8 14:34 0.8 23:34 14.2 0.0 0.0 0.3 6.3 11:45 WSW
7 3.4 10.4 14:49 -1.4 06:04 14.9 0.0 0.0 0.2 6.5 13:17 WSW
8 3.7 11.5 13:56 -2.7 06:24 14.6 0.0 0.0 0.4 8.1 13:37 SSE
9 7.0 11.4 13:29 3.2 02:32 11.3 0.0 0.0 0.5 12.8 14:37 S
10 8.3 11.7 12:18 4.2 00:31 10.0 0.0 0.0 1.4 14.3 11:01 S
11 6.7 10.8 14:35 0.9 06:37 11.6 0.0 0.0 0.4 8.9 17:18 SSE
12 8.3 13.1 12:47 4.5 00:52 10.0 0.0 0.5 0.4 9.4 16:07 S
13 8.2 10.4 12:52 2.4 23:52 10.1 0.0 2.1 0.1 3.6 02:32 SSE
14 5.5 11.4 12:42 -0.2 06:27 12.8 0.0 0.0 0.3 5.4 18:04 NW
15 9.3 15.1 11:52 6.9 01:47 9.0 0.0 0.0 0.3 8.5 18:57 NNW
16 8.0 9.4 14:02 5.2 23:52 10.3 0.0 0.0 0.4 5.6 09:34 NNW
17 5.2 9.5 15:50 3.3 06:17 13.1 0.0 0.0 0.2 8.3 14:46 NNW
18 5.0 6.9 10:13 1.4 23:57 13.3 0.0 4.7 0.0 3.8 12:00 N
19 4.2 11.6 14:52 -1.6 06:17 14.1 0.0 0.0 0.1 2.0 12:02 SE
20 5.9 12.3 14:17 0.3 01:12 12.4 0.0 0.0 0.2 4.3 11:37 SSE
21 9.4 15.2 13:52 2.9 07:06 8.9 0.0 0.0 0.1 3.6 13:32 SSE
22 9.3 15.9 15:42 4.6 00:02 9.0 0.0 0.0 0.1 3.1 13:02 NW
23 9.5 17.3 14:37 2.4 05:17 8.8 0.0 0.0 0.1 4.9 10:27 ENE
24 9.8 18.2 14:37 3.0 06:17 8.5 0.0 0.0 0.1 2.7 11:17 SSW
25 10.3 18.9 14:17 2.9 06:12 8.0 0.0 0.0 0.0 4.0 17:26 S
26 9.9 16.1 14:46 5.6 01:32 8.4 0.0 0.0 0.1 4.7 15:43 NW
27 9.8 16.2 14:21 5.8 23:58 8.5 0.0 0.0 0.1 5.4 14:32 NNW
28 9.1 15.0 16:57 4.2 02:43 9.2 0.0 0.0 0.1 4.9 18:16 S
29 8.9 15.1 14:07 2.9 05:13 9.4 0.0 0.0 0.1 5.4 14:40 S
30 9.3 10.4 10:25 8.4 04:00 9.0 0.0 1.6 0.4 8.9 16:51 S
31 11.4 15.3 17:22 8.6 04:25 6.9 0.0 4.1 1.1 13.4 18:00 SSE
----------------------------------------------------------------------------------
6.9 18.9 25 -2.7 8 352.6 0.0 13.0 0.3 14.3 10 S
Max >= 25.0: 0
Max <= 0.0: 0
Min <= 0.0: 6
Min <= -5.0: 0
Max Rain: 4.7 on day 18
Days of Rain: 5 (>= 0.2 mm) 3 (>= 2.0 mm) 0 (>= 20.0 mm)
Heat Base: 18.3 Cool Base: 18.3 Method: Integration