Select a Year or Month report
Report for 2011 Feb
Monthly Climatological Summary for Feb 2011
Name: Reigate Weather City: Reigate State: Surrey, United Kingdom
Elevation: 71 m Lat: N 51° 14' 04" Lon: W 000° 12' 00"
Temperature (°C), Rain (mm), Wind Speed (mph)
Heat Cool Avg
Mean Deg Deg Wind Dom
Day Temp High Time Low Time Days Days Rain Speed High Time Dir
----------------------------------------------------------------------------------
1 2.5 6.5 16:49 -2.2 02:39 15.8 0.0 0.0 0.1 4.7 00:36 SSE
2 5.3 9.1 21:34 0.6 06:14 13.0 0.0 1.0 0.6 11.6 12:21 SSE
3 6.6 9.4 13:09 2.4 08:06 11.7 0.0 0.0 1.1 13.6 22:56 SSE
4 9.6 10.4 12:43 8.9 08:41 8.7 0.0 0.0 2.7 19.7 15:15 SSE
5 10.2 11.0 12:30 9.5 23:19 8.1 0.0 0.0 2.8 19.9 05:44 SSE
6 9.2 10.2 12:31 8.5 23:44 9.1 0.0 0.0 1.9 12.3 11:19 SSE
7 7.9 10.5 15:14 4.2 23:54 10.4 0.0 0.0 1.6 11.0 09:29 SSE
8 4.0 9.8 14:44 -0.7 07:29 14.3 0.0 0.0 0.1 4.5 16:04 S
9 7.2 8.6 13:35 4.8 00:04 11.1 0.0 0.0 0.5 6.9 08:39 SSE
10 8.7 10.2 17:04 7.4 00:04 9.6 0.0 7.3 0.4 6.5 09:55 SSE
11 9.1 10.6 13:34 7.5 04:09 9.2 0.0 3.1 0.3 7.6 11:26 SSE
12 8.6 10.1 15:14 5.8 19:03 9.7 0.0 1.0 0.2 2.9 09:34 NNW
13 6.3 6.9 09:59 4.8 23:59 12.0 0.0 9.9 1.3 9.8 10:29 SSE
14 5.7 10.2 13:34 3.2 07:35 12.6 0.0 0.5 0.5 5.1 14:34 SSE
15 5.1 6.1 17:49 3.9 04:44 13.2 0.0 5.2 0.4 6.7 20:58 SSE
16 5.2 9.1 13:19 0.9 03:59 13.1 0.0 0.0 0.2 3.8 18:14 SSE
17 5.3 9.5 13:39 2.6 04:34 13.0 0.0 0.0 0.2 3.8 07:24 ENE
18 4.0 6.6 14:24 2.1 20:09 14.3 0.0 0.0 0.2 6.0 18:44 SSE
19 5.0 6.7 15:30 3.2 00:04 13.3 0.0 7.3 0.2 4.5 18:52 NNE
20 4.5 5.3 12:34 3.8 23:14 13.8 0.0 0.0 0.1 2.7 10:26 NNW
21 4.7 6.4 15:04 2.9 05:49 13.6 0.0 0.5 0.1 3.8 08:43 WNW
22 5.1 6.3 16:34 3.9 06:39 13.2 0.0 0.5 0.0 1.6 14:09 SE
23 7.4 9.5 18:37 5.0 00:54 10.9 0.0 4.1 0.3 4.5 08:04 SSE
24 9.7 15.1 14:24 4.1 23:54 8.6 0.0 0.0 0.2 5.6 13:18 S
25 9.2 12.9 12:36 3.8 00:34 9.1 0.0 0.5 0.6 10.1 22:29 SSE
26 8.0 9.9 00:34 4.4 23:59 10.3 0.0 5.7 1.2 13.0 08:29 NNW
27 4.8 8.9 12:26 2.8 07:24 13.5 0.0 2.6 0.3 8.3 14:05 NNW
28 3.4 4.1 00:44 2.8 19:28 14.9 0.0 1.0 0.3 10.1 10:00 N
----------------------------------------------------------------------------------
6.5 15.1 24 -2.2 1 330.1 0.0 50.2 0.7 19.9 5 SSE
Max >= 25.0: 0
Max <= 0.0: 0
Min <= 0.0: 2
Min <= -5.0: 0
Max Rain: 9.9 on day 13
Days of Rain: 15 (>= 0.2 mm) 8 (>= 2.0 mm) 0 (>= 20.0 mm)
Heat Base: 18.3 Cool Base: 18.3 Method: Integration