Select a Year or Month report
Report for 2011 Jan
Monthly Climatological Summary for Jan 2011
Name: Reigate Weather City: Reigate State: Surrey, United Kingdom
Elevation: 71 m Lat: N 51° 14' 04" Lon: W 000° 12' 00"
Temperature (°C), Rain (mm), Wind Speed (mph)
Heat Cool Avg
Mean Deg Deg Wind Dom
Day Temp High Time Low Time Days Days Rain Speed High Time Dir
----------------------------------------------------------------------------------
1 4.9 6.3 12:59 3.5 23:24 13.4 0.0 1.0 0.1 3.4 21:29 NNW
2 2.5 3.6 13:09 0.9 07:24 15.8 0.0 0.0 0.0 3.4 12:24 N
3 1.2 1.9 00:04 -0.4 07:59 17.1 0.0 0.0 0.0 0.0 00:04 ---
4 2.6 4.3 23:49 0.6 00:04 15.7 0.0 1.0 0.1 1.8 21:54 SE
5 5.2 6.9 21:39 3.3 07:39 13.1 0.0 2.1 0.9 10.5 11:17 SSE
6 4.0 6.6 00:04 2.1 22:49 14.3 0.0 15.0 0.1 6.0 14:53 NNE
7 6.0 9.3 13:18 1.9 00:14 12.3 0.0 8.8 0.6 6.5 16:29 SSE
8 6.3 9.3 08:16 0.0 23:39 12.0 0.0 5.7 1.1 15.2 05:19 S
9 1.3 6.3 13:59 -1.1 23:39 17.0 0.0 0.5 0.1 4.5 14:44 S
10 3.3 7.1 14:09 -1.5 01:34 15.0 0.0 4.7 1.1 7.6 18:01 SSE
11 5.4 7.6 10:39 2.9 23:14 12.9 0.0 12.9 0.6 9.6 13:04 NNW
12 8.0 10.6 13:24 2.9 00:04 10.3 0.0 6.2 0.8 8.3 16:44 SSE
13 10.9 12.2 07:54 10.1 00:04 7.4 0.0 0.5 1.2 8.1 23:34 SSE
14 9.5 11.0 00:04 6.8 23:14 8.8 0.0 5.7 1.0 6.9 03:49 SE
15 9.1 9.9 13:26 6.5 00:14 9.2 0.0 0.0 1.9 14.5 18:00 SSE
16 10.2 11.6 11:04 9.3 00:04 8.1 0.0 1.6 1.3 14.5 10:17 SSE
17 7.2 9.6 00:04 5.5 21:05 11.1 0.0 23.8 0.1 3.4 11:14 N
18 4.5 6.3 13:44 2.6 23:59 13.8 0.0 5.7 0.4 6.9 05:04 NNW
19 2.4 4.2 15:34 0.2 04:24 15.9 0.0 0.0 0.1 4.7 19:55 N
20 3.6 5.1 13:14 2.4 04:59 14.7 0.0 1.0 0.2 4.5 17:28 NNW
21 2.1 3.9 00:04 -0.1 20:54 16.2 0.0 1.0 0.2 6.9 11:03 NNW
22 3.2 5.5 15:24 0.6 00:04 15.1 0.0 0.0 0.6 9.4 12:10 NNW
23 6.0 6.9 15:20 5.0 07:49 12.3 0.0 0.5 0.7 11.2 03:27 NNW
24 5.5 6.5 12:25 2.9 22:54 12.8 0.0 1.0 0.2 6.7 15:31 NNW
25 6.0 7.9 12:42 3.0 01:29 12.3 0.0 2.6 0.3 7.4 03:24 N
26 5.3 7.1 14:19 2.2 23:59 13.0 0.0 1.0 0.5 12.5 20:57 NNW
27 1.5 2.2 11:49 0.5 23:59 16.8 0.0 0.0 0.6 10.5 18:46 NNW
28 0.6 2.3 13:44 -0.1 18:13 17.7 0.0 0.0 0.5 9.6 17:19 N
29 0.9 1.9 13:01 -0.1 23:14 17.4 0.0 0.0 0.4 8.5 21:31 NNW
30 1.2 5.1 13:37 -1.0 05:34 17.1 0.0 0.0 0.3 8.1 11:44 NNW
31 0.6 4.2 13:48 -2.4 23:09 17.7 0.0 0.0 0.1 3.1 09:50 SE
----------------------------------------------------------------------------------
4.5 12.2 13 -2.4 31 426.3 0.0 102.3 0.5 15.2 8 SE
Max >= 25.0: 0
Max <= 0.0: 0
Min <= 0.0: 9
Min <= -5.0: 0
Max Rain: 23.8 on day 17
Days of Rain: 21 (>= 0.2 mm) 11 (>= 2.0 mm) 1 (>= 20.0 mm)
Heat Base: 18.3 Cool Base: 18.3 Method: Integration