Select a Year or Month report
Report for 2010 Dec
Monthly Climatological Summary for Dec 2010
Name: Reigate Weather City: Reigate State: Surrey, United Kingdom
Elevation: 71 m Lat: N 51° 14' 04" Lon: W 000° 12' 00"
Temperature (°C), Rain (mm), Wind Speed (mph)
Heat Cool Avg
Mean Deg Deg Wind Dom
Day Temp High Time Low Time Days Days Rain Speed High Time Dir
----------------------------------------------------------------------------------
1 -1.4 -0.7 00:00 -1.8 08:25 19.7 0.0 0.0 0.3 6.9 05:50 NNE
2 -2.2 -1.3 15:17 -3.2 07:25 20.5 0.0 0.0 0.0 3.6 18:32 WSW
3 -3.9 -2.1 23:55 -5.8 20:55 22.2 0.0 0.0 0.1 2.9 02:50 S
4 2.7 4.1 12:25 -2.1 00:00 15.6 0.0 0.0 0.2 5.6 05:35 SSE
5 0.8 3.3 00:00 -1.6 20:40 17.5 0.0 1.0 0.1 2.5 10:30 N
6 -1.1 -0.6 15:10 -1.9 06:10 19.4 0.0 0.0 0.1 2.5 20:45 NNW
7 -0.6 0.9 13:20 -1.4 04:15 18.9 0.0 0.0 0.1 3.8 22:20 SE
8 0.3 2.0 14:25 -1.6 23:45 18.0 0.0 0.0 0.5 5.1 12:10 NE
9 0.4 3.8 13:35 -2.6 02:50 17.9 0.0 0.0 0.4 4.0 04:35 WSW
10 3.9 5.6 13:45 2.1 00:00 14.4 0.0 0.0 0.1 2.2 01:10 WNW
11 5.8 7.3 13:31 4.5 00:00 12.5 0.0 0.0 0.3 4.5 03:00 NNE
12 3.0 5.9 00:00 -0.1 23:59 15.3 0.0 0.0 0.1 3.6 16:13 NNW
13 0.9 2.6 23:49 -1.0 06:59 17.4 0.0 0.0 0.1 3.1 20:27 N
14 2.4 4.1 12:08 -1.3 23:54 15.9 0.0 1.6 0.1 3.1 00:49 NNW
15 1.3 4.0 17:46 -1.6 00:54 17.0 0.0 2.1 0.3 4.0 15:55 NNW
16 3.2 6.5 14:19 -1.9 23:49 15.1 0.0 3.6 0.7 10.3 18:19 NW
17 -3.4 -0.5 13:07 -6.6 23:44 21.7 0.0 0.0 0.2 5.8 09:43 N
18 -2.7 0.6 13:20 -6.7 00:09 21.0 0.0 0.0 0.0 2.7 09:39 NNW
19 -2.1 1.6 13:21 -7.0 23:54 20.4 0.0 0.0 0.0 1.3 00:54 ESE
20 -3.5 -0.6 14:04 -8.6 02:24 21.8 0.0 0.0 0.0 2.7 15:58 E
21 -0.2 0.4 13:15 -0.7 00:04 18.5 0.0 0.0 0.0 1.3 03:14 NE
22 1.6 2.7 17:44 -0.6 05:29 16.7 0.0 0.5 0.0 0.0 00:04 ---
23 0.6 2.1 11:54 -0.9 06:24 17.7 0.0 0.0 0.9 7.8 19:58 WNW
24 0.6 2.0 13:59 -0.5 08:54 17.7 0.0 0.0 0.7 7.4 01:09 NNW
25 -1.4 -0.3 00:04 -3.0 21:22 19.7 0.0 0.0 0.2 5.4 00:39 N
26 -0.8 1.9 13:26 -3.0 00:17 19.1 0.0 0.5 0.0 2.0 11:22 SSE
27 2.1 2.9 12:35 0.7 00:09 16.2 0.0 1.0 0.5 6.5 11:25 S
28 3.1 4.6 22:44 1.6 00:04 15.2 0.0 3.6 0.0 0.0 00:04 ---
29 5.9 7.2 13:17 4.5 00:44 12.4 0.0 0.5 0.0 0.9 20:59 N
30 5.5 6.5 14:20 4.3 23:50 12.8 0.0 0.0 0.1 5.6 23:46 NNE
31 4.8 5.8 13:17 4.0 01:41 13.5 0.0 0.0 0.0 2.0 01:11 NNW
----------------------------------------------------------------------------------
0.8 7.3 11 -8.6 20 541.7 0.0 14.4 0.2 10.3 16 NNW
Max >= 25.0: 0
Max <= 0.0: 7
Min <= 0.0: 24
Min <= -5.0: 5
Max Rain: 3.6 on day 16
Days of Rain: 9 (>= 0.2 mm) 3 (>= 2.0 mm) 0 (>= 20.0 mm)
Heat Base: 18.3 Cool Base: 18.3 Method: Integration