Select a Year or Month report
Report for 2010 Nov
Monthly Climatological Summary for Nov 2010
Name: Reigate Weather City: Reigate State: Surrey, United Kingdom
Elevation: 71 m Lat: N 51° 14' 04" Lon: W 000° 12' 00"
Temperature (°C), Rain (mm), Wind Speed (mph)
Heat Cool Avg
Mean Deg Deg Wind Dom
Day Temp High Time Low Time Days Days Rain Speed High Time Dir
----------------------------------------------------------------------------------
1 8.9 11.2 14:34 6.6 19:28 9.4 0.0 0.0 0.2 4.5 03:05 NNW
2 12.3 13.9 13:55 9.7 00:00 6.0 0.0 0.5 1.1 9.8 21:45 SSE
3 14.0 15.1 12:16 12.8 07:40 4.3 0.0 0.0 1.1 8.9 00:55 SSE
4 14.5 16.8 12:30 13.2 21:40 3.8 0.0 0.0 1.6 9.6 19:32 SSE
5 14.3 14.9 13:20 10.4 23:55 4.0 0.0 2.6 0.9 6.3 00:25 SE
6 8.1 11.2 13:55 4.3 21:20 10.2 0.0 1.6 0.1 2.2 11:44 NNW
7 5.2 8.8 13:44 3.2 21:25 13.1 0.0 0.0 0.2 6.5 11:00 N
8 5.2 6.4 15:05 3.3 00:00 13.1 0.0 9.8 0.5 9.2 08:15 S
9 6.4 8.3 11:25 4.8 23:45 11.9 0.0 8.8 0.8 9.6 16:46 NW
10 3.5 7.4 13:30 -1.4 23:55 14.8 0.0 0.0 0.6 13.2 13:10 N
11 8.0 13.2 14:15 -1.4 00:00 10.3 0.0 6.7 2.1 19.5 16:45 SE
12 10.4 12.1 18:55 9.6 01:00 7.9 0.0 7.3 0.7 9.8 03:43 SE
13 8.4 11.1 00:00 6.4 19:50 9.9 0.0 0.5 0.0 2.7 01:15 ESE
14 6.1 8.3 05:25 0.8 23:57 12.2 0.0 3.6 0.1 3.6 14:35 N
15 2.0 7.2 14:57 -0.6 06:15 16.3 0.0 0.0 0.0 0.9 13:10 ---
16 3.2 8.9 14:21 -1.5 05:00 15.1 0.0 0.5 0.1 3.1 13:44 W
17 5.4 6.3 12:55 4.8 21:55 12.9 0.0 3.1 0.7 5.1 09:35 S
18 6.4 8.8 12:50 4.4 05:20 11.9 0.0 3.6 0.1 3.8 12:30 SE
19 4.9 8.9 13:15 2.3 07:55 13.4 0.0 0.0 0.0 1.3 11:20 S
20 6.1 6.9 13:43 3.9 00:10 12.2 0.0 0.0 0.3 5.4 10:28 NNW
21 5.7 7.2 12:15 4.8 22:50 12.6 0.0 0.0 0.7 8.5 12:50 NNE
22 5.5 7.5 13:02 4.1 07:50 12.8 0.0 0.0 0.5 4.5 20:10 NNW
23 5.0 6.3 12:50 2.9 23:45 13.3 0.0 0.0 0.3 4.9 13:35 NNW
24 2.1 4.5 13:55 -0.1 06:55 16.2 0.0 0.0 0.2 4.7 04:30 N
25 1.2 2.9 15:58 0.3 23:58 17.1 0.0 0.0 0.5 7.4 20:26 NW
26 -0.7 2.8 13:28 -2.8 23:50 19.0 0.0 0.0 0.2 5.8 11:13 NNE
27 -1.0 1.1 13:05 -3.1 00:35 19.3 0.0 0.5 0.1 3.8 12:30 NW
28 -1.3 1.3 13:30 -3.8 06:55 19.6 0.0 0.0 0.1 2.9 10:55 NNW
29 -0.2 1.3 14:00 -2.2 07:15 18.5 0.0 0.0 0.2 3.8 05:25 NNW
30 0.4 1.3 11:40 -0.7 22:30 17.9 0.0 0.5 0.0 2.9 13:15 N
----------------------------------------------------------------------------------
5.7 16.8 4 -3.8 28 379.0 0.0 49.6 0.5 19.5 11 SE
Max >= 25.0: 0
Max <= 0.0: 0
Min <= 0.0: 10
Min <= -5.0: 0
Max Rain: 9.8 on day 8
Days of Rain: 14 (>= 0.2 mm) 8 (>= 2.0 mm) 0 (>= 20.0 mm)
Heat Base: 18.3 Cool Base: 18.3 Method: Integration