Select a Year or Month report
Report for 2010 Sep
Monthly Climatological Summary for Sep 2010
Name: Reigate Weather City: Reigate State: Surrey, United Kingdom
Elevation: 71 m Lat: N 51° 14' 04" Lon: W 000° 12' 00"
Temperature (°C), Rain (mm), Wind Speed (mph)
Heat Cool Avg
Mean Deg Deg Wind Dom
Day Temp High Time Low Time Days Days Rain Speed High Time Dir
----------------------------------------------------------------------------------
1 12.0 20.0 00:00 4.0 00:00 6.3 0.0 0.0 3.6 8.0 00:00 E
2 13.0 20.0 00:00 6.0 00:00 5.3 0.0 0.0 3.7 8.0 00:00 ENE
3 14.0 21.0 00:00 7.0 00:00 4.3 0.0 0.0 3.6 7.0 00:00 E
4 14.0 20.0 00:00 7.0 00:00 4.3 0.0 0.0 3.4 5.0 00:00 E
5 16.0 20.0 00:00 11.0 00:00 2.3 0.0 2.5 5.0 8.0 00:00 E
6 14.0 18.0 00:00 10.0 00:00 4.3 0.0 2.5 5.7 10.0 00:00 E
7 15.0 19.0 00:00 11.0 00:00 3.3 0.0 8.0 3.2 8.0 00:00 S
8 15.0 18.0 00:00 12.0 00:00 3.3 0.0 0.0 3.6 8.0 00:00 NW
9 16.0 20.0 00:00 11.0 00:00 2.3 0.0 3.0 3.6 8.0 00:00 WSW
10 16.0 20.0 00:00 12.0 00:00 2.3 0.0 3.5 5.0 10.0 00:00 SSW
11 16.0 19.0 00:00 14.0 00:00 2.3 0.0 3.0 5.5 10.0 00:00 SSW
12 14.0 20.0 00:00 8.0 00:00 4.3 0.0 0.0 4.1 10.0 00:00 WNW
13 12.0 18.0 00:00 7.0 00:00 6.3 0.0 2.0 4.6 11.0 00:00 SW
14 16.0 19.0 00:00 12.0 00:00 2.3 0.0 0.4 8.1 12.0 00:00 SW
15 12.0 17.0 00:00 8.0 00:00 6.3 0.0 0.0 7.6 11.0 00:00 WSW
16 14.2 16.3 16:43 11.4 22:28 4.1 0.0 0.0 0.5 5.8 16:23 N
17 11.6 15.3 15:25 6.9 23:36 6.7 0.0 0.0 0.5 6.7 12:45 NNW
18 11.0 16.9 16:05 6.4 03:29 7.3 0.0 0.0 0.2 6.5 12:10 NE
19 13.3 16.2 16:44 10.1 07:20 5.0 0.0 0.0 0.5 6.5 16:36 SE
20 16.1 21.1 14:55 12.1 23:55 2.2 0.0 1.0 0.5 9.2 12:05 SE
21 14.2 19.9 14:55 11.0 01:35 4.1 0.0 0.0 0.1 2.7 14:25 SE
22 14.9 21.9 13:33 9.2 06:15 3.4 0.0 0.0 0.4 7.6 13:58 SE
23 14.3 16.3 14:58 10.4 23:50 4.0 0.0 5.2 0.2 3.8 18:00 SE
24 11.0 13.8 10:43 8.9 03:25 7.3 0.0 2.1 0.5 6.0 09:32 N
25 9.2 13.6 13:30 5.1 07:25 9.1 0.0 0.0 0.6 6.3 13:30 NNE
26 9.4 12.2 13:18 6.1 02:50 8.9 0.0 4.7 0.6 6.3 15:41 NNE
27 12.0 14.1 17:15 9.9 02:20 6.3 0.0 3.1 0.1 1.8 00:45 W
28 13.8 15.8 14:25 12.7 06:10 4.5 0.0 0.5 0.0 1.6 14:50 ESE
29 13.5 14.9 14:00 10.2 23:50 4.8 0.0 14.0 0.4 4.9 12:40 SE
30 11.0 14.9 14:35 7.2 07:40 7.3 0.0 0.0 0.2 3.8 13:55 ESE
----------------------------------------------------------------------------------
13.5 21.9 22 4.0 1 144.5 0.0 55.5 1.0 12.0 14 SSW
Max >= 25.0: 0
Max <= 0.0: 0
Min <= 0.0: 0
Min <= -5.0: 0
Max Rain: 14.0 on day 29
Days of Rain: 15 (>= 0.2 mm) 12 (>= 2.0 mm) 0 (>= 20.0 mm)
Heat Base: 18.3 Cool Base: 18.3 Method: Integration