Select a Year or Month report
Report for 2010 Aug
Monthly Climatological Summary for Aug 2010
Name: Reigate Weather City: Reigate State: Surrey, United Kingdom
Elevation: 71 m Lat: N 51° 14' 04" Lon: W 000° 12' 00"
Temperature (°C), Rain (mm), Wind Speed (mph)
Heat Cool Avg
Mean Deg Deg Wind Dom
Day Temp High Time Low Time Days Days Rain Speed High Time Dir
----------------------------------------------------------------------------------
1 17.9 21.5 00:00 15.1 00:00 0.4 0.0 0.0 0.3 1.3 00:00 ---
2 17.4 21.6 00:00 12.1 00:00 0.9 0.0 0.0 0.3 2.2 00:00 ---
3 18.0 21.5 00:00 13.8 00:00 0.3 0.0 0.0 0.3 1.7 00:00 ---
4 14.6 18.7 00:00 10.5 00:00 3.7 0.0 8.2 0.3 1.7 00:00 ---
5 15.3 19.4 00:00 9.5 00:00 3.0 0.0 0.0 0.4 2.0 00:00 ---
6 16.5 18.4 00:00 12.4 00:00 1.8 0.0 1.1 1.0 3.8 00:00 ---
7 17.2 19.2 00:00 15.5 00:00 1.1 0.0 1.5 0.1 1.7 00:00 ---
8 18.0 23.3 00:00 13.8 00:00 0.3 0.0 0.0 0.3 4.2 00:00 ---
9 17.5 23.2 00:00 11.9 00:00 0.8 0.0 0.0 0.4 4.9 00:00 ---
10 16.5 17.9 00:00 14.4 00:00 1.8 0.0 12.0 0.5 5.1 00:00 ---
11 15.7 20.1 00:00 11.2 00:00 2.6 0.0 0.5 0.2 4.4 00:00 ---
12 14.9 18.9 00:00 11.3 00:00 3.4 0.0 0.0 0.3 5.8 00:00 ---
13 13.8 17.0 00:00 11.6 00:00 4.5 0.0 1.0 0.2 5.8 00:00 ---
14 14.3 17.2 00:00 12.4 00:00 4.0 0.0 2.1 0.1 3.5 00:00 ---
15 16.8 20.8 00:00 13.2 00:00 1.5 0.0 0.5 0.5 6.0 00:00 ---
16 17.3 24.1 00:00 12.6 00:00 1.0 0.0 0.0 0.9 7.6 00:00 ---
17 16.4 18.3 00:00 14.4 00:00 1.9 0.0 0.5 0.3 3.8 00:00 ---
18 15.9 20.4 00:00 12.8 00:00 2.4 0.0 0.0 0.3 6.9 00:00 ---
19 15.6 20.1 00:00 10.7 00:00 2.7 0.0 0.0 0.4 7.6 00:00 ---
20 17.4 19.2 00:00 14.4 00:00 0.9 0.0 0.0 0.6 7.6 00:00 ---
21 18.8 19.9 00:00 18.1 00:00 0.0 0.5 0.0 0.8 8.5 00:00 ---
22 18.5 19.9 00:00 17.1 00:00 0.0 0.2 4.1 0.3 4.2 00:00 ---
23 17.2 19.8 00:00 13.3 00:00 1.1 0.0 19.2 1.0 9.6 00:00 ---
24 14.6 19.9 00:00 8.9 00:00 3.7 0.0 0.0 0.5 6.7 00:00 ---
25 13.2 17.0 00:00 10.4 00:00 5.1 0.0 24.9 0.1 2.9 00:00 ---
26 16.8 18.3 00:00 13.8 00:00 1.5 0.0 2.0 0.6 7.6 00:00 ---
27 13.5 15.8 00:00 9.9 00:00 4.8 0.0 2.6 0.4 6.9 00:00 ---
28 15.0 19.4 00:00 9.8 00:00 3.3 0.0 0.0 0.5 5.5 00:00 ---
29 14.1 18.9 00:00 11.8 00:00 4.2 0.0 0.6 0.7 8.5 00:00 ---
30 13.3 19.3 00:00 8.8 00:00 5.0 0.0 0.5 0.6 4.2 00:00 ---
31 12.0 19.0 00:00 5.0 00:00 6.3 0.0 0.0 2.4 6.0 00:00 ENE
----------------------------------------------------------------------------------
15.9 24.1 16 5.0 31 74.0 0.7 81.3 0.5 9.6 23 N
Max >= 25.0: 0
Max <= 0.0: 0
Min <= 0.0: 0
Min <= -5.0: 0
Max Rain: 24.9 on day 25
Days of Rain: 16 (>= 0.2 mm) 8 (>= 2.0 mm) 1 (>= 20.0 mm)
Heat Base: 18.3 Cool Base: 18.3 Method: Integration