Select a Year or Month report
Report for 2010 Jul
Monthly Climatological Summary for Jul 2010
Name: Reigate Weather City: Reigate State: Surrey, United Kingdom
Elevation: 71 m Lat: N 51° 14' 04" Lon: W 000° 12' 00"
Temperature (°C), Rain (mm), Wind Speed (mph)
Heat Cool Avg
Mean Deg Deg Wind Dom
Day Temp High Time Low Time Days Days Rain Speed High Time Dir
----------------------------------------------------------------------------------
1 19.1 24.9 00:00 13.0 00:00 0.0 0.8 0.0 0.6 6.4 00:00 ---
2 21.3 26.8 00:00 16.6 00:00 0.0 3.0 0.0 0.8 6.7 00:00 ---
3 20.3 25.4 00:00 15.8 00:00 0.0 2.0 0.0 0.3 6.0 00:00 ---
4 17.9 23.1 00:00 12.5 00:00 0.4 0.0 0.0 1.0 11.6 00:00 ---
5 18.6 23.6 00:00 12.9 00:00 0.0 0.3 0.0 0.3 3.8 00:00 ---
6 17.3 21.5 00:00 12.8 00:00 1.0 0.0 0.0 0.4 5.1 00:00 ---
7 17.7 21.9 00:00 13.5 00:00 0.6 0.0 0.0 0.8 6.9 00:00 ---
8 21.0 26.6 00:00 16.6 00:00 0.0 2.7 0.0 0.4 4.4 00:00 ---
9 21.9 30.2 00:00 13.9 00:00 0.0 3.6 0.0 0.4 5.1 00:00 ---
10 21.3 28.5 00:00 15.4 00:00 0.0 3.0 0.0 0.5 6.7 00:00 ---
11 20.4 26.2 00:00 15.6 00:00 0.0 2.1 0.0 0.6 6.2 00:00 ---
12 18.8 22.6 00:00 16.2 00:00 0.0 0.5 0.0 0.2 3.5 00:00 ---
13 17.5 20.4 00:00 15.1 00:00 0.8 0.0 0.6 0.2 3.3 00:00 ---
14 17.5 20.7 00:00 15.2 00:00 0.8 0.0 2.5 0.9 6.4 00:00 ---
15 15.6 19.1 00:00 13.9 00:00 2.7 0.0 6.3 1.7 16.3 00:00 ---
16 15.8 19.3 00:00 12.9 00:00 2.5 0.0 3.1 1.2 10.2 00:00 ---
17 16.5 20.7 00:00 12.6 00:00 1.8 0.0 0.0 0.5 8.2 00:00 ---
18 17.0 23.1 00:00 10.3 00:00 1.3 0.0 0.0 0.6 7.3 00:00 ---
19 20.5 27.8 00:00 13.9 00:00 0.0 2.2 0.0 0.5 6.0 00:00 ---
20 20.3 26.7 00:00 15.8 00:00 0.0 2.0 0.0 0.2 4.0 00:00 ---
21 18.5 23.6 00:00 15.1 00:00 0.0 0.2 0.0 0.7 8.0 00:00 ---
22 17.0 21.6 00:00 12.9 00:00 1.3 0.0 1.5 0.5 6.7 00:00 ---
23 17.1 22.4 00:00 12.9 00:00 1.2 0.0 0.0 0.2 6.0 00:00 ---
24 18.5 24.3 00:00 13.5 00:00 0.0 0.2 0.0 0.3 3.8 00:00 ---
25 19.5 24.4 00:00 15.6 00:00 0.0 1.2 0.0 0.2 3.8 00:00 ---
26 19.7 22.3 00:00 17.8 00:00 0.0 1.4 0.0 0.3 3.5 00:00 ---
27 20.0 24.4 00:00 15.6 00:00 0.0 1.7 0.5 0.1 2.4 00:00 ---
28 19.1 24.7 00:00 15.1 00:00 0.0 0.8 0.0 0.5 9.1 00:00 ---
29 17.9 22.2 00:00 13.6 00:00 0.4 0.0 0.0 0.3 5.1 00:00 ---
30 16.9 21.2 00:00 12.0 00:00 1.4 0.0 0.0 0.4 5.3 00:00 ---
31 17.1 23.1 00:00 12.8 00:00 1.2 0.0 0.6 0.4 4.2 00:00 ---
----------------------------------------------------------------------------------
18.6 30.2 9 10.3 18 17.4 27.7 15.1 0.5 16.3 15 ---
Max >= 25.0: 8
Max <= 0.0: 0
Min <= 0.0: 0
Min <= -5.0: 0
Max Rain: 6.3 on day 15
Days of Rain: 7 (>= 0.2 mm) 3 (>= 2.0 mm) 0 (>= 20.0 mm)
Heat Base: 18.3 Cool Base: 18.3 Method: Integration