Select a Year or Month report
Report for 2010 Jun
Monthly Climatological Summary for Jun 2010
Name: Reigate Weather City: Reigate State: Surrey, United Kingdom
Elevation: 71 m Lat: N 51° 14' 04" Lon: W 000° 12' 00"
Temperature (°C), Rain (mm), Wind Speed (mph)
Heat Cool Avg
Mean Deg Deg Wind Dom
Day Temp High Time Low Time Days Days Rain Speed High Time Dir
----------------------------------------------------------------------------------
1 12.1 13.6 00:00 11.1 00:00 6.2 0.0 3.1 0.1 2.0 00:00 ---
2 15.3 22.2 00:00 8.4 00:00 3.0 0.0 0.0 0.2 4.4 00:00 ---
3 16.0 23.5 00:00 8.4 00:00 2.3 0.0 0.0 0.5 4.9 00:00 ---
4 18.4 27.6 00:00 9.8 00:00 0.0 0.1 0.0 0.3 4.6 00:00 ---
5 19.9 27.1 00:00 11.1 00:00 0.0 1.6 0.0 0.3 4.6 00:00 ---
6 18.4 22.6 00:00 14.9 00:00 0.0 0.1 1.0 0.3 4.4 00:00 ---
7 15.1 19.8 00:00 12.2 00:00 3.2 0.0 3.7 0.4 5.5 00:00 ---
8 14.3 19.2 00:00 10.5 00:00 4.0 0.0 5.7 0.6 9.3 00:00 ---
9 15.5 19.6 00:00 12.8 00:00 2.8 0.0 0.5 0.1 2.4 00:00 ---
10 14.9 17.1 00:00 13.3 00:00 3.4 0.0 0.5 0.7 5.1 00:00 ---
11 13.9 16.3 00:00 12.1 00:00 4.4 0.0 5.2 0.3 7.8 00:00 ---
12 14.4 19.4 00:00 9.9 00:00 3.9 0.0 0.0 0.3 3.8 00:00 ---
13 14.8 20.9 00:00 8.9 00:00 3.5 0.0 0.0 0.8 8.0 00:00 ---
14 15.3 20.8 00:00 11.2 00:00 3.0 0.0 0.0 0.6 5.8 00:00 ---
15 13.1 17.9 00:00 9.4 00:00 5.2 0.0 0.0 0.8 5.1 00:00 ---
16 14.3 20.3 00:00 9.4 00:00 4.0 0.0 0.0 1.0 6.9 00:00 ---
17 15.5 22.8 00:00 9.3 00:00 2.8 0.0 0.0 0.7 6.9 00:00 ---
18 14.7 20.5 00:00 11.4 00:00 3.6 0.0 0.5 0.3 3.8 00:00 ---
19 12.2 15.9 00:00 8.3 00:00 6.1 0.0 0.0 0.7 5.1 00:00 ---
20 12.6 17.9 00:00 7.6 00:00 5.7 0.0 0.0 0.3 3.3 00:00 ---
21 17.0 22.6 00:00 10.3 00:00 1.3 0.0 0.0 0.1 2.4 00:00 ---
22 18.4 26.5 00:00 10.5 00:00 0.0 0.1 0.0 0.3 5.1 00:00 ---
23 21.6 26.3 00:00 12.4 00:00 0.0 3.3 0.0 0.4 5.8 00:00 ---
24 19.6 25.4 00:00 13.1 00:00 0.0 1.3 0.0 0.3 3.3 00:00 ---
25 19.9 25.3 00:00 14.6 00:00 0.0 1.6 0.0 0.1 2.6 00:00 ---
26 20.7 27.1 00:00 14.3 00:00 0.0 2.4 0.0 0.3 3.1 00:00 ---
27 21.2 29.3 00:00 12.5 00:00 0.0 2.9 0.0 0.2 6.9 00:00 ---
28 21.9 28.5 00:00 15.6 00:00 0.0 3.6 0.0 0.2 5.5 00:00 ---
29 20.0 25.1 00:00 15.8 00:00 0.0 1.7 1.0 0.4 5.3 00:00 ---
30 19.7 24.9 00:00 16.0 00:00 0.0 1.4 0.0 0.5 4.6 00:00 ---
----------------------------------------------------------------------------------
16.7 29.3 27 7.6 20 68.4 20.1 21.2 0.4 9.3 8 ---
Max >= 25.0: 10
Max <= 0.0: 0
Min <= 0.0: 0
Min <= -5.0: 0
Max Rain: 5.7 on day 8
Days of Rain: 9 (>= 0.2 mm) 4 (>= 2.0 mm) 0 (>= 20.0 mm)
Heat Base: 18.3 Cool Base: 18.3 Method: Integration