Select a Year or Month report
Report for 2010 Mar
Monthly Climatological Summary for Mar 2010
Name: Reigate Weather City: Reigate State: Surrey, United Kingdom
Elevation: 71 m Lat: N 51° 14' 04" Lon: W 000° 12' 00"
Temperature (°C), Rain (mm), Wind Speed (mph)
Heat Cool Avg
Mean Deg Deg Wind Dom
Day Temp High Time Low Time Days Days Rain Speed High Time Dir
----------------------------------------------------------------------------------
1 3.5 9.6 00:00 -1.2 00:00 14.8 0.0 0.5 0.2 3.1 00:00 ---
2 2.9 9.9 00:00 -1.9 00:00 15.4 0.0 0.0 0.1 2.4 00:00 ---
3 3.6 7.9 00:00 1.6 00:00 14.7 0.0 0.0 1.1 8.5 00:00 ---
4 3.3 7.4 00:00 -1.1 00:00 15.0 0.0 0.0 0.7 5.8 00:00 ---
5 2.6 9.3 00:00 -3.6 00:00 15.7 0.0 0.0 0.6 5.1 00:00 ---
6 3.3 7.3 00:00 -1.3 00:00 15.0 0.0 0.0 0.8 8.9 00:00 ---
7 0.3 5.8 00:00 -3.5 00:00 18.0 0.0 0.0 0.7 10.7 00:00 ---
8 -2.0 6.4 00:00 -2.7 00:00 20.3 0.0 0.0 0.2 4.0 00:00 ---
9 5.2 7.3 00:00 1.9 00:00 13.1 0.0 0.0 0.7 7.6 00:00 ---
10 3.6 7.8 00:00 1.8 00:00 14.7 0.0 0.0 1.5 8.2 00:00 ---
11 3.5 5.6 00:00 -0.1 00:00 14.8 0.0 0.0 0.7 8.5 00:00 ---
12 4.2 8.9 00:00 -0.4 00:00 14.1 0.0 3.1 0.2 3.5 00:00 ---
13 5.5 8.7 00:00 3.5 00:00 12.8 0.0 0.6 0.3 3.3 00:00 ---
14 7.5 12.3 00:00 3.9 00:00 10.8 0.0 0.0 0.7 6.2 00:00 ---
15 7.8 12.8 00:00 3.2 00:00 10.5 0.0 0.0 0.7 8.2 00:00 ---
16 6.5 12.8 00:00 2.4 00:00 11.8 0.0 0.0 0.5 6.4 00:00 ---
17 7.3 14.1 00:00 0.7 00:00 11.0 0.0 0.0 0.6 5.3 00:00 ---
18 9.8 15.0 00:00 5.3 00:00 8.5 0.0 1.0 1.2 6.9 00:00 ---
19 9.9 11.0 00:00 8.1 00:00 8.4 0.0 6.2 0.9 6.9 00:00 ---
20 10.6 11.6 00:00 8.1 00:00 7.7 0.0 9.9 1.4 8.0 00:00 ---
21 8.2 12.9 00:00 3.9 00:00 10.1 0.0 0.5 0.3 4.9 00:00 ---
22 7.6 11.2 00:00 3.9 00:00 10.7 0.0 1.0 1.0 11.4 00:00 ---
23 6.6 9.5 00:00 1.4 00:00 11.7 0.0 0.5 0.3 5.3 00:00 ---
24 10.5 15.3 00:00 7.1 00:00 7.8 0.0 1.6 0.3 3.3 00:00 ---
25 10.3 13.1 00:00 7.1 00:00 8.0 0.0 6.2 0.7 5.5 00:00 ---
26 8.6 11.8 00:00 5.9 00:00 9.7 0.0 0.5 1.4 15.6 00:00 ---
27 9.2 12.8 00:00 6.9 00:00 9.1 0.0 1.6 0.5 7.1 00:00 ---
28 7.5 12.9 00:00 2.2 00:00 10.8 0.0 2.6 0.3 3.3 00:00 ---
29 9.0 11.1 00:00 6.9 00:00 9.3 0.0 6.2 0.4 6.4 00:00 ---
30 7.6 10.8 00:00 5.4 00:00 10.7 0.0 4.6 1.5 14.7 00:00 ---
31 4.2 5.9 00:00 2.3 00:00 14.1 0.0 3.7 2.0 12.3 00:00 ---
----------------------------------------------------------------------------------
6.1 15.3 24 -3.6 5 379.1 0.0 50.3 0.7 15.6 26 ---
Max >= 25.0: 0
Max <= 0.0: 0
Min <= 0.0: 9
Min <= -5.0: 0
Max Rain: 9.9 on day 20
Days of Rain: 17 (>= 0.2 mm) 8 (>= 2.0 mm) 0 (>= 20.0 mm)
Heat Base: 18.3 Cool Base: 18.3 Method: Integration