Select a Year or Month report
Report for 2010 Feb
Monthly Climatological Summary for Feb 2010
Name: Reigate Weather City: Reigate State: Surrey, United Kingdom
Elevation: 71 m Lat: N 51° 14' 04" Lon: W 000° 12' 00"
Temperature (°C), Rain (mm), Wind Speed (mph)
Heat Cool Avg
Mean Deg Deg Wind Dom
Day Temp High Time Low Time Days Days Rain Speed High Time Dir
----------------------------------------------------------------------------------
1 0.7 4.8 00:00 -2.1 00:00 17.6 0.0 0.0 0.6 6.7 00:00 ---
2 4.6 7.9 00:00 -2.1 00:00 13.7 0.0 1.0 0.8 7.1 00:00 ---
3 4.3 7.5 00:00 2.5 00:00 14.0 0.0 1.6 0.2 6.7 00:00 ---
4 6.6 7.8 00:00 5.2 00:00 11.7 0.0 1.5 0.5 4.4 00:00 ---
5 6.3 10.4 00:00 3.9 00:00 12.0 0.0 5.2 0.4 4.6 00:00 ---
6 5.1 8.2 00:00 3.8 00:00 13.2 0.0 0.0 0.5 5.5 00:00 ---
7 3.7 5.3 00:00 2.4 00:00 14.6 0.0 0.5 0.2 3.8 00:00 ---
8 1.3 2.5 00:00 -0.5 00:00 17.0 0.0 1.0 0.9 12.9 00:00 ---
9 1.7 4.8 00:00 -0.6 00:00 16.6 0.0 0.6 1.2 9.3 00:00 ---
10 1.3 2.9 00:00 -1.1 00:00 17.0 0.0 0.0 1.0 9.6 00:00 ---
11 0.4 3.1 00:00 -1.1 00:00 17.9 0.0 0.0 1.5 14.9 00:00 ---
12 1.9 3.6 00:00 0.6 00:00 16.4 0.0 3.6 0.3 4.9 00:00 ---
13 1.8 3.5 00:00 0.4 00:00 16.5 0.0 0.5 0.8 8.9 00:00 ---
14 1.5 3.8 00:00 -0.4 00:00 16.8 0.0 1.6 0.0 1.7 00:00 ---
15 0.7 3.0 00:00 -2.1 00:00 17.6 0.0 0.5 0.1 3.1 00:00 ---
16 3.9 4.9 00:00 3.0 00:00 14.4 0.0 9.8 0.7 4.6 00:00 ---
17 2.7 7.3 00:00 -1.6 00:00 15.6 0.0 0.5 0.1 3.1 00:00 ---
18 2.1 5.1 00:00 -2.1 00:00 16.2 0.0 7.8 0.2 4.2 00:00 ---
19 2.0 5.4 00:00 -1.3 00:00 16.3 0.0 0.5 0.7 6.9 00:00 ---
20 0.6 6.1 00:00 -2.9 00:00 17.7 0.0 0.0 0.2 2.9 00:00 ---
21 2.4 5.9 00:00 -1.7 00:00 15.9 0.0 5.2 0.2 4.9 00:00 ---
22 3.0 4.1 00:00 1.9 00:00 15.3 0.0 10.9 0.6 7.3 00:00 ---
23 2.8 3.9 00:00 1.8 00:00 15.5 0.0 1.5 0.5 5.1 00:00 ---
24 6.6 9.0 00:00 3.8 00:00 11.7 0.0 7.8 0.5 6.0 00:00 ---
25 7.1 8.4 00:00 5.9 00:00 11.2 0.0 11.4 1.1 16.7 00:00 ---
26 5.8 8.7 00:00 3.2 00:00 12.5 0.0 0.5 1.7 51.2 00:00 ---
27 6.7 9.4 00:00 3.1 00:00 11.6 0.0 2.6 0.9 9.6 00:00 ---
28 4.5 6.2 00:00 2.8 00:00 13.8 0.0 22.8 1.0 11.4 00:00 ---
----------------------------------------------------------------------------------
3.3 10.4 5 -2.9 20 420.3 0.0 98.9 0.6 51.2 26 ---
Max >= 25.0: 0
Max <= 0.0: 0
Min <= 0.0: 13
Min <= -5.0: 0
Max Rain: 22.8 on day 28
Days of Rain: 23 (>= 0.2 mm) 10 (>= 2.0 mm) 1 (>= 20.0 mm)
Heat Base: 18.3 Cool Base: 18.3 Method: Integration