Select a Year or Month report
Report for 2010 Jan
Monthly Climatological Summary for Jan 2010
Name: Reigate Weather City: Reigate State: Surrey, United Kingdom
Elevation: 71 m Lat: N 51° 14' 04" Lon: W 000° 12' 00"
Temperature (°C), Rain (mm), Wind Speed (mph)
Heat Cool Avg
Mean Deg Deg Wind Dom
Day Temp High Time Low Time Days Days Rain Speed High Time Dir
----------------------------------------------------------------------------------
1 0.0 2.8 00:00 -2.8 00:00 18.3 0.0 0.0 0.5 6.9 00:00 ---
2 0.4 4.1 00:00 -2.7 00:00 17.9 0.0 0.0 0.1 2.6 00:00 ---
3 -0.3 2.2 00:00 -2.4 00:00 18.6 0.0 0.0 0.1 4.6 00:00 ---
4 -2.3 0.8 00:00 -4.5 00:00 20.6 0.0 0.0 0.1 2.2 00:00 ---
5 -2.1 0.1 00:00 -5.4 00:00 20.4 0.0 0.0 0.0 1.7 00:00 ---
6 -0.4 0.5 00:00 -3.2 00:00 18.7 0.0 0.5 0.0 2.0 00:00 ---
7 -3.0 -0.5 00:00 -5.6 00:00 21.3 0.0 0.0 0.2 3.1 00:00 ---
8 -1.7 0.1 00:00 -2.9 00:00 20.0 0.0 0.0 0.3 5.3 00:00 ---
9 -1.9 0.0 00:00 -3.8 00:00 20.2 0.0 0.0 1.2 9.6 00:00 ---
10 0.6 1.3 00:00 0.0 00:00 17.7 0.0 0.0 0.6 5.1 00:00 ---
11 0.0 0.9 00:00 -0.6 00:00 18.3 0.0 0.0 0.0 0.8 00:00 ---
12 0.2 1.2 00:00 -0.2 00:00 18.1 0.0 0.0 0.5 3.5 00:00 ---
13 0.1 1.8 00:00 -0.7 00:00 18.2 0.0 0.0 0.1 3.1 00:00 ---
14 1.9 3.4 00:00 -0.2 00:00 16.4 0.0 1.1 0.0 3.3 00:00 ---
15 2.4 4.4 00:00 -0.4 00:00 15.9 0.0 0.0 0.2 3.8 00:00 ---
16 4.6 6.8 00:00 2.4 00:00 13.7 0.0 13.4 0.6 6.2 00:00 ---
17 4.1 8.5 00:00 -0.4 00:00 14.2 0.0 1.1 0.4 5.5 00:00 ---
18 3.1 6.1 00:00 -0.7 00:00 15.2 0.0 0.0 0.0 0.8 00:00 ---
19 5.2 6.9 00:00 3.6 00:00 13.1 0.0 0.0 0.2 4.2 00:00 ---
20 2.3 3.6 00:00 1.3 00:00 16.0 0.0 6.2 0.4 5.3 00:00 ---
21 2.8 4.9 00:00 1.8 00:00 15.5 0.0 0.0 0.1 3.1 00:00 ---
22 6.4 7.2 00:00 4.1 00:00 11.9 0.0 8.8 0.5 5.5 00:00 ---
23 5.3 6.7 00:00 3.6 00:00 13.0 0.0 1.6 0.3 4.4 00:00 ---
24 3.8 6.1 00:00 1.8 00:00 14.5 0.0 1.0 0.1 4.2 00:00 ---
25 3.0 3.9 00:00 1.5 00:00 15.3 0.0 0.5 0.3 5.1 00:00 ---
26 0.7 2.5 00:00 -1.6 00:00 17.6 0.0 0.0 0.5 6.0 00:00 ---
27 1.1 5.6 00:00 -2.7 00:00 17.2 0.0 0.5 0.3 4.9 00:00 ---
28 4.8 6.8 00:00 3.5 00:00 13.5 0.0 1.6 0.4 5.5 00:00 ---
29 2.9 4.9 00:00 -1.2 00:00 15.4 0.0 7.7 0.6 6.7 00:00 ---
30 -0.2 3.4 00:00 -1.9 00:00 18.5 0.0 0.0 0.6 4.9 00:00 ---
31 -0.8 3.3 00:00 -3.9 00:00 19.1 0.0 0.6 0.1 2.9 00:00 ---
----------------------------------------------------------------------------------
1.4 8.5 17 -5.6 7 524.3 0.0 44.6 0.3 9.6 9 ---
Max >= 25.0: 0
Max <= 0.0: 2
Min <= 0.0: 22
Min <= -5.0: 2
Max Rain: 13.4 on day 16
Days of Rain: 13 (>= 0.2 mm) 4 (>= 2.0 mm) 0 (>= 20.0 mm)
Heat Base: 18.3 Cool Base: 18.3 Method: Integration