Select a Year or Month report
Report for 2009 Dec
Monthly Climatological Summary for Dec 2009
Name: Reigate Weather City: Reigate State: Surrey, United Kingdom
Elevation: 71 m Lat: N 51° 14' 04" Lon: W 000° 12' 00"
Temperature (°C), Rain (mm), Wind Speed (mph)
Heat Cool Avg
Mean Deg Deg Wind Dom
Day Temp High Time Low Time Days Days Rain Speed High Time Dir
----------------------------------------------------------------------------------
1 2.7 5.4 00:00 -0.4 00:00 15.6 0.0 0.5 0.3 3.8 00:00 ---
2 7.7 9.6 00:00 5.4 00:00 10.6 0.0 19.7 0.5 4.6 00:00 ---
3 5.5 7.2 00:00 2.2 00:00 12.8 0.0 2.0 0.8 7.1 00:00 ---
4 4.0 8.2 00:00 1.3 00:00 14.3 0.0 2.6 0.4 5.5 00:00 ---
5 8.9 10.9 00:00 6.3 00:00 9.4 0.0 13.0 1.1 10.5 00:00 ---
6 9.5 11.4 00:00 5.5 00:00 8.8 0.0 7.7 2.1 12.9 00:00 ---
7 8.0 10.1 00:00 5.3 00:00 10.3 0.0 5.2 1.6 16.5 00:00 ---
8 6.6 10.3 00:00 3.3 00:00 11.7 0.0 3.1 0.4 4.6 00:00 ---
9 10.4 11.8 00:00 9.6 00:00 7.9 0.0 0.0 0.2 3.1 00:00 ---
10 7.4 9.9 00:00 2.6 00:00 10.9 0.0 0.5 0.5 4.4 00:00 ---
11 4.7 6.9 00:00 1.5 00:00 13.6 0.0 0.0 0.3 5.8 00:00 ---
12 5.2 8.0 00:00 3.2 00:00 13.1 0.0 0.6 0.5 5.1 00:00 ---
13 3.8 5.8 00:00 1.9 00:00 14.5 0.0 0.5 0.6 5.5 00:00 ---
14 2.5 5.0 00:00 0.9 00:00 15.8 0.0 0.5 0.0 2.0 00:00 ---
15 0.2 2.1 00:00 -2.5 00:00 18.1 0.0 0.0 0.1 2.9 00:00 ---
16 -1.6 0.9 00:00 -5.1 00:00 19.9 0.0 2.1 0.0 1.1 00:00 ---
17 1.1 3.0 00:00 -0.7 00:00 17.2 0.0 1.5 1.2 12.0 00:00 ---
18 -0.2 0.9 00:00 -1.2 00:00 18.5 0.0 0.5 0.1 3.8 00:00 ---
19 -2.2 -0.1 00:00 -3.9 00:00 20.5 0.0 0.6 0.0 2.0 00:00 ---
20 -1.3 1.2 00:00 -4.9 00:00 19.6 0.0 0.0 0.3 5.8 00:00 ---
21 -1.9 1.3 00:00 -6.1 00:00 20.2 0.0 0.0 0.0 1.3 00:00 ---
22 -0.3 1.4 00:00 -3.1 00:00 18.6 0.0 0.5 0.1 2.2 00:00 ---
23 -0.2 3.8 00:00 -3.9 00:00 18.5 0.0 10.9 0.1 3.3 00:00 ---
24 2.8 4.8 00:00 1.3 00:00 15.5 0.0 4.1 0.0 2.4 00:00 ---
25 1.5 4.1 00:00 -0.9 00:00 16.8 0.0 0.0 0.3 6.7 00:00 ---
26 6.3 7.8 00:00 4.3 00:00 12.0 0.0 3.1 1.0 6.4 00:00 ---
27 4.1 6.5 00:00 1.3 00:00 14.2 0.0 0.5 0.5 8.2 00:00 ---
28 0.8 4.4 00:00 -2.1 00:00 17.5 0.0 0.0 0.1 2.4 00:00 ---
29 3.0 3.9 00:00 1.6 00:00 15.3 0.0 9.9 0.7 5.8 00:00 ---
30 4.0 4.9 00:00 2.9 00:00 14.3 0.0 6.7 0.5 6.2 00:00 ---
31 2.6 3.5 00:00 1.3 00:00 15.7 0.0 0.5 1.0 8.7 00:00 ---
----------------------------------------------------------------------------------
3.4 11.8 9 -6.1 21 461.7 0.0 96.8 0.5 16.5 7 ---
Max >= 25.0: 0
Max <= 0.0: 1
Min <= 0.0: 12
Min <= -5.0: 2
Max Rain: 19.7 on day 2
Days of Rain: 24 (>= 0.2 mm) 13 (>= 2.0 mm) 0 (>= 20.0 mm)
Heat Base: 18.3 Cool Base: 18.3 Method: Integration