Select a Year or Month report
Report for 2009 Nov
Monthly Climatological Summary for Nov 2009
Name: Reigate Weather City: Reigate State: Surrey, United Kingdom
Elevation: 71 m Lat: N 51° 14' 04" Lon: W 000° 12' 00"
Temperature (°C), Rain (mm), Wind Speed (mph)
Heat Cool Avg
Mean Deg Deg Wind Dom
Day Temp High Time Low Time Days Days Rain Speed High Time Dir
----------------------------------------------------------------------------------
1 12.0 15.6 00:00 8.2 00:00 6.3 0.0 18.2 1.8 19.2 00:00 ---
2 8.5 12.8 00:00 5.0 00:00 9.8 0.0 0.0 0.4 5.8 00:00 ---
3 9.4 13.0 00:00 5.3 00:00 8.9 0.0 12.4 0.4 9.1 00:00 ---
4 7.4 12.3 00:00 3.2 00:00 10.9 0.0 0.5 0.4 6.2 00:00 ---
5 9.0 11.5 00:00 6.6 00:00 9.3 0.0 0.5 0.5 6.7 00:00 ---
6 9.0 10.9 00:00 6.8 00:00 9.3 0.0 7.8 0.7 7.6 00:00 ---
7 6.3 10.6 00:00 2.8 00:00 12.0 0.0 2.6 0.3 5.3 00:00 ---
8 6.5 8.4 00:00 4.2 00:00 11.8 0.0 1.0 0.2 3.8 00:00 ---
9 4.6 6.9 00:00 2.4 00:00 13.7 0.0 0.6 0.1 2.9 00:00 ---
10 4.8 7.3 00:00 1.9 00:00 13.5 0.0 0.5 0.0 1.3 00:00 ---
11 7.2 9.4 00:00 4.9 00:00 11.1 0.0 2.6 0.1 2.9 00:00 ---
12 9.8 12.6 00:00 4.8 00:00 8.5 0.0 12.9 1.3 15.6 00:00 ---
13 11.3 14.1 00:00 9.6 00:00 7.0 0.0 19.2 1.7 22.1 00:00 ---
14 10.4 14.2 00:00 6.0 00:00 7.9 0.0 20.2 3.6 19.6 00:00 ---
15 8.6 12.4 00:00 5.9 00:00 9.7 0.0 15.5 0.3 8.2 00:00 ---
16 10.5 12.9 00:00 7.6 00:00 7.8 0.0 13.0 1.8 15.6 00:00 ---
17 9.6 13.1 00:00 7.5 00:00 8.7 0.0 0.0 0.8 6.7 00:00 ---
18 12.5 14.2 00:00 10.7 00:00 5.8 0.0 0.0 3.6 21.2 00:00 ---
19 12.3 13.5 00:00 11.5 00:00 6.0 0.0 0.0 2.6 15.6 00:00 ---
20 11.5 13.0 00:00 7.7 00:00 6.8 0.0 3.6 1.5 9.8 00:00 ---
21 11.9 14.1 00:00 8.1 00:00 6.4 0.0 10.9 1.4 10.5 00:00 ---
22 9.0 11.4 00:00 7.5 00:00 9.3 0.0 9.8 2.0 10.5 00:00 ---
23 10.4 12.7 00:00 8.1 00:00 7.9 0.0 3.6 2.1 15.6 00:00 ---
24 11.6 13.5 00:00 7.6 00:00 6.7 0.0 0.6 2.6 20.3 00:00 ---
25 9.3 12.9 00:00 6.5 00:00 9.0 0.0 3.6 1.6 15.6 00:00 ---
26 7.2 10.9 00:00 4.1 00:00 11.1 0.0 2.1 0.8 7.6 00:00 ---
27 5.5 7.9 00:00 3.6 00:00 12.8 0.0 2.0 0.5 5.3 00:00 ---
28 6.3 9.8 00:00 4.0 00:00 12.0 0.0 15.1 1.0 9.1 00:00 ---
29 6.6 9.8 00:00 5.3 00:00 11.7 0.0 20.7 1.5 16.7 00:00 ---
30 4.7 6.1 00:00 1.9 00:00 13.6 0.0 16.6 1.1 10.2 00:00 ---
----------------------------------------------------------------------------------
8.8 15.6 1 1.9 10 285.3 0.0 216.1 1.2 22.1 13 ---
Max >= 25.0: 0
Max <= 0.0: 0
Min <= 0.0: 0
Min <= -5.0: 0
Max Rain: 20.7 on day 29
Days of Rain: 26 (>= 0.2 mm) 20 (>= 2.0 mm) 2 (>= 20.0 mm)
Heat Base: 18.3 Cool Base: 18.3 Method: Integration