Select a Year or Month report
Report for 2009 Sep
Monthly Climatological Summary for Sep 2009
Name: Reigate Weather City: Reigate State: Surrey, United Kingdom
Elevation: 71 m Lat: N 51° 14' 04" Lon: W 000° 12' 00"
Temperature (°C), Rain (mm), Wind Speed (mph)
Heat Cool Avg
Mean Deg Deg Wind Dom
Day Temp High Time Low Time Days Days Rain Speed High Time Dir
----------------------------------------------------------------------------------
1 16.2 19.9 00:00 13.5 00:00 2.1 0.0 0.0 1.1 11.6 00:00 ---
2 15.1 18.9 00:00 12.7 00:00 3.2 0.0 12.5 1.2 17.2 00:00 ---
3 14.4 17.7 00:00 11.2 00:00 3.9 0.0 0.0 1.3 19.2 00:00 ---
4 13.7 18.1 00:00 9.7 00:00 4.6 0.0 1.0 0.7 6.9 00:00 ---
5 14.2 19.9 00:00 9.0 00:00 4.1 0.0 0.0 0.4 5.1 00:00 ---
6 14.9 19.2 00:00 12.4 00:00 3.4 0.0 0.0 0.5 9.3 00:00 ---
7 16.9 21.2 00:00 11.9 00:00 1.4 0.0 0.0 0.5 6.7 00:00 ---
8 20.3 26.8 00:00 16.8 00:00 0.0 2.0 0.0 0.9 8.2 00:00 ---
9 16.5 20.4 00:00 13.9 00:00 1.8 0.0 0.0 0.6 7.6 00:00 ---
10 14.9 20.4 00:00 10.2 00:00 3.4 0.0 0.0 0.7 7.8 00:00 ---
11 15.1 20.3 00:00 10.9 00:00 3.2 0.0 8.3 0.7 5.1 00:00 ---
16 15.7 19.2 00:00 12.7 00:00 2.6 0.0 0.0 1.3 8.7 00:00 ---
17 13.7 17.0 00:00 11.4 00:00 4.6 0.0 0.0 0.9 6.0 00:00 ---
18 14.5 20.3 00:00 10.5 00:00 3.8 0.0 0.0 0.5 5.8 00:00 ---
19 17.1 22.5 00:00 11.8 00:00 1.2 0.0 0.0 0.1 2.4 00:00 ---
20 16.7 20.0 00:00 14.3 00:00 1.6 0.0 0.0 0.3 3.5 00:00 ---
21 16.1 21.5 00:00 13.1 00:00 2.2 0.0 0.0 0.4 7.3 00:00 ---
22 15.3 20.6 00:00 10.6 00:00 3.0 0.0 0.0 0.6 5.1 00:00 ---
23 16.6 18.1 00:00 15.6 00:00 1.7 0.0 0.0 0.2 3.3 00:00 ---
24 14.8 19.9 00:00 10.7 00:00 3.5 0.0 0.0 0.2 3.5 00:00 ---
25 13.9 20.0 00:00 8.6 00:00 4.4 0.0 0.0 0.2 5.1 00:00 ---
26 13.1 20.1 00:00 7.6 00:00 5.2 0.0 0.0 0.1 3.1 00:00 ---
27 13.3 20.6 00:00 7.3 00:00 5.0 0.0 0.0 0.1 2.6 00:00 ---
28 13.5 18.3 00:00 9.2 00:00 4.8 0.0 0.0 0.2 2.9 00:00 ---
29 15.1 21.6 00:00 10.1 00:00 3.2 0.0 0.0 0.1 2.4 00:00 ---
30 14.9 17.5 00:00 13.4 00:00 3.4 0.0 0.0 0.1 2.9 00:00 ---
----------------------------------------------------------------------------------
15.2 26.8 8 7.3 27 81.3 2.0 21.8 0.5 19.2 3 ---
Max >= 25.0: 1
Max <= 0.0: 0
Min <= 0.0: 0
Min <= -5.0: 0
Max Rain: 12.5 on day 2
Days of Rain: 3 (>= 0.2 mm) 2 (>= 2.0 mm) 0 (>= 20.0 mm)
Heat Base: 18.3 Cool Base: 18.3 Method: Integration