Select a Year or Month report
Report for 2009 Aug
Monthly Climatological Summary for Aug 2009
Name: Reigate Weather City: Reigate State: Surrey, United Kingdom
Elevation: 71 m Lat: N 51° 14' 04" Lon: W 000° 12' 00"
Temperature (°C), Rain (mm), Wind Speed (mph)
Heat Cool Avg
Mean Deg Deg Wind Dom
Day Temp High Time Low Time Days Days Rain Speed High Time Dir
----------------------------------------------------------------------------------
1 16.9 20.3 00:00 14.9 00:00 1.4 0.0 8.3 0.5 7.6 00:00 ---
2 15.8 20.7 00:00 11.6 00:00 2.5 0.0 0.0 0.5 7.3 00:00 ---
3 16.2 21.9 00:00 10.1 00:00 2.1 0.0 0.0 0.8 10.7 00:00 ---
4 18.0 21.1 00:00 15.9 00:00 0.3 0.0 0.0 0.8 7.1 00:00 ---
5 19.9 25.8 00:00 14.6 00:00 0.0 1.6 0.0 0.3 4.0 00:00 ---
6 19.9 27.1 00:00 16.9 00:00 0.0 1.6 14.0 0.2 2.4 00:00 ---
7 16.5 19.9 00:00 12.2 00:00 1.8 0.0 0.5 0.1 2.4 00:00 ---
8 19.0 23.8 00:00 11.3 00:00 0.0 0.7 0.0 0.2 3.5 00:00 ---
9 19.1 24.8 00:00 13.9 00:00 0.0 0.8 0.0 0.2 4.9 00:00 ---
10 17.0 21.2 00:00 13.9 00:00 1.3 0.0 0.5 0.7 8.9 00:00 ---
11 19.2 24.1 00:00 16.1 00:00 0.0 0.9 0.0 0.2 3.5 00:00 ---
12 19.0 21.8 00:00 15.3 00:00 0.0 0.7 0.0 0.3 6.0 00:00 ---
13 18.9 23.9 00:00 15.5 00:00 0.0 0.6 3.1 0.2 3.5 00:00 ---
14 18.3 22.5 00:00 14.9 00:00 0.0 0.0 0.0 0.9 9.1 00:00 ---
15 17.8 21.3 00:00 14.8 00:00 0.5 0.0 0.0 1.1 12.3 00:00 ---
16 18.8 24.6 00:00 14.4 00:00 0.0 0.5 0.0 0.5 11.1 00:00 ---
17 17.6 22.6 00:00 13.0 00:00 0.7 0.0 0.0 0.3 5.1 00:00 ---
18 17.4 23.9 00:00 12.4 00:00 0.9 0.0 0.0 0.5 5.5 00:00 ---
19 19.5 27.9 00:00 12.5 00:00 0.0 1.2 0.0 0.6 7.6 00:00 ---
20 17.7 21.6 00:00 14.3 00:00 0.6 0.0 0.0 1.0 12.7 00:00 ---
21 14.9 20.9 00:00 10.8 00:00 3.4 0.0 4.2 0.7 13.4 00:00 ---
22 15.3 21.1 00:00 10.1 00:00 3.0 0.0 0.0 0.4 7.6 00:00 ---
23 15.4 25.9 00:00 13.3 00:00 2.9 0.0 0.0 0.2 7.6 00:00 ---
24 17.8 23.4 00:00 13.1 00:00 0.5 0.0 0.0 0.3 2.4 00:00 ---
25 15.2 19.6 00:00 10.3 00:00 3.1 0.0 1.0 0.3 3.5 00:00 ---
26 16.8 21.3 00:00 13.2 00:00 1.5 0.0 3.1 1.9 11.1 00:00 ---
27 17.4 21.6 00:00 15.6 00:00 0.9 0.0 0.0 1.7 8.5 00:00 ---
28 15.1 18.9 00:00 11.2 00:00 3.2 0.0 1.0 0.8 6.2 00:00 ---
29 14.4 20.1 00:00 9.3 00:00 3.9 0.0 0.0 0.3 4.6 00:00 ---
30 13.6 17.6 00:00 7.9 00:00 4.7 0.0 0.0 0.9 8.9 00:00 ---
31 19.2 24.5 00:00 15.8 00:00 0.0 0.9 0.0 1.0 8.9 00:00 ---
----------------------------------------------------------------------------------
17.3 27.9 19 7.9 30 39.2 9.5 35.7 0.5 13.4 21 ---
Max >= 25.0: 4
Max <= 0.0: 0
Min <= 0.0: 0
Min <= -5.0: 0
Max Rain: 14.0 on day 6
Days of Rain: 9 (>= 0.2 mm) 5 (>= 2.0 mm) 0 (>= 20.0 mm)
Heat Base: 18.3 Cool Base: 18.3 Method: Integration