Select a Year or Month report
Report for 2009 Jul
Monthly Climatological Summary for Jul 2009
Name: Reigate Weather City: Reigate State: Surrey, United Kingdom
Elevation: 71 m Lat: N 51° 14' 04" Lon: W 000° 12' 00"
Temperature (°C), Rain (mm), Wind Speed (mph)
Heat Cool Avg
Mean Deg Deg Wind Dom
Day Temp High Time Low Time Days Days Rain Speed High Time Dir
----------------------------------------------------------------------------------
1 23.4 30.9 00:00 16.9 00:00 0.0 5.1 0.0 0.4 5.8 00:00 ---
2 22.7 31.2 00:00 14.7 00:00 0.0 4.4 0.0 0.5 3.8 00:00 ---
3 20.6 25.2 00:00 17.4 00:00 0.0 2.3 2.0 0.5 8.0 00:00 ---
4 19.6 25.1 00:00 13.9 00:00 0.0 1.3 0.0 0.7 8.2 00:00 ---
5 19.1 23.9 00:00 15.1 00:00 0.0 0.8 0.0 1.0 12.0 00:00 ---
6 16.3 20.1 00:00 13.9 00:00 2.0 0.0 8.3 1.1 11.6 00:00 ---
7 15.1 19.8 00:00 13.5 00:00 3.2 0.0 14.0 0.3 4.9 00:00 ---
8 14.8 19.9 00:00 11.9 00:00 3.5 0.0 1.0 0.3 5.5 00:00 ---
9 15.1 19.2 00:00 10.9 00:00 3.2 0.0 0.0 0.6 8.9 00:00 ---
10 15.7 20.3 00:00 10.6 00:00 2.6 0.0 0.0 0.5 5.1 00:00 ---
11 15.7 17.6 00:00 14.1 00:00 2.6 0.0 4.2 0.5 6.2 00:00 ---
12 17.5 22.8 00:00 14.1 00:00 0.8 0.0 2.6 1.0 10.0 00:00 ---
13 17.1 22.1 00:00 13.4 00:00 1.2 0.0 0.0 0.8 7.6 00:00 ---
14 17.0 22.2 00:00 13.8 00:00 1.3 0.0 14.0 0.9 10.0 00:00 ---
15 17.1 21.1 00:00 13.6 00:00 1.2 0.0 0.5 1.6 13.4 00:00 ---
16 17.9 23.5 00:00 13.5 00:00 0.4 0.0 11.9 0.6 10.0 00:00 ---
17 15.3 17.8 00:00 13.8 00:00 3.0 0.0 3.1 0.5 4.6 00:00 ---
18 15.6 20.3 00:00 12.8 00:00 2.7 0.0 0.0 0.9 9.6 00:00 ---
19 15.5 19.9 00:00 11.5 00:00 2.8 0.0 0.0 1.3 11.6 00:00 ---
20 16.1 20.5 00:00 11.3 00:00 2.2 0.0 0.0 0.8 9.1 00:00 ---
21 17.5 23.4 00:00 14.6 00:00 0.8 0.0 1.0 0.7 4.6 00:00 ---
22 17.2 20.4 00:00 14.2 00:00 1.1 0.0 0.0 1.4 15.4 00:00 ---
23 17.1 22.1 00:00 13.8 00:00 1.2 0.0 0.0 0.9 10.7 00:00 ---
24 15.3 19.8 00:00 13.4 00:00 3.0 0.0 15.1 0.4 5.1 00:00 ---
25 17.1 23.0 00:00 11.9 00:00 1.2 0.0 0.0 0.4 9.1 00:00 ---
26 17.1 20.4 00:00 13.3 00:00 1.2 0.0 0.5 1.1 11.1 00:00 ---
27 15.7 19.8 00:00 13.1 00:00 2.6 0.0 5.2 0.6 8.5 00:00 ---
28 15.9 20.3 00:00 11.3 00:00 2.4 0.0 0.5 1.1 9.1 00:00 ---
29 15.7 20.8 00:00 13.2 00:00 2.6 0.0 5.7 0.6 6.9 00:00 ---
30 14.9 19.6 00:00 11.6 00:00 3.4 0.0 3.1 0.6 4.0 00:00 ---
31 17.9 21.9 00:00 11.1 00:00 0.4 0.0 0.0 0.5 6.2 00:00 ---
----------------------------------------------------------------------------------
17.1 31.2 2 10.6 10 52.6 13.9 92.7 0.8 15.4 22 ---
Max >= 25.0: 4
Max <= 0.0: 0
Min <= 0.0: 0
Min <= -5.0: 0
Max Rain: 15.1 on day 24
Days of Rain: 17 (>= 0.2 mm) 12 (>= 2.0 mm) 0 (>= 20.0 mm)
Heat Base: 18.3 Cool Base: 18.3 Method: Integration