Select a Year or Month report
Report for 2009 Jun
Monthly Climatological Summary for Jun 2009
Name: Reigate Weather City: Reigate State: Surrey, United Kingdom
Elevation: 71 m Lat: N 51° 14' 04" Lon: W 000° 12' 00"
Temperature (°C), Rain (mm), Wind Speed (mph)
Heat Cool Avg
Mean Deg Deg Wind Dom
Day Temp High Time Low Time Days Days Rain Speed High Time Dir
----------------------------------------------------------------------------------
1 19.0 26.1 00:00 12.5 00:00 0.0 0.7 0.0 0.7 6.2 00:00 ---
2 19.1 26.4 00:00 12.1 00:00 0.0 0.8 0.0 0.6 5.3 00:00 ---
3 16.1 21.9 00:00 12.8 00:00 2.2 0.0 0.0 0.3 4.0 00:00 ---
4 13.6 19.7 00:00 7.1 00:00 4.7 0.0 0.0 0.3 3.5 00:00 ---
5 12.0 14.8 00:00 9.8 00:00 6.3 0.0 0.0 0.2 3.8 00:00 ---
6 12.2 15.0 00:00 10.1 00:00 6.1 0.0 2.0 0.9 5.8 00:00 ---
7 12.3 17.2 00:00 8.9 00:00 6.0 0.0 10.4 0.4 6.2 00:00 ---
8 12.5 17.3 00:00 7.3 00:00 5.8 0.0 0.5 0.3 6.0 00:00 ---
9 12.7 16.8 00:00 9.9 00:00 5.6 0.0 5.7 0.2 5.3 00:00 ---
10 12.6 15.5 00:00 10.3 00:00 5.7 0.0 8.3 0.3 8.0 00:00 ---
11 14.7 20.3 00:00 10.6 00:00 3.6 0.0 0.0 0.7 7.8 00:00 ---
12 14.3 21.0 00:00 7.4 00:00 4.0 0.0 0.0 0.3 4.2 00:00 ---
13 17.5 23.1 00:00 12.9 00:00 0.8 0.0 0.0 0.7 8.5 00:00 ---
14 18.2 24.3 00:00 12.3 00:00 0.1 0.0 0.0 0.2 4.6 00:00 ---
15 17.7 24.3 00:00 13.8 00:00 0.6 0.0 0.0 0.3 4.6 00:00 ---
16 16.9 23.3 00:00 11.4 00:00 1.4 0.0 0.5 0.4 9.8 00:00 ---
17 16.2 21.5 00:00 10.4 00:00 2.1 0.0 0.0 1.2 14.0 00:00 ---
18 15.4 19.4 00:00 11.2 00:00 2.9 0.0 0.0 0.3 5.5 00:00 ---
19 14.9 19.4 00:00 10.2 00:00 3.4 0.0 0.0 0.6 6.7 00:00 ---
20 14.8 18.8 00:00 10.9 00:00 3.5 0.0 0.0 0.3 4.2 00:00 ---
21 16.0 21.3 00:00 11.9 00:00 2.3 0.0 0.0 0.3 4.4 00:00 ---
22 16.7 21.2 00:00 13.5 00:00 1.6 0.0 0.0 0.2 4.6 00:00 ---
23 18.1 24.8 00:00 13.1 00:00 0.2 0.0 0.0 0.4 4.6 00:00 ---
24 17.6 24.3 00:00 12.2 00:00 0.7 0.0 0.0 1.2 8.0 00:00 ---
25 19.4 27.1 00:00 13.7 00:00 0.0 1.1 0.0 0.9 6.4 00:00 ---
26 18.9 22.9 00:00 15.9 00:00 0.0 0.6 1.6 0.2 3.3 00:00 ---
27 20.2 26.0 00:00 14.1 00:00 0.0 1.9 0.0 0.3 6.0 00:00 ---
28 20.2 26.5 00:00 13.6 00:00 0.0 1.9 0.0 0.3 3.5 00:00 ---
29 23.0 30.1 00:00 15.8 00:00 0.0 4.7 0.0 0.4 5.8 00:00 ---
30 23.5 31.3 00:00 16.9 00:00 0.0 5.2 0.0 0.4 6.0 00:00 ---
----------------------------------------------------------------------------------
16.5 31.3 30 7.1 4 69.6 16.9 29.0 0.5 14.0 17 ---
Max >= 25.0: 7
Max <= 0.0: 0
Min <= 0.0: 0
Min <= -5.0: 0
Max Rain: 10.4 on day 7
Days of Rain: 7 (>= 0.2 mm) 4 (>= 2.0 mm) 0 (>= 20.0 mm)
Heat Base: 18.3 Cool Base: 18.3 Method: Integration